{"id":84,"date":"2014-09-18T14:11:31","date_gmt":"2014-09-18T14:11:31","guid":{"rendered":"http:\/\/agora.xtec.cat\/ceipsallaresipla\/?page_id=84"},"modified":"2024-02-22T16:21:20","modified_gmt":"2024-02-22T15:21:20","slug":"activitats-extraescolars","status":"publish","type":"page","link":"https:\/\/agora.xtec.cat\/ceipsallaresipla\/activitats-extraescolars\/","title":{"rendered":"Activitats extraescolars"},"content":{"rendered":"<p style=\"color: #444444;\">Durant l&#8217;actual curs 2023- 2024, \u00a0la nostra escola escola ofereix el servei extraescolar de<strong> gimn\u00e0stica r\u00edtmica<\/strong> els dilluns de 16:30 a 17:30 i de <strong>patinatge<\/strong> i <strong>angl\u00e8s<\/strong> per Infantil i ESO el dimecres de 16:30 a 17:30 per tots aquells que vulguin .<\/p>\n<p style=\"color: #444444;\">Les inscripcions es duen a terme a principi de curs, per\u00f2, si hi ha places disponibles, tamb\u00e9 es pot fer durant el trimestre.<\/p>\n<p>Per m\u00e9s informaci\u00f3 cal posar-se en contacte amb l&#8217;AFA del centre a trav\u00e9s del mail: afa<span class=\"atwho-query\">@sallaresipla.net.<\/span><\/p>\n<p>&nbsp;<\/p>\n","protected":false},"excerpt":{"rendered":"<p>Durant l&#8217;actual curs 2023- 2024, \u00a0la nostra escola escola ofereix el servei extraescolar de gimn\u00e0stica r\u00edtmica els dilluns de 16:30 a 17:30 i de patinatge i angl\u00e8s per Infantil i ESO el dimecres de 16:30 a 17:30 per tots aquells que vulguin .<br \/>\nLes inscripcions es&hellip;  <a href=\"https:\/\/agora.xtec.cat\/ceipsallaresipla\/activitats-extraescolars\/\" title=\"Read Activitats extraescolars\">Llegeix m\u00e9s\u00bb<\/a><\/p>\n","protected":false},"author":2,"featured_media":0,"parent":0,"menu_order":60,"comment_status":"closed","ping_status":"closed","template":"page-templates\/side-menu.php","meta":{"_bbp_topic_count":0,"_bbp_reply_count":0,"_bbp_total_topic_count":0,"_bbp_total_reply_count":0,"_bbp_voice_count":0,"_bbp_anonymous_reply_count":0,"_bbp_topic_count_hidden":0,"_bbp_reply_count_hidden":0,"_bbp_forum_subforum_count":0,"footnotes":""},"class_list":["post-84","page","type-page","status-publish","hentry"],"post_mailing_queue_ids":[],"_links":{"self":[{"href":"https:\/\/agora.xtec.cat\/ceipsallaresipla\/wp-json\/wp\/v2\/pages\/84","targetHints":{"allow":["GET"]}}],"collection":[{"href":"https:\/\/agora.xtec.cat\/ceipsallaresipla\/wp-json\/wp\/v2\/pages"}],"about":[{"href":"https:\/\/agora.xtec.cat\/ceipsallaresipla\/wp-json\/wp\/v2\/types\/page"}],"author":[{"embeddable":true,"href":"https:\/\/agora.xtec.cat\/ceipsallaresipla\/wp-json\/wp\/v2\/users\/2"}],"replies":[{"embeddable":true,"href":"https:\/\/agora.xtec.cat\/ceipsallaresipla\/wp-json\/wp\/v2\/comments?post=84"}],"version-history":[{"count":6,"href":"https:\/\/agora.xtec.cat\/ceipsallaresipla\/wp-json\/wp\/v2\/pages\/84\/revisions"}],"predecessor-version":[{"id":3316,"href":"https:\/\/agora.xtec.cat\/ceipsallaresipla\/wp-json\/wp\/v2\/pages\/84\/revisions\/3316"}],"wp:attachment":[{"href":"https:\/\/agora.xtec.cat\/ceipsallaresipla\/wp-json\/wp\/v2\/media?parent=84"}],"curies":[{"name":"wp","href":"https:\/\/api.w.org\/{rel}","templated":true}]}}