{"id":22,"date":"2014-09-18T12:19:57","date_gmt":"2014-09-18T12:19:57","guid":{"rendered":"http:\/\/agora.xtec.cat\/ceipsallaresipla\/?page_id=22"},"modified":"2024-02-22T15:35:37","modified_gmt":"2024-02-22T14:35:37","slug":"lescola","status":"publish","type":"page","link":"https:\/\/agora.xtec.cat\/ceipsallaresipla\/lescola\/","title":{"rendered":"L&#8217;escola"},"content":{"rendered":"<p style=\"text-align: justify;\"><span id=\"tar-nomCentre\">Ens trobareu al carrer <\/span><span class=\"street-address\"><em><strong>Campoamor <\/strong><\/em>i al carrer <em><strong>Goya <\/strong><\/em>de Sabadell (diferents entrades en funci\u00f3 de l&#8217;etapa).<\/span><\/p>\n<p style=\"text-align: justify;\">Entrada a <em>Secretaria<\/em> per la porta del carrer Campoamor, 92, carrer de vianants.<\/p>\n<div class=\"adr\" style=\"text-align: justify;\">El nostre <strong>horari<\/strong> d&#8217; aquest curs \u00e9s :<\/div>\n<div><\/div>\n<ul>\n<li class=\"adr\" style=\"text-align: justify;\"><em><strong><span style=\"color: #0000ff;\">Educaci\u00f3 Infantil<\/span><\/strong><\/em>: pel mat\u00ed de 8:30 a 12:15h i per la tarda de 15:00 a 16&#8217;30 h.<\/li>\n<li class=\"adr\" style=\"text-align: justify;\"><em style=\"font-family: inherit; font-size: 1em; text-align: justify;\"><strong><span style=\"color: #0000ff;\">Educaci\u00f3 Prim\u00e0ria<\/span><\/strong><\/em><span style=\"font-family: inherit; font-size: 1em; text-align: justify;\">: pel mat\u00ed de 8:30 a 13:00h i per la tarda de 15:00 a 16:30 h. Dijous: horari nom\u00e9s <\/span>de mat\u00ed, tarda no lectiva.<\/li>\n<li class=\"adr\" style=\"text-align: justify;\"><em><strong><span style=\"color: #0000ff;\">Educaci\u00f3 Secund\u00e0ria (ESO): <\/span><\/strong><\/em><span style=\"color: #0000ff;\"><span style=\"color: #000000;\">Dilluns, dimecres i divendres pel mat\u00ed de 8:00 a 13:30h i per la tarda de 15:00 a 16:00h. Dimarts i dijous nom\u00e9s pel mat\u00ed de 8:00 a 13:30h, tardes no lectives.<\/span><\/span><\/li>\n<\/ul>\n<div class=\"adr\" style=\"text-align: justify;\">\n<div><\/div>\n<\/div>\n<div><\/div>\n<div><strong>Els dijous a la tarda no hi ha classes lectives, per coordinaci\u00f3 de l&#8217;equip docent.<\/strong><\/div>\n<div class=\"adr\" style=\"text-align: justify;\"><\/div>\n<div class=\"adr\">\n<div><\/div>\n<div><\/div>\n<div class=\"tel\" style=\"text-align: justify;\">Ens podeu trucar al tel\u00e8fon \u00a0<strong>93 710 29 45<\/strong><\/div>\n<\/div>\n<div class=\"tel\"><\/div>\n<div class=\"tel\"><a href=\"http:\/\/agora.xtec.cat\/ceipsallaresipla\/wp-content\/uploads\/usu69\/2017\/02\/MAPA-ESCOLA.png\"><img loading=\"lazy\" decoding=\"async\" class=\"alignnone size-large wp-image-771\" src=\"http:\/\/agora.xtec.cat\/ceipsallaresipla\/wp-content\/uploads\/usu69\/2017\/02\/MAPA-ESCOLA-1024x625.png\" alt=\"mapa-escola\" width=\"1024\" height=\"625\" srcset=\"https:\/\/agora.xtec.cat\/ceipsallaresipla\/wp-content\/uploads\/usu69\/2017\/02\/MAPA-ESCOLA-1024x625.png 1024w, https:\/\/agora.xtec.cat\/ceipsallaresipla\/wp-content\/uploads\/usu69\/2017\/02\/MAPA-ESCOLA-300x183.png 300w, https:\/\/agora.xtec.cat\/ceipsallaresipla\/wp-content\/uploads\/usu69\/2017\/02\/MAPA-ESCOLA-768x469.png 768w, https:\/\/agora.xtec.cat\/ceipsallaresipla\/wp-content\/uploads\/usu69\/2017\/02\/MAPA-ESCOLA.png 1126w\" sizes=\"auto, (max-width: 1024px) 100vw, 1024px\" \/><\/a><\/div>\n<div class=\"tel\"><\/div>\n","protected":false},"excerpt":{"rendered":"<p>Ens trobareu al carrer Campoamor i al carrer Goya de Sabadell (diferents entrades en funci\u00f3 de l&#8217;etapa).<br \/>\nEntrada a Secretaria per la porta del carrer Campoamor, 92, carrer de vianants.<br \/>\nEl nostre horari d&#8217; aquest curs \u00e9s :<\/p>\n<ul>\n<li class=\"adr\" style=\"text-align: justify;\">Educaci\u00f3 Infantil: pel mat\u00ed de 8:30 a&hellip;  <a href=\"https:\/\/agora.xtec.cat\/ceipsallaresipla\/lescola\/\" title=\"Read L&#8217;escola\">Llegeix m\u00e9s\u00bb<\/a><br \/>\n","protected":false},"author":2,"featured_media":0,"parent":0,"menu_order":0,"comment_status":"closed","ping_status":"closed","template":"page-templates\/side-menu.php","meta":{"_bbp_topic_count":0,"_bbp_reply_count":0,"_bbp_total_topic_count":0,"_bbp_total_reply_count":0,"_bbp_voice_count":0,"_bbp_anonymous_reply_count":0,"_bbp_topic_count_hidden":0,"_bbp_reply_count_hidden":0,"_bbp_forum_subforum_count":0,"footnotes":""},"class_list":["post-22","page","type-page","status-publish","hentry"],"post_mailing_queue_ids":[],"_links":{"self":[{"href":"https:\/\/agora.xtec.cat\/ceipsallaresipla\/wp-json\/wp\/v2\/pages\/22","targetHints":{"allow":["GET"]}}],"collection":[{"href":"https:\/\/agora.xtec.cat\/ceipsallaresipla\/wp-json\/wp\/v2\/pages"}],"about":[{"href":"https:\/\/agora.xtec.cat\/ceipsallaresipla\/wp-json\/wp\/v2\/types\/page"}],"author":[{"embeddable":true,"href":"https:\/\/agora.xtec.cat\/ceipsallaresipla\/wp-json\/wp\/v2\/users\/2"}],"replies":[{"embeddable":true,"href":"https:\/\/agora.xtec.cat\/ceipsallaresipla\/wp-json\/wp\/v2\/comments?post=22"}],"version-history":[{"count":8,"href":"https:\/\/agora.xtec.cat\/ceipsallaresipla\/wp-json\/wp\/v2\/pages\/22\/revisions"}],"predecessor-version":[{"id":3311,"href":"https:\/\/agora.xtec.cat\/ceipsallaresipla\/wp-json\/wp\/v2\/pages\/22\/revisions\/3311"}],"wp:attachment":[{"href":"https:\/\/agora.xtec.cat\/ceipsallaresipla\/wp-json\/wp\/v2\/media?parent=22"}],"curies":[{"name":"wp","href":"https:\/\/api.w.org\/{rel}","templated":true}]}}