{"id":1749,"date":"2020-03-19T19:43:38","date_gmt":"2020-03-19T18:43:38","guid":{"rendered":"https:\/\/agora.xtec.cat\/ceipsallaresipla\/?page_id=1749"},"modified":"2020-03-20T21:23:46","modified_gmt":"2020-03-20T20:23:46","slug":"activitats-ed-visual-i-plastica","status":"publish","type":"page","link":"https:\/\/agora.xtec.cat\/ceipsallaresipla\/activitats-quarantena-covid-19\/activitats-ed-visual-i-plastica\/","title":{"rendered":"Activitats Ed. Visual i Pl\u00e0stica (Prim\u00e0ria)"},"content":{"rendered":"<p>Despr\u00e9s de les Jornades Culturals que hem fet a l&#8217;escola els darrers dies, aqu\u00ed teniu un enlla\u00e7 relacionat amb el Treball sobre Andy Warhol. \u00c9s en angl\u00e8s, perque \u00e9s de la Tate Gallery, per\u00f2 \u00e9s entenedor i creiem que us pot agradar.<\/p>\n<p><a href=\"https:\/\/www.tate.org.uk\/kids\/explore\/who-is\/who-andy-warhol\" target=\"_blank\" rel=\"noopener noreferrer\">Andy Warhol &#8211; Tate Gallery<\/a><\/p>\n<p>Tamb\u00e9 us passem enlla\u00e7os a algunes propostes d&#8217;activitats relacionades amb el POP ART.<\/p>\n<p><a href=\"https:\/\/www.tate.org.uk\/kids\/make\/cut-paste\/make-pop-art-hat\" target=\"_blank\" rel=\"noopener noreferrer\">Pop Art 1<\/a><\/p>\n<p><a href=\"https:\/\/www.tate.org.uk\/kids\/make\/paint-draw\/make-pop-art-warhol\" target=\"_blank\" rel=\"noopener noreferrer\">Pop Art 2<\/a><\/p>\n<p><a href=\"https:\/\/www.tate.org.uk\/kids\/games-quizzes\/quiz-which-pop-artist-are-you\" target=\"_blank\" rel=\"noopener noreferrer\">Pop Art 3<\/a><\/p>\n<p>Esperem que us agradin!<\/p>\n<p>&nbsp;<\/p>\n<p><strong>ACTUALITZACI\u00d3 20\/03\/20<\/strong><\/p>\n<p>&nbsp;<\/p>\n<p>Us proposem una nova activitat. Mireu la imatge i seguiu les instruccions:<\/p>\n<p><a href=\"https:\/\/agora.xtec.cat\/ceipsallaresipla\/wp-content\/uploads\/usu69\/2020\/03\/Les-meves-sabates.jpg\"><img loading=\"lazy\" decoding=\"async\" class=\"alignnone wp-image-1796\" src=\"https:\/\/agora.xtec.cat\/ceipsallaresipla\/wp-content\/uploads\/usu69\/2020\/03\/Les-meves-sabates-1024x712.jpg\" alt=\"\" width=\"1200\" height=\"834\" srcset=\"https:\/\/agora.xtec.cat\/ceipsallaresipla\/wp-content\/uploads\/usu69\/2020\/03\/Les-meves-sabates-1024x712.jpg 1024w, https:\/\/agora.xtec.cat\/ceipsallaresipla\/wp-content\/uploads\/usu69\/2020\/03\/Les-meves-sabates-300x209.jpg 300w, https:\/\/agora.xtec.cat\/ceipsallaresipla\/wp-content\/uploads\/usu69\/2020\/03\/Les-meves-sabates-768x534.jpg 768w\" sizes=\"auto, (max-width: 1200px) 100vw, 1200px\" \/><\/a><\/p>\n","protected":false},"excerpt":{"rendered":"<p>Despr\u00e9s de les Jornades Culturals que hem fet a l&#8217;escola els darrers dies, aqu\u00ed teniu un enlla\u00e7 relacionat amb el Treball sobre Andy Warhol. \u00c9s en angl\u00e8s, perque \u00e9s de la Tate Gallery, per\u00f2 \u00e9s entenedor i creiem que us pot agradar.<br \/>\n<a href=\"https:\/\/www.tate.org.uk\/kids\/explore\/who-is\/who-andy-warhol\" target=\"_blank\" rel=\"noopener&hellip;  <a href=\"https:\/\/agora.xtec.cat\/ceipsallaresipla\/activitats-quarantena-covid-19\/activitats-ed-visual-i-plastica\/\" title=\"Read Activitats Ed. Visual i Pl\u00e0stica (Prim\u00e0ria)\">Llegeix m\u00e9s\u00bb<\/a><\/p>\n","protected":false},"author":343,"featured_media":0,"parent":1690,"menu_order":80,"comment_status":"closed","ping_status":"closed","template":"page-templates\/side-menu.php","meta":{"_bbp_topic_count":0,"_bbp_reply_count":0,"_bbp_total_topic_count":0,"_bbp_total_reply_count":0,"_bbp_voice_count":0,"_bbp_anonymous_reply_count":0,"_bbp_topic_count_hidden":0,"_bbp_reply_count_hidden":0,"_bbp_forum_subforum_count":0,"footnotes":""},"class_list":["post-1749","page","type-page","status-publish","hentry"],"post_mailing_queue_ids":[],"_links":{"self":[{"href":"https:\/\/agora.xtec.cat\/ceipsallaresipla\/wp-json\/wp\/v2\/pages\/1749","targetHints":{"allow":["GET"]}}],"collection":[{"href":"https:\/\/agora.xtec.cat\/ceipsallaresipla\/wp-json\/wp\/v2\/pages"}],"about":[{"href":"https:\/\/agora.xtec.cat\/ceipsallaresipla\/wp-json\/wp\/v2\/types\/page"}],"author":[{"embeddable":true,"href":"https:\/\/agora.xtec.cat\/ceipsallaresipla\/wp-json\/wp\/v2\/users\/343"}],"replies":[{"embeddable":true,"href":"https:\/\/agora.xtec.cat\/ceipsallaresipla\/wp-json\/wp\/v2\/comments?post=1749"}],"version-history":[{"count":3,"href":"https:\/\/agora.xtec.cat\/ceipsallaresipla\/wp-json\/wp\/v2\/pages\/1749\/revisions"}],"predecessor-version":[{"id":1798,"href":"https:\/\/agora.xtec.cat\/ceipsallaresipla\/wp-json\/wp\/v2\/pages\/1749\/revisions\/1798"}],"up":[{"embeddable":true,"href":"https:\/\/agora.xtec.cat\/ceipsallaresipla\/wp-json\/wp\/v2\/pages\/1690"}],"wp:attachment":[{"href":"https:\/\/agora.xtec.cat\/ceipsallaresipla\/wp-json\/wp\/v2\/media?parent=1749"}],"curies":[{"name":"wp","href":"https:\/\/api.w.org\/{rel}","templated":true}]}}