{"id":1697,"date":"2020-03-18T11:25:14","date_gmt":"2020-03-18T10:25:14","guid":{"rendered":"https:\/\/agora.xtec.cat\/ceipsallaresipla\/?page_id=1697"},"modified":"2020-04-01T16:53:29","modified_gmt":"2020-04-01T14:53:29","slug":"activitats-p4","status":"publish","type":"page","link":"https:\/\/agora.xtec.cat\/ceipsallaresipla\/activitats-quarantena-covid-19\/activitats-p4\/","title":{"rendered":"Activitats 2n Prim\u00e0ria"},"content":{"rendered":"<p><span style=\"font-weight: 400;\">Hola campions i campiones us envien algunes activitats que podeu fer per passar l\u2019estona.<\/span><\/p>\n<p><span style=\"font-weight: 400;\">\u00a0<\/span><b>LLENGUA<\/b><\/p>\n<p><span style=\"font-weight: 400;\">Per practicar l&#8217;<\/span><b><i>expressi\u00f3 escrita<\/i><\/b><span style=\"font-weight: 400;\">, us proposem que agafeu un full o llibreta i escriviu dues o tres frases sobre qu\u00e8 feu durant el dia. Us poso algun exemple:<\/span><\/p>\n<p><span style=\"font-weight: 400;\">* Avui he cantat la can\u00e7\u00f3 de\u2026\u2026\u2026\u2026. amb els meus germans i els meus pares.<\/span><\/p>\n<p><span style=\"font-weight: 400;\">* Avui he menjat&#8230;<\/span><\/p>\n<p><span style=\"font-weight: 400;\">* Avui he jugat&#8230;..<\/span><\/p>\n<p><span style=\"font-weight: 400;\">*\u2026\u2026.<\/span><\/p>\n<p><span style=\"font-weight: 400;\">Cada dia afegiu al full o llibreta dues o tres frases m\u00e9s. Recordeu de fer bona lletra.<\/span><\/p>\n<p><span style=\"font-weight: 400;\">\u00a0<\/span><\/p>\n<p><b><i>Comprensi\u00f3 lectora i PAPIROFL\u00c8XIA<\/i><\/b><\/p>\n<p><span style=\"font-weight: 400;\">Aqu\u00ed teniu uns textos instructius. Agafeu paper i seguiu les instruccions. Els podeu fer en paper blanc. <\/span><b>Si voleu envieu-me fotos del resultat.\u00a0<\/b><\/p>\n<p><b>TEXT 1:<\/b><\/p>\n<p><b>Instruccions per fer un GAT de paper:<\/b><\/p>\n<p><b>AGAFA UN PAPER QUADRAT <\/b><\/p>\n<ol>\n<li><span style=\"font-family: inherit; font-size: 1em;\">Doblega el quadrat per la meitat.\u00a0 \u00a0 \u00a0 \u00a0 \u00a0 \u00a0 \u00a0 \u00a0 \u00a0 \u00a0 \u00a0 \u00a0 \u00a0 \u00a0 \u00a0 \u00a0 \u00a0 \u00a0 \u00a0 \u00a0 \u00a0 \u00a0 \u00a0 \u00a0 \u00a0<\/span><\/li>\n<li><span style=\"font-weight: 400;\"> Torna a doblegar per marcar la l\u00ednia central i desdobla.<\/span><\/li>\n<li><span style=\"font-weight: 400;\"> Doblega les dues puntes cap a dalt, <\/span>per\u00f2 fixa&#8217;t que no es dobleguen en l\u00ednia recta.<\/li>\n<li><span style=\"font-weight: 400;\"> Doblega el pic cap a baix.<\/span><\/li>\n<li><span style=\"font-weight: 400;\">D\u00f3na-li la volta.<\/span><\/li>\n<li><span style=\"font-weight: 400;\"> Dibuixa la cara del teu gat.<\/span><\/li>\n<\/ol>\n<p><a href=\"https:\/\/agora.xtec.cat\/ceipsallaresipla\/wp-content\/uploads\/usu69\/2020\/03\/gat.jpg\"><img loading=\"lazy\" decoding=\"async\" class=\"alignnone wp-image-1758\" src=\"https:\/\/agora.xtec.cat\/ceipsallaresipla\/wp-content\/uploads\/usu69\/2020\/03\/gat.jpg\" alt=\"\" width=\"260\" height=\"332\" \/><\/a><\/p>\n<p>&nbsp;<\/p>\n<p><b>TEXT 2<\/b><\/p>\n<p><b>Instruccions per fer un gos:<\/b><\/p>\n<ol>\n<li><span style=\"font-family: inherit; font-size: 1em;\">Doblega el paper per la meitat.<\/span><\/li>\n<li><span style=\"font-weight: 400;\"> Torna a doblegar per la meitat per marcar <\/span>la l\u00ednia i desdobla.<\/li>\n<li><span style=\"font-weight: 400;\">Doblega les dues l\u00ednies cap a baix.<\/span><\/li>\n<li><span style=\"font-weight: 400;\"> Doblega la punta cap a dalt.<\/span><\/li>\n<li><span style=\"font-weight: 400;\"> Ara, doblega l&#8217;altra punta cap a dalt.<\/span><\/li>\n<li><span style=\"font-weight: 400;\"> Dibuixa la cara del teu gos.<\/span><\/li>\n<\/ol>\n<p><a href=\"https:\/\/agora.xtec.cat\/ceipsallaresipla\/wp-content\/uploads\/usu69\/2020\/03\/gos.png\"><img loading=\"lazy\" decoding=\"async\" class=\"alignnone wp-image-1757\" src=\"https:\/\/agora.xtec.cat\/ceipsallaresipla\/wp-content\/uploads\/usu69\/2020\/03\/gos.png\" alt=\"\" width=\"293\" height=\"374\" \/><\/a><\/p>\n<p>&nbsp;<\/p>\n<p><b>TEXT 3<\/b><\/p>\n<p><b>Como hacer un comecoco:<\/b><\/p>\n<p><a href=\"https:\/\/agora.xtec.cat\/ceipsallaresipla\/wp-content\/uploads\/usu69\/2020\/03\/comecocos.png\"><img loading=\"lazy\" decoding=\"async\" class=\"alignnone wp-image-1756\" src=\"https:\/\/agora.xtec.cat\/ceipsallaresipla\/wp-content\/uploads\/usu69\/2020\/03\/comecocos.png\" alt=\"\" width=\"358\" height=\"565\" srcset=\"https:\/\/agora.xtec.cat\/ceipsallaresipla\/wp-content\/uploads\/usu69\/2020\/03\/comecocos.png 309w, https:\/\/agora.xtec.cat\/ceipsallaresipla\/wp-content\/uploads\/usu69\/2020\/03\/comecocos-190x300.png 190w\" sizes=\"auto, (max-width: 358px) 100vw, 358px\" \/><\/a> <a href=\"https:\/\/agora.xtec.cat\/ceipsallaresipla\/wp-content\/uploads\/usu69\/2020\/03\/comecocos2.png\"><img loading=\"lazy\" decoding=\"async\" class=\"alignnone wp-image-1755\" src=\"https:\/\/agora.xtec.cat\/ceipsallaresipla\/wp-content\/uploads\/usu69\/2020\/03\/comecocos2.png\" alt=\"\" width=\"749\" height=\"562\" srcset=\"https:\/\/agora.xtec.cat\/ceipsallaresipla\/wp-content\/uploads\/usu69\/2020\/03\/comecocos2.png 416w, https:\/\/agora.xtec.cat\/ceipsallaresipla\/wp-content\/uploads\/usu69\/2020\/03\/comecocos2-300x225.png 300w, https:\/\/agora.xtec.cat\/ceipsallaresipla\/wp-content\/uploads\/usu69\/2020\/03\/comecocos2-200x150.png 200w\" sizes=\"auto, (max-width: 749px) 100vw, 749px\" \/><\/a><\/p>\n<p><b>TEXT 4<\/b><\/p>\n<p><b>Como hacer un barquito de papel:<\/b><\/p>\n<p><a href=\"https:\/\/agora.xtec.cat\/ceipsallaresipla\/wp-content\/uploads\/usu69\/2020\/03\/barquito.png\"><img loading=\"lazy\" decoding=\"async\" class=\"alignnone size-full wp-image-1754\" src=\"https:\/\/agora.xtec.cat\/ceipsallaresipla\/wp-content\/uploads\/usu69\/2020\/03\/barquito.png\" alt=\"\" width=\"567\" height=\"836\" srcset=\"https:\/\/agora.xtec.cat\/ceipsallaresipla\/wp-content\/uploads\/usu69\/2020\/03\/barquito.png 567w, https:\/\/agora.xtec.cat\/ceipsallaresipla\/wp-content\/uploads\/usu69\/2020\/03\/barquito-203x300.png 203w\" sizes=\"auto, (max-width: 567px) 100vw, 567px\" \/><\/a><\/p>\n<p><b>ANGL\u00c8S<\/b><a href=\"https:\/\/agora.xtec.cat\/ceipsallaresipla\/wp-content\/uploads\/usu69\/2020\/03\/barquito.png\"><br \/>\n<\/a><\/p>\n<p><span style=\"font-weight: 400;\">Activitats online Oxford University Press:\u00a0 <\/span><a href=\"https:\/\/elt.oup.com\/student\/oupeprimary\/?cc=global&amp;selLanguage=en\"><span style=\"font-weight: 400;\">https:\/\/elt.oup.com\/student\/oupeprimary\/?cc=global&amp;selLanguage=en<\/span><\/a><\/p>\n<p><span style=\"font-weight: 400;\">Salutacions!<\/span><\/p>\n<p><span style=\"font-weight: 400;\">Espero que us trobeu molt b\u00e9.<\/span><\/p>\n<p><span style=\"font-weight: 400;\">Per a que els vostres fills\/es puguin treballar els continguts que han anat treballant al llarg del curs, us deixo un enlla\u00e7 amb jocs:<\/span><\/p>\n<ul>\n<li style=\"font-weight: 400;\"><a href=\"http:\/\/www.angles365.com\/classroom\/classes1r2n.htm\"><span style=\"font-weight: 400;\">http:\/\/www.angles365.com\/classroom\/classes1r2n.htm<\/span><\/a><\/li>\n<\/ul>\n<p><span style=\"font-weight: 400;\">Tamb\u00e9 us deixo un enlla\u00e7 de Youtube que els agrada molt amb can\u00e7ons:<\/span><\/p>\n<ul>\n<li style=\"font-weight: 400;\"><a href=\"https:\/\/www.youtube.com\/watch?v=2EWNNpHYcss&amp;list=PLYzr3Vg8woe36adWRLW7etOWH-A5v3TsZ\"><span style=\"font-weight: 400;\">https:\/\/www.youtube.com\/watch?v=2EWNNpHYcss&amp;list=PLYzr3Vg8woe36adWRLW7etOWH-A5v3TsZ<\/span><\/a><\/li>\n<\/ul>\n<p><span style=\"font-weight: 400;\">I tamb\u00e9 us adjunto uns contes que podeu ensenyar-li als vostres nens i nenes:<\/span><\/p>\n<ul>\n<li style=\"font-weight: 400;\"><a href=\"https:\/\/www.youtube.com\/watch?v=6NrZ-3YiqGs\"><span style=\"font-weight: 400;\">https:\/\/www.youtube.com\/watch?v=6NrZ-3YiqGs<\/span><\/a><\/li>\n<\/ul>\n<p><span style=\"font-weight: 400;\">Una forta abra\u00e7ada a tothom!<\/span><\/p>\n<p><span style=\"font-weight: 400;\">\u00a0 \u00a0<\/span><\/p>\n<p><b>M\u00daSICA<\/b><\/p>\n<p><span style=\"font-weight: 400;\">La Pepa us troba molt a faltar i compte els dies per tornar a cantar i ballar amb tots i totes vosaltres. Fins llavors aqu\u00ed teniu un munt d\u2019activitats per passar l\u2019estona.<\/span><\/p>\n<p><span style=\"font-weight: 400;\">\u00a0<\/span><\/p>\n<p><span style=\"font-weight: 400;\">CANTATA VIATGE A L\u2019ESPAI<\/span><span style=\"font-weight: 400;\">: No deixeu de practicar les can\u00e7ons!!! En aquest link les teniu totes.<\/span><\/p>\n<p><a href=\"https:\/\/www.youtube.com\/watch?v=ihL_2iZP_2Y&amp;list=PLpOYyIR-2n4OQ5-bEEgWB7pe4oBn5gF51\"><span style=\"font-weight: 400;\">https:\/\/www.youtube.com\/watch?v=ihL_2iZP_2Y&amp;list=PLpOYyIR-2n4OQ5-bEEgWB7pe4oBn5gF51<\/span><\/a><\/p>\n<p><span style=\"font-weight: 400;\">\u00a0<\/span><\/p>\n<p><span style=\"font-weight: 400;\">CAN\u00c7ONER:<\/span><span style=\"font-weight: 400;\"> Us passo enlla\u00e7os amb les can\u00e7ons que treballem a l\u2019aula. Ensenyeu-les als vostres pares i germans!!<\/span><\/p>\n<ul>\n<li><span style=\"font-weight: 400;\"> \u00a0 \u00a0 \u00a0 \u00a0 L\u2019hora de fer m\u00fasica: <a href=\"https:\/\/www.youtube.com\/watch?v=UwZfD0rjeVk\">https:\/\/www.youtube.com\/watch?v=UwZfD0rjeVk<\/a><\/span><\/li>\n<li><span style=\"font-weight: 400;\"> \u00a0 \u00a0 \u00a0 \u00a0 <\/span><span style=\"font-weight: 400;\">Hola com est\u00e0s: <a href=\"https:\/\/www.youtube.com\/watch?v=HTiuEKip51s\">https:\/\/www.youtube.com\/watch?v=HTiuEKip51s<\/a><\/span><\/li>\n<li><span style=\"font-weight: 400;\"> \u00a0 \u00a0 \u00a0 \u00a0 <\/span><span style=\"font-weight: 400;\">La petita Granoteta: <a href=\"https:\/\/www.youtube.com\/watch?v=S_VKhGMbD3A\">https:\/\/www.youtube.com\/watch?v=S_VKhGMbD3A<\/a><\/span><\/li>\n<li><span style=\"font-weight: 400;\"> \u00a0 \u00a0 \u00a0 \u00a0 <\/span><span style=\"font-weight: 400;\">Lent &#8211; de pressa:<\/span><a href=\"https:\/\/www.youtube.com\/watch?v=4ZMdIGMSdVw\"> <span style=\"font-weight: 400;\">https:\/\/www.youtube.com\/watch?v=4ZMdIGMSdVw<\/span><\/a><\/li>\n<li><span style=\"font-weight: 400;\"> \u00a0 \u00a0 \u00a0 \u00a0 <\/span><span style=\"font-weight: 400;\">El cervat\u00f3: <a href=\"https:\/\/www.youtube.com\/watch?v=oh-GyAUCIu4\">https:\/\/www.youtube.com\/watch?v=oh-GyAUCIu4<\/a><\/span><\/li>\n<li><span style=\"font-weight: 400;\"> \u00a0 \u00a0 \u00a0 \u00a0 <\/span><span style=\"font-weight: 400;\">Silenci:<\/span><a href=\"https:\/\/www.youtube.com\/watch?v=3W7TXNHTSw8\"> <span style=\"font-weight: 400;\">https:\/\/www.youtube.com\/watch?v=3W7TXNHTSw8<\/span><\/a><\/li>\n<li><span style=\"font-weight: 400;\"> \u00a0 \u00a0 \u00a0 \u00a0 <\/span><span style=\"font-weight: 400;\">Molt ensiam: <a href=\"https:\/\/www.youtube.com\/watch?v=yca35HFddcI\">https:\/\/www.youtube.com\/watch?v=yca35HFddcI<\/a><\/span><\/li>\n<li><span style=\"font-weight: 400;\"> \u00a0 \u00a0 \u00a0 \u00a0 <\/span><span style=\"font-weight: 400;\">Lleg\u00f3 la vuelta al cole:<\/span><a href=\"https:\/\/www.youtube.com\/watch?v=pO1XmcGDiK4\"> <span style=\"font-weight: 400;\">https:\/\/www.youtube.com\/watch?v=pO1XmcGDiK4<\/span><\/a><\/li>\n<li><span style=\"font-weight: 400;\"> \u00a0 \u00a0 \u00a0 \u00a0 <\/span><span style=\"font-weight: 400;\">Maracuy\u00e1: <\/span><a href=\"https:\/\/www.youtube.com\/watch?v=b-MsJ302vcI\"><span style=\"font-weight: 400;\">https:\/\/www.youtube.com\/watch?v=b-MsJ302vcI<\/span><\/a><\/li>\n<li><span style=\"font-weight: 400;\"> \u00a0 \u00a0 \u00a0 \u00a0 <\/span><span style=\"font-weight: 400;\">He fet un ninot de neu: <\/span><a href=\"https:\/\/www.youtube.com\/watch?v=MX0RL42-d5I\"><span style=\"font-weight: 400;\">https:\/\/www.youtube.com\/watch?v=MX0RL42-d5I<\/span><\/a><\/li>\n<\/ul>\n<p><a href=\"https:\/\/agora.xtec.cat\/ceipsallaresipla\/wp-content\/uploads\/usu69\/2020\/03\/barquito.png\">\u00a0<\/a><\/p>\n<p><span style=\"font-weight: 400;\">DANSES:<\/span><span style=\"font-weight: 400;\"> A casa podeu fer una mica d\u2019exercici f\u00edsic recordant les danses que fem a classe.<\/span><\/p>\n<ul>\n<li><span style=\"font-weight: 400;\"> \u00a0 \u00a0 \u00a0 \u00a0 <\/span><span style=\"font-weight: 400;\">Cap panxa genolls i peus:<\/span><a href=\"https:\/\/www.youtube.com\/watch?v=byuDZIj5G3k&amp;t=2s\"> <span style=\"font-weight: 400;\">https:\/\/www.youtube.com\/watch?v=byuDZIj5G3k&amp;t=2s<\/span><\/a><\/li>\n<li><span style=\"font-weight: 400;\"> \u00a0 \u00a0 \u00a0 \u00a0 <\/span><span style=\"font-weight: 400;\">Pugem al tren:<\/span><a href=\"https:\/\/www.youtube.com\/watch?v=0OqirOKX1js\"> <span style=\"font-weight: 400;\">https:\/\/www.youtube.com\/watch?v=0OqirOKX1js<\/span><\/a><\/li>\n<li><span style=\"font-weight: 400;\"> \u00a0 \u00a0 \u00a0 \u00a0 <\/span><span style=\"font-weight: 400;\">Fluix i fort:<\/span><a href=\"https:\/\/www.youtube.com\/watch?v=Mfh6dMySREE\"> <span style=\"font-weight: 400;\">https:\/\/www.youtube.com\/watch?v=Mfh6dMySREE<\/span><\/a><\/li>\n<li><span style=\"font-weight: 400;\"> \u00a0 \u00a0 \u00a0 \u00a0 <\/span><span style=\"font-weight: 400;\">Ball de spaguetti:<\/span><a href=\"http:\/\/musicaginesta.blogspot.com\/2012\/02\/el-ball-de-lespaguetti.html\"> <span style=\"font-weight: 400;\">http:\/\/musicaginesta.blogspot.com\/2012\/02\/el-ball-de-lespaguetti.html<\/span><\/a><\/li>\n<\/ul>\n<p><span style=\"font-weight: 400;\">\u00a0<\/span><\/p>\n<p><span style=\"font-weight: 400;\">ALTRES ACTIVITATS<\/span><span style=\"font-weight: 400;\">:<\/span><\/p>\n<ul>\n<li><span style=\"font-weight: 400;\"> \u00a0 \u00a0 \u00a0 \u00a0 <\/span><span style=\"font-weight: 400;\">Us en recordeu del teatre que vam fer amb aquesta pe\u00e7a musical de Ketelbey anomenada El Mercat Persa??. Amb ella vam aprendre que la m\u00fasica pot narrar hist\u00f2ries. La pots tornar a recrear amb la teva fam\u00edlia. Et deixo la m\u00fasica\u00a0 y el conte.<\/span><\/li>\n<\/ul>\n<p><span style=\"font-weight: 400;\">Conte Mercat Persa:<\/span><a href=\"https:\/\/www.youtube.com\/watch?v=4sVFtYOSDtQ\"> <span style=\"font-weight: 400;\">https:\/\/www.youtube.com\/watch?v=4sVFtYOSDtQ<\/span><\/a><\/p>\n<p><span style=\"font-weight: 400;\">M\u00fasica Mercat Persa: <a href=\"https:\/\/www.youtube.com\/watch?v=me7WzhD2sVQ\">https:\/\/www.youtube.com\/watch?v=me7WzhD2sVQ<\/a><\/span><\/p>\n<ul>\n<li><span style=\"font-weight: 400;\"> \u00a0 \u00a0 \u00a0 \u00a0 <\/span><span style=\"font-weight: 400;\">Chrome Music Lab<\/span><span style=\"font-weight: 400;\">: 12 experiments relacionats amb el ritme, la melodia, els acords o l&#8217;harmonia. No \u00e9s una app. \u00c9s una aplicaci\u00f3 que funciona directament des de Chrome, el navegador de Google. T\u2019encantar\u00e0!<\/span><\/li>\n<\/ul>\n<p><a href=\"https:\/\/musiclab.chromeexperiments.com\/\"><span style=\"font-weight: 400;\">https:\/\/musiclab.chromeexperiments.com\/<\/span><\/a><\/p>\n<p>&nbsp;<\/p>\n<p><b>RELIGI\u00d3 CAT\u00d2LICA<\/b><\/p>\n<p><span style=\"font-weight: 400;\">Primer de tot espero que tant vosaltres com les vostres fam\u00edlies us trobeu b\u00e9.<\/span><\/p>\n<p><span style=\"font-weight: 400;\">Suposo que et ser\u00e0 dur passar tants dies a casa sense poder sortir. Per\u00f2 si mires als teus pares, germans, avis, ve\u00efns i et fixes en el que ells necessiten o els preocupa \u2026 Potser, buscant solucions per a ells t&#8217;oblidIs dels teus problemes.<\/span><\/p>\n<ul>\n<li style=\"font-weight: 400;\"><span style=\"font-weight: 400;\">Us recomano que vegeu aquests dos v\u00eddeos perqu\u00e8 us animeu a portar el missatge d&#8217;amor que tant treballem des de religi\u00f3 i posem el nostre granet de sorra per a fer una mica m\u00e9s f\u00e0cil a la gent que ens envolta aquesta situaci\u00f3.<\/span><\/li>\n<\/ul>\n<p><span style=\"font-weight: 400;\">VIDEO:\u00a0 ROTO:<\/span><a href=\"https:\/\/www.youtube.com\/watch?v=a0ZQ9zlqbo8\"> <span style=\"font-weight: 400;\">https:\/\/www.youtube.com\/watch?v=a0ZQ9zlqbo8<\/span><\/a><\/p>\n<p><span style=\"font-weight: 400;\">VIDEO: LIFEVEST ONE DAY: <a href=\"https:\/\/www.youtube.com\/watch?v=p92yD7MXS04\">https:\/\/www.youtube.com\/watch?v=p92yD7MXS04<\/a><\/span><\/p>\n<p><span style=\"font-weight: 400;\">\u00a0<\/span><\/p>\n<ul>\n<li style=\"font-weight: 400;\"><span style=\"font-weight: 400;\">Tamb\u00e9 podeu instal\u00b7lar-vos al m\u00f2bil aquesta APP STORE: <em><strong>La Biblia para ni\u00f1os. Life Church<\/strong><\/em>. T\u00e9 un munt d\u2019hist\u00f2ries i activitats sobre la Biblia. Entreu en les que haguem treballat a classe.<\/span><\/li>\n<\/ul>\n<p><span style=\"font-weight: 400;\">\u00a0<\/span><\/p>\n<ul>\n<li style=\"font-weight: 400;\"><span style=\"font-weight: 400;\">I si encara voleu m\u00e9s, aqu\u00ed teniu un enlla\u00e7 amb recursos did\u00e0ctics interactius. Pots fer fins la unitat 10 i repassar tot el fet fins ara.<\/span><\/li>\n<\/ul>\n<p><a href=\"http:\/\/www.ceipjuanherreraalcausa.es\/Recursosdidacticos\/SEGUNDO\/datos\/07_Religion\/datos\/03_rdi\/rdi.htm\"><span style=\"font-weight: 400;\">http:\/\/www.ceipjuanherreraalcausa.es\/Recursosdidacticos\/SEGUNDO\/datos\/07_Religion\/datos\/03_rdi\/rdi.htm<\/span><\/a><\/p>\n<p>&nbsp;<\/p>\n<p><b>MATEM\u00c0TIQUES<\/b><\/p>\n<p><span style=\"font-weight: 400;\">Us podeu descarregar l&#8217;<strong>app BMATH<\/strong>, hi ha activitats que poden fer els vostres fills i filles sols. Comencen amb activitats f\u00e0cils i poc a poc van agmentant la dificultat.<\/span><\/p>\n<p><a href=\"https:\/\/agora.xtec.cat\/ceipsallaresipla\/wp-content\/uploads\/usu69\/2020\/03\/bmath-app.png\"><img loading=\"lazy\" decoding=\"async\" class=\"alignnone wp-image-1788 size-medium\" src=\"https:\/\/agora.xtec.cat\/ceipsallaresipla\/wp-content\/uploads\/usu69\/2020\/03\/bmath-app-300x251.png\" alt=\"\" width=\"300\" height=\"251\" srcset=\"https:\/\/agora.xtec.cat\/ceipsallaresipla\/wp-content\/uploads\/usu69\/2020\/03\/bmath-app-300x250.png 300w, https:\/\/agora.xtec.cat\/ceipsallaresipla\/wp-content\/uploads\/usu69\/2020\/03\/bmath-app.png 710w\" sizes=\"auto, (max-width: 300px) 100vw, 300px\" \/><\/a><\/p>\n<p>&nbsp;<\/p>\n<p>A continuaci\u00f3 us deixem uns documents pdf amb exercicis de matem\u00e0tiques. Els podeu imprimir o fer-los en un full en blanc.<\/p>\n<p><span style=\"font-weight: 400;\">Nivell 1<\/span><\/p>\n<p><a href=\"https:\/\/agora.xtec.cat\/ceipsallaresipla\/wp-content\/uploads\/usu69\/2020\/03\/matema\u0300tiquesba\u0300siques_2.pdf\">matema\u0300tiquesba\u0300siques_2<\/a><\/p>\n<p>Nivell 2<\/p>\n<p><a href=\"https:\/\/agora.xtec.cat\/ceipsallaresipla\/wp-content\/uploads\/usu69\/2020\/03\/matema\u0300tiquesba\u0300siques_5.pdf\">matema\u0300tiquesba\u0300siques_5<\/a><\/p>\n<p>&nbsp;<\/p>\n<p><b>ACTIVITAT EXTRA:<\/b><\/p>\n<p><span style=\"font-weight: 400;\">Tamb\u00e9 us proposem una activitat que creiem que pot ser molt maca per totes aquelles persones que estan passant per moments tan dif\u00edcils. <\/span><b>Qu\u00e8 us sembla si ens envieu dibuixos i\/o cartes per les persones que estan ingressades als hospitals i no poden rebre visites?<\/b><span style=\"font-weight: 400;\"> Farem tot el possible perqu\u00e8 puguin arribar les vostres paraules de suport i els dibuixos tan macos que segur els podeu fer!\u00a0<\/span><\/p>\n<p><span style=\"font-weight: 400;\">Ens els podeu fer arribar amb una foto o per escrit pel Dinantia!<\/span><\/p>\n<p>\u00c0nims!<\/p>\n<p>&nbsp;<\/p>\n","protected":false},"excerpt":{"rendered":"<p>Hola campions i campiones us envien algunes activitats que podeu fer per passar l\u2019estona.<br \/>\n\u00a0LLENGUA<br \/>\nPer practicar l&#8217;expressi\u00f3 escrita, us proposem que agafeu un full o llibreta i escriviu dues o tres frases sobre qu\u00e8 feu durant el dia. Us poso algun exemple:<br \/>\n* Avui he cantat la&hellip;  <a href=\"https:\/\/agora.xtec.cat\/ceipsallaresipla\/activitats-quarantena-covid-19\/activitats-p4\/\" title=\"Read Activitats 2n Prim\u00e0ria\">Llegeix m\u00e9s\u00bb<\/a><\/p>\n","protected":false},"author":343,"featured_media":0,"parent":1690,"menu_order":30,"comment_status":"closed","ping_status":"closed","template":"page-templates\/side-menu.php","meta":{"_bbp_topic_count":0,"_bbp_reply_count":0,"_bbp_total_topic_count":0,"_bbp_total_reply_count":0,"_bbp_voice_count":0,"_bbp_anonymous_reply_count":0,"_bbp_topic_count_hidden":0,"_bbp_reply_count_hidden":0,"_bbp_forum_subforum_count":0,"footnotes":""},"class_list":["post-1697","page","type-page","status-publish","hentry"],"post_mailing_queue_ids":[],"_links":{"self":[{"href":"https:\/\/agora.xtec.cat\/ceipsallaresipla\/wp-json\/wp\/v2\/pages\/1697","targetHints":{"allow":["GET"]}}],"collection":[{"href":"https:\/\/agora.xtec.cat\/ceipsallaresipla\/wp-json\/wp\/v2\/pages"}],"about":[{"href":"https:\/\/agora.xtec.cat\/ceipsallaresipla\/wp-json\/wp\/v2\/types\/page"}],"author":[{"embeddable":true,"href":"https:\/\/agora.xtec.cat\/ceipsallaresipla\/wp-json\/wp\/v2\/users\/343"}],"replies":[{"embeddable":true,"href":"https:\/\/agora.xtec.cat\/ceipsallaresipla\/wp-json\/wp\/v2\/comments?post=1697"}],"version-history":[{"count":3,"href":"https:\/\/agora.xtec.cat\/ceipsallaresipla\/wp-json\/wp\/v2\/pages\/1697\/revisions"}],"predecessor-version":[{"id":1888,"href":"https:\/\/agora.xtec.cat\/ceipsallaresipla\/wp-json\/wp\/v2\/pages\/1697\/revisions\/1888"}],"up":[{"embeddable":true,"href":"https:\/\/agora.xtec.cat\/ceipsallaresipla\/wp-json\/wp\/v2\/pages\/1690"}],"wp:attachment":[{"href":"https:\/\/agora.xtec.cat\/ceipsallaresipla\/wp-json\/wp\/v2\/media?parent=1697"}],"curies":[{"name":"wp","href":"https:\/\/api.w.org\/{rel}","templated":true}]}}