{"id":1695,"date":"2020-03-18T11:24:37","date_gmt":"2020-03-18T10:24:37","guid":{"rendered":"https:\/\/agora.xtec.cat\/ceipsallaresipla\/?page_id=1695"},"modified":"2020-04-01T16:51:23","modified_gmt":"2020-04-01T14:51:23","slug":"activitats-p3","status":"publish","type":"page","link":"https:\/\/agora.xtec.cat\/ceipsallaresipla\/activitats-quarantena-covid-19\/activitats-p3\/","title":{"rendered":"Activitats 1r Prim\u00e0ria"},"content":{"rendered":"<p><span style=\"font-weight: 400;\">Se han creado actividades para vuestros hijos y hijas para hacer en la tablet o el m\u00f3bil.<\/span><\/p>\n<p><span style=\"font-weight: 400;\">Los pasos a seguir son los siguientes:<\/span><\/p>\n<ol>\n<li><span style=\"font-weight: 400;\"> Descargar la app MAKE IT<\/span><\/li>\n<li><span style=\"font-weight: 400;\"> Entrar i apretar el bot\u00f3n STUDENT o ESTUDIANTE<\/span><\/li>\n<li><span style=\"font-weight: 400;\"> Podeis crear una cuenta o darle al bot\u00f3n LATER o M\u00c1S ADELANTE.<\/span><\/li>\n<li><span style=\"font-weight: 400;\"> Apretar en el bot\u00f3n que est\u00e1 abajo que pone C\u00d3DIGO<\/span><\/li>\n<li><span style=\"font-weight: 400;\"> Introducir el c\u00f3digo\u00a0 (se envia a los padres por Dinantia a medida que cambian las actividades).<\/span><\/li>\n<\/ol>\n<p><span style=\"font-weight: 400;\">y.. a trabajar!<\/span><\/p>\n<p>&nbsp;<\/p>\n<p><b>ANGL\u00c8S<\/b><\/p>\n<p><span style=\"font-weight: 400;\">Salutacions!<\/span><\/p>\n<p><span style=\"font-weight: 400;\">Espero que us trobeu molt b\u00e9.<\/span><\/p>\n<p><span style=\"font-weight: 400;\">Per a que els vostres fills\/es puguin treballar els contingut que han anat treballant al llarg del curs, us deixo un enlla\u00e7 amb jocs:<\/span><\/p>\n<p><span style=\"font-weight: 400;\">Activitats online Oxford University Press (acc\u00e9s gratuit):\u00a0<\/span><\/p>\n<ul>\n<li style=\"font-weight: 400;\"><a href=\"https:\/\/elt.oup.com\/student\/oupeprimary\/?cc=global&amp;selLanguage=en\"><span style=\"font-weight: 400;\">https:\/\/elt.oup.com\/student\/oupeprimary\/?cc=global&amp;selLanguage=en<\/span><\/a><\/li>\n<\/ul>\n<p>Activitats de la web angles365.com:<\/p>\n<ul>\n<li style=\"font-weight: 400;\"><a href=\"http:\/\/www.angles365.com\/classroom\/classes1r2n.htm\"><span style=\"font-weight: 400;\">http:\/\/www.angles365.com\/classroom\/classes1r2n.htm<\/span><\/a><\/li>\n<\/ul>\n<p><span style=\"font-weight: 400;\">Tamb\u00e9 us deixo un enlla\u00e7 de Youtube que els agrada molt amb can\u00e7ons:<\/span><\/p>\n<ul>\n<li style=\"font-weight: 400;\"><a href=\"https:\/\/www.youtube.com\/watch?v=2EWNNpHYcss&amp;list=PLYzr3Vg8woe36adWRLW7etOWH-A5v3TsZ\"><span style=\"font-weight: 400;\">https:\/\/www.youtube.com\/watch?v=2EWNNpHYcss&amp;list=PLYzr3Vg8woe36adWRLW7etOWH-A5v3TsZ<\/span><\/a><\/li>\n<\/ul>\n<p><span style=\"font-weight: 400;\">I tamb\u00e9 us adjunto uns comptes que podeu ensenyar-li als vostres nens i nenes:<\/span><\/p>\n<ul>\n<li style=\"font-weight: 400;\"><a href=\"https:\/\/www.youtube.com\/watch?v=6NrZ-3YiqGs\"><span style=\"font-weight: 400;\">https:\/\/www.youtube.com\/watch?v=6NrZ-3YiqGs<\/span><\/a><\/li>\n<\/ul>\n<p><span style=\"font-weight: 400;\">Una forta abra\u00e7ada a tothom!<\/span><\/p>\n<p>&nbsp;<\/p>\n<p><strong>M\u00daSICA<\/strong><\/p>\n<p><span style=\"font-weight: 400;\">La Pepa us troba molt a faltar i compte els dies per tornar a cantar i ballar amb tots i totes vosaltres. Fins llavors aqu\u00ed teniu un munt d\u2019activitats per passar l\u2019estona.<\/span><\/p>\n<p><span style=\"font-weight: 400;\">CAN\u00c7ONER<\/span><span style=\"font-weight: 400;\">: Us passo enlla\u00e7os amb les can\u00e7ons que treballem a l\u2019aula. Ensenyeu-les als vostres pares i germans!!<\/span><\/p>\n<ul>\n<li><span style=\"font-weight: 400;\"> \u00a0 \u00a0 \u00a0 \u00a0 <\/span><span style=\"font-weight: 400;\">Hola com est\u00e0s: <a href=\"https:\/\/www.youtube.com\/watch?v=HTiuEKip51s\">https:\/\/www.youtube.com\/watch?v=HTiuEKip51s<\/a><\/span><\/li>\n<li><span style=\"font-weight: 400;\"> \u00a0 \u00a0 \u00a0 \u00a0 <\/span><span style=\"font-weight: 400;\">La petita Granoteta:<\/span><a href=\"https:\/\/www.youtube.com\/watch?v=S_VKhGMbD3A\"> <span style=\"font-weight: 400;\">https:\/\/www.youtube.com\/watch?v=S_VKhGMbD3A<\/span><\/a><\/li>\n<li><span style=\"font-weight: 400;\"> \u00a0 \u00a0 \u00a0 \u00a0 <\/span><span style=\"font-weight: 400;\">M\u2019agrada la tardor:<\/span><a href=\"https:\/\/www.youtube.com\/watch?v=p4JfqcRXidI\"> <span style=\"font-weight: 400;\">https:\/\/www.youtube.com\/watch?v=p4JfqcRXidI<\/span><\/a><\/li>\n<li><span style=\"font-weight: 400;\"> \u00a0 \u00a0 \u00a0 \u00a0 <\/span><span style=\"font-weight: 400;\">Plim Plim Plim: <a href=\"https:\/\/www.youtube.com\/watch?v=dGsJORqiXGw\">https:\/\/www.youtube.com\/watch?v=dGsJORqiXGw<\/a><\/span><\/li>\n<li><span style=\"font-weight: 400;\"> \u00a0 \u00a0 \u00a0 \u00a0 <\/span><span style=\"font-weight: 400;\">Silenci:<\/span><a href=\"https:\/\/www.youtube.com\/watch?v=3W7TXNHTSw8\"> <span style=\"font-weight: 400;\">https:\/\/www.youtube.com\/watch?v=3W7TXNHTSw8<\/span><\/a><\/li>\n<li><span style=\"font-weight: 400;\"> \u00a0 \u00a0 \u00a0 \u00a0 <\/span><span style=\"font-weight: 400;\">Soc un bolet:<\/span><a href=\"https:\/\/www.youtube.com\/watch?v=W4aYhuTvZZM\"> <span style=\"font-weight: 400;\">https:\/\/www.youtube.com\/watch?v=W4aYhuTvZZM<\/span><\/a><\/li>\n<li><span style=\"font-weight: 400;\"> \u00a0 \u00a0 \u00a0 \u00a0 <\/span><span style=\"font-weight: 400;\">El cervat\u00f3: <a href=\"https:\/\/www.youtube.com\/watch?v=oh-GyAUCIu4\">https:\/\/www.youtube.com\/watch?v=oh-GyAUCIu4<\/a><\/span><\/li>\n<li><span style=\"font-weight: 400;\"> \u00a0 \u00a0 \u00a0 \u00a0 <\/span><span style=\"font-weight: 400;\">Maracuy\u00e1: <a href=\"https:\/\/www.youtube.com\/watch?v=b-MsJ302vcI\">https:\/\/www.youtube.com\/watch?v=b-MsJ302vcI<\/a><\/span><\/li>\n<li><span style=\"font-weight: 400;\"> \u00a0 \u00a0 \u00a0 \u00a0 <\/span><span style=\"font-weight: 400;\">La escala musical: <a href=\"https:\/\/www.youtube.com\/watch?v=387etfmuX5k\">https:\/\/www.youtube.com\/watch?v=387etfmuX5k<\/a><\/span><\/li>\n<li><span style=\"font-weight: 400;\"> \u00a0 \u00a0 \u00a0 \u00a0 <\/span><span style=\"font-weight: 400;\">Twist del nas gelat: <a href=\"https:\/\/www.youtube.com\/watch?v=3unhrxQFLlA\">https:\/\/www.youtube.com\/watch?v=3unhrxQFLlA<\/a><\/span><\/li>\n<\/ul>\n<p><span style=\"font-weight: 400;\">DANSES:<\/span><span style=\"font-weight: 400;\"> A casa podeu fer una mica d\u2019exercici f\u00edsic recordant les danses que fem a classe.<\/span><\/p>\n<ul>\n<li><span style=\"font-weight: 400;\"> \u00a0 \u00a0 \u00a0 \u00a0 <\/span><span style=\"font-weight: 400;\">Cap panxa genolls i peus:<\/span><a href=\"https:\/\/www.youtube.com\/watch?v=byuDZIj5G3k&amp;t=2s\"> <span style=\"font-weight: 400;\">https:\/\/www.youtube.com\/watch?v=byuDZIj5G3k&amp;t=2s<\/span><\/a><\/li>\n<li><span style=\"font-weight: 400;\"> \u00a0 \u00a0 \u00a0 \u00a0 <\/span><span style=\"font-weight: 400;\">Ball de spaguetti:<\/span><a href=\"http:\/\/musicaginesta.blogspot.com\/2012\/02\/el-ball-de-lespaguetti.html\"> <span style=\"font-weight: 400;\">http:\/\/musicaginesta.blogspot.com\/2012\/02\/el-ball-de-lespaguetti.html<\/span><\/a><\/li>\n<li><span style=\"font-weight: 400;\"> \u00a0 \u00a0 \u00a0 \u00a0 <\/span><span style=\"font-weight: 400;\">Pugem al tren:<\/span><a href=\"https:\/\/www.youtube.com\/watch?v=0OqirOKX1js\"> <span style=\"font-weight: 400;\">https:\/\/www.youtube.com\/watch?v=0OqirOKX1js<\/span><\/a><\/li>\n<li><span style=\"font-weight: 400;\"> \u00a0 \u00a0 \u00a0 \u00a0 <\/span><span style=\"font-weight: 400;\">Fluix i fort:<\/span><a href=\"https:\/\/www.youtube.com\/watch?v=Mfh6dMySREE\"> <span style=\"font-weight: 400;\">https:\/\/www.youtube.com\/watch?v=Mfh6dMySREE<\/span><\/a><\/li>\n<\/ul>\n<p><span style=\"font-weight: 400;\">\u00a0<\/span><\/p>\n<p><span style=\"font-weight: 400;\">PROGRAMA INTERACTIU ONLINE<\/span><span style=\"font-weight: 400;\">: <\/span><b>Chrome Music Lab<\/b><span style=\"font-weight: 400;\">: <\/span><span style=\"font-weight: 400;\">12 experiments relacionats amb el ritme, la melodia, els acords o l&#8217;harmonia. No \u00e9s una app. \u00c9s una aplicaci\u00f3 que funciona directament des de Chrome, el navegador de Google.<\/span> <span style=\"font-weight: 400;\">T\u2019encantar\u00e0!<\/span><\/p>\n<p><a href=\"https:\/\/musiclab.chromeexperiments.com\/\"><span style=\"font-weight: 400;\">https:\/\/musiclab.chromeexperiments.com\/<\/span><\/a><\/p>\n<p>&nbsp;<\/p>\n<p><b>RELIGI\u00d3 CAT\u00d2LICA<\/b><\/p>\n<ul>\n<li style=\"font-weight: 400;\"><span style=\"font-weight: 400;\">Suposo et ser\u00e0 dur passar tants dies a casa sense poder sortir. Per\u00f2 si mires als teus pares, germans, avis, ve\u00efns i et fixes en el que ells necessiten o els preocupa \u2026 Potser, buscant solucions per a ells t&#8217;oblidis dels teus problemes. Us recomano que vegeu aquests dos v\u00eddeos perqu\u00e8 us animeu a portar el missatge d&#8217;amor que tant treballem des de religi\u00f3 i posem el nostre granet de sorra per a fer una mica m\u00e9s f\u00e0cil aquesta situaci\u00f3 a la gent que ens envolta.<\/span><\/li>\n<\/ul>\n<p><span style=\"font-weight: 400;\">VIDEO:\u00a0 ROTO<\/span><\/p>\n<p><a href=\"https:\/\/www.youtube.com\/watch?v=a0ZQ9zlqbo8\"><span style=\"font-weight: 400;\">https:\/\/www.youtube.com\/watch?v=a0ZQ9zlqbo8<\/span><\/a><\/p>\n<p><span style=\"font-weight: 400;\">VIDEO: LIFEVEST ONE DAY<\/span><\/p>\n<p><a href=\"https:\/\/www.youtube.com\/watch?v=p92yD7MXS04\"><span style=\"font-weight: 400;\">https:\/\/www.youtube.com\/watch?v=p92yD7MXS04<\/span><\/a><\/p>\n<ul>\n<li style=\"font-weight: 400;\"><span style=\"font-weight: 400;\">Tamb\u00e9 podeu instal\u00b7lar-vos al m\u00f2bil la APP STORE: <\/span><b><i>La Biblia para ni\u00f1os. Life Church<\/i><\/b><span style=\"font-weight: 400;\"> amb un munt d\u2019hist\u00f2ries i activitats sobre la B\u00edblia. Entreu en les que haguem treballat a classe.\u00a0<\/span><\/li>\n<\/ul>\n<p>&nbsp;<\/p>\n<ul>\n<li style=\"font-weight: 400;\"><span style=\"font-weight: 400;\">I si encara voleu m\u00e9s, aqu\u00ed teniu un enlla\u00e7 amb recursos did\u00e0ctics interactius. Pots fer fins la unitat 10 i repassar tot el fet fins ara.<\/span><\/li>\n<\/ul>\n<p><a href=\"http:\/\/www.ceipjuanherreraalcausa.es\/Recursosdidacticos\/PRIMERO\/datos\/07_Religion\/datos\/03_rdi\/rdi.htm\"><span style=\"font-weight: 400;\">http:\/\/www.ceipjuanherreraalcausa.es\/Recursosdidacticos\/PRIMERO\/datos\/07_Religion\/datos\/03_rdi\/rdi.htm<\/span><\/a><\/p>\n<p>&nbsp;<\/p>\n<p><b>LECTURA<\/b><\/p>\n<p><span style=\"font-weight: 400;\">L&#8217; <strong>app JOCS DE LECTURA<\/strong>.<\/span><\/p>\n<p><a href=\"https:\/\/agora.xtec.cat\/ceipsallaresipla\/wp-content\/uploads\/usu69\/2020\/03\/Jocs-de-lectura-app.png\"><img loading=\"lazy\" decoding=\"async\" class=\"alignleft wp-image-1789 size-medium\" src=\"https:\/\/agora.xtec.cat\/ceipsallaresipla\/wp-content\/uploads\/usu69\/2020\/03\/Jocs-de-lectura-app-300x247.png\" alt=\"\" width=\"300\" height=\"247\" srcset=\"https:\/\/agora.xtec.cat\/ceipsallaresipla\/wp-content\/uploads\/usu69\/2020\/03\/Jocs-de-lectura-app-300x247.png 300w, https:\/\/agora.xtec.cat\/ceipsallaresipla\/wp-content\/uploads\/usu69\/2020\/03\/Jocs-de-lectura-app.png 710w\" sizes=\"auto, (max-width: 300px) 100vw, 300px\" \/><\/a><\/p>\n<p>&nbsp;<\/p>\n<p>&nbsp;<\/p>\n<p>&nbsp;<\/p>\n<p>&nbsp;<\/p>\n<p>&nbsp;<\/p>\n<p>&nbsp;<\/p>\n<p>&nbsp;<\/p>\n<p><b>MATEM\u00c0TIQUES<\/b><\/p>\n<p><span style=\"font-weight: 400;\">Us podeu descarregar l&#8217;<strong>app BMATH<\/strong>, hi ha activitats que poden fer els vostres fills i filles sols. Comencen amb activitats f\u00e0cils i poc a poc van agmentant la dificultat.<\/span><\/p>\n<p><a href=\"https:\/\/agora.xtec.cat\/ceipsallaresipla\/wp-content\/uploads\/usu69\/2020\/03\/bmath-app.png\"><img loading=\"lazy\" decoding=\"async\" class=\"alignnone wp-image-1788 size-medium\" src=\"https:\/\/agora.xtec.cat\/ceipsallaresipla\/wp-content\/uploads\/usu69\/2020\/03\/bmath-app-300x251.png\" alt=\"\" width=\"300\" height=\"251\" srcset=\"https:\/\/agora.xtec.cat\/ceipsallaresipla\/wp-content\/uploads\/usu69\/2020\/03\/bmath-app-300x250.png 300w, https:\/\/agora.xtec.cat\/ceipsallaresipla\/wp-content\/uploads\/usu69\/2020\/03\/bmath-app.png 710w\" sizes=\"auto, (max-width: 300px) 100vw, 300px\" \/><\/a><\/p>\n<p><b>V\u00cdDEOS\u00a0<\/b><\/p>\n<p><span style=\"font-weight: 400;\">Us deixo un parell de links de can\u00e7ons que escoltem a classe i aix\u00ed les podeu repassar, ballar i cantar en fam\u00edlia<\/span><b>:<\/b><\/p>\n<p><b>MESOS DE L\u2019ANY:\u00a0 <\/b><a href=\"https:\/\/www.youtube.com\/watch?v=ukRuUKW9ek0&amp;list=PLQH8pVjwSoVgz59oSHcyDueB8zW3FRaY_&amp;index=2&amp;t=0s\"><b>https:\/\/www.youtube.com\/watch?v=ukRuUKW9ek0&amp;list=PLQH8pVjwSoVgz59oSHcyDueB8zW3FRaY_&amp;index=2&amp;t=0s<\/b><\/a><b>\u00a0<\/b><\/p>\n<p><b>ABECEDARI:\u00a0 <a href=\"https:\/\/www.youtube.com\/watch?v=T-AKoOvcKX8&amp;list=PLQH8pVjwSoVgz59oSHcyDueB8zW3FRaY_&amp;index=4&amp;t=0s\">https:\/\/www.youtube.com\/watch?v=T-AKoOvcKX8&amp;list=PLQH8pVjwSoVgz59oSHcyDueB8zW3FRaY_&amp;index=4&amp;t=0s<\/a><\/b><\/p>\n<p><b>CONTAR DEL 1 AL 100: \u00a0\u00a0<\/b><a href=\"https:\/\/www.youtube.com\/watch?v=unbPV7l2_vI&amp;list=PLQH8pVjwSoVgz59oSHcyDueB8zW3FRaY_&amp;index=3&amp;t=0s\"><b>https:\/\/www.youtube.com\/watch?v=unbPV7l2_vI&amp;list=PLQH8pVjwSoVgz59oSHcyDueB8zW3FRaY_&amp;index=3&amp;t=0s<\/b><\/a><\/p>\n<p><b>DE ELLOS APREND\u00cd:\u00a0 <\/b><a href=\"https:\/\/www.youtube.com\/watch?v=eFzPy5d7oFo\"><b>https:\/\/www.youtube.com\/watch?v=eFzPy5d7oFo<\/b><\/a><\/p>\n<p>&nbsp;<\/p>\n<p><b>ACTIVITAT EXTRA:<\/b><\/p>\n<p><span style=\"font-weight: 400;\">Tamb\u00e9 us proposem una activitat que creiem que pot ser molt maca per totes aquelles persones que estan passant per moments tan dif\u00edcils. <\/span><b>Qu\u00e8 us sembla si ens envieu dibuixos i\/o cartes per les persones que estan ingressades als hospitals i no poden rebre visites?<\/b><span style=\"font-weight: 400;\"> Farem tot el possible perqu\u00e8 puguin arribar les vostres paraules de suport i els dibuixos tan macos que segur els podeu fer!\u00a0<\/span><\/p>\n<p><span style=\"font-weight: 400;\">Ens els podeu fer arribar amb una foto o per escrit pel Dinantia!<\/span><\/p>\n<p>\u00c0nims!<\/p>\n<p>&nbsp;<\/p>\n","protected":false},"excerpt":{"rendered":"<p>Se han creado actividades para vuestros hijos y hijas para hacer en la tablet o el m\u00f3bil.<br \/>\nLos pasos a seguir son los siguientes:<\/p>\n<ol>\n<li> Descargar la app MAKE IT<\/li>\n<li> Entrar i apretar el bot\u00f3n STUDENT o ESTUDIANTE<\/li>\n<li> Podeis crear una cuenta o darle al bot\u00f3n LATER&hellip;  <a href=\"https:\/\/agora.xtec.cat\/ceipsallaresipla\/activitats-quarantena-covid-19\/activitats-p3\/\" title=\"Read Activitats 1r Prim\u00e0ria\">Llegeix m\u00e9s\u00bb<\/a><br \/>\n","protected":false},"author":343,"featured_media":0,"parent":1690,"menu_order":20,"comment_status":"closed","ping_status":"closed","template":"page-templates\/side-menu.php","meta":{"_bbp_topic_count":0,"_bbp_reply_count":0,"_bbp_total_topic_count":0,"_bbp_total_reply_count":0,"_bbp_voice_count":0,"_bbp_anonymous_reply_count":0,"_bbp_topic_count_hidden":0,"_bbp_reply_count_hidden":0,"_bbp_forum_subforum_count":0,"footnotes":""},"class_list":["post-1695","page","type-page","status-publish","hentry"],"post_mailing_queue_ids":[],"_links":{"self":[{"href":"https:\/\/agora.xtec.cat\/ceipsallaresipla\/wp-json\/wp\/v2\/pages\/1695","targetHints":{"allow":["GET"]}}],"collection":[{"href":"https:\/\/agora.xtec.cat\/ceipsallaresipla\/wp-json\/wp\/v2\/pages"}],"about":[{"href":"https:\/\/agora.xtec.cat\/ceipsallaresipla\/wp-json\/wp\/v2\/types\/page"}],"author":[{"embeddable":true,"href":"https:\/\/agora.xtec.cat\/ceipsallaresipla\/wp-json\/wp\/v2\/users\/343"}],"replies":[{"embeddable":true,"href":"https:\/\/agora.xtec.cat\/ceipsallaresipla\/wp-json\/wp\/v2\/comments?post=1695"}],"version-history":[{"count":4,"href":"https:\/\/agora.xtec.cat\/ceipsallaresipla\/wp-json\/wp\/v2\/pages\/1695\/revisions"}],"predecessor-version":[{"id":1887,"href":"https:\/\/agora.xtec.cat\/ceipsallaresipla\/wp-json\/wp\/v2\/pages\/1695\/revisions\/1887"}],"up":[{"embeddable":true,"href":"https:\/\/agora.xtec.cat\/ceipsallaresipla\/wp-json\/wp\/v2\/pages\/1690"}],"wp:attachment":[{"href":"https:\/\/agora.xtec.cat\/ceipsallaresipla\/wp-json\/wp\/v2\/media?parent=1695"}],"curies":[{"name":"wp","href":"https:\/\/api.w.org\/{rel}","templated":true}]}}