{"id":1693,"date":"2020-03-18T11:23:31","date_gmt":"2020-03-18T10:23:31","guid":{"rendered":"https:\/\/agora.xtec.cat\/ceipsallaresipla\/?page_id=1693"},"modified":"2020-04-13T20:26:12","modified_gmt":"2020-04-13T18:26:12","slug":"educacio-infantil","status":"publish","type":"page","link":"https:\/\/agora.xtec.cat\/ceipsallaresipla\/activitats-quarantena-covid-19\/educacio-infantil\/","title":{"rendered":"Educaci\u00f3 Infantil"},"content":{"rendered":"<p>Propostes d&#8217;activitats per treballar amb els alumnes d&#8217;Educaci\u00f3 Infantil:<\/p>\n<p>&nbsp;<\/p>\n<p><a href=\"https:\/\/agora.xtec.cat\/ceipsallaresipla\/wp-content\/uploads\/usu69\/2020\/03\/activitats_inf.png\"><img loading=\"lazy\" decoding=\"async\" class=\"alignnone wp-image-1738\" src=\"https:\/\/agora.xtec.cat\/ceipsallaresipla\/wp-content\/uploads\/usu69\/2020\/03\/activitats_inf-930x1024.png\" alt=\"\" width=\"829\" height=\"913\" srcset=\"https:\/\/agora.xtec.cat\/ceipsallaresipla\/wp-content\/uploads\/usu69\/2020\/03\/activitats_inf-930x1024.png 930w, https:\/\/agora.xtec.cat\/ceipsallaresipla\/wp-content\/uploads\/usu69\/2020\/03\/activitats_inf-272x300.png 272w, https:\/\/agora.xtec.cat\/ceipsallaresipla\/wp-content\/uploads\/usu69\/2020\/03\/activitats_inf-768x846.png 768w, https:\/\/agora.xtec.cat\/ceipsallaresipla\/wp-content\/uploads\/usu69\/2020\/03\/activitats_inf.png 1080w\" sizes=\"auto, (max-width: 829px) 100vw, 829px\" \/><\/a><\/p>\n<p><b>TREBALLEM LA MOTRICITAT FINA A P-3, P-4 I P-5:<\/b><\/p>\n<p><a href=\"https:\/\/images.app.goo.gl\/fDpTgxqhXFaZQBEc8\"><b>https:\/\/images.app.goo.gl\/fDpTgxqhXFaZQBEc8<\/b><\/a><\/p>\n<p><a href=\"https:\/\/images.app.goo.gl\/usrUjafEuEkSdhvz5\"><b>https:\/\/images.app.goo.gl\/usrUjafEuEkSdhvz5<\/b><\/a><\/p>\n<p><a href=\"https:\/\/images.app.goo.gl\/2wsq85oFnonDXyz29\"><b>https:\/\/images.app.goo.gl\/2wsq85oFnonDXyz29<\/b><\/a><b>\u00a0<\/b><\/p>\n<p><a href=\"https:\/\/images.app.goo.gl\/hjHiX1A84jpu5wNm8\"><b>https:\/\/images.app.goo.gl\/hjHiX1A84jpu5wNm8<\/b><\/a><\/p>\n<p><a href=\"https:\/\/images.app.goo.gl\/Cya1ihapZMpPu8Y38\"><b>https:\/\/images.app.goo.gl\/Cya1ihapZMpPu8Y38<\/b><\/a><\/p>\n<p><a href=\"https:\/\/images.app.goo.gl\/sEvkY5ev9fzV29td8\"><b>https:\/\/images.app.goo.gl\/sEvkY5ev9fzV29td8<\/b><\/a><\/p>\n<p><b>JUGUEM AMB ELS N\u00daMEROS:<\/b><\/p>\n<p><a href=\"https:\/\/images.app.goo.gl\/qvsNpC8zSQZWz4b86\"><b>https:\/\/images.app.goo.gl\/qvsNpC8zSQZWz4b86<\/b><\/a><b> (P-5)<\/b><\/p>\n<p><a href=\"https:\/\/images.app.goo.gl\/do6ZgV3PZ7zebuee6\"><b>https:\/\/images.app.goo.gl\/do6ZgV3PZ7zebuee6<\/b><\/a><b> (P-4, P-5)<\/b><\/p>\n<p><a href=\"https:\/\/images.app.goo.gl\/Utuy8cHHG536bBuH7\"><b>https:\/\/images.app.goo.gl\/Utuy8cHHG536bBuH7<\/b><\/a><b> (P-5)<\/b><\/p>\n<p><a href=\"https:\/\/images.app.goo.gl\/py8A1hKWpouAvj2o8\"><b>https:\/\/images.app.goo.gl\/py8A1hKWpouAvj2o8<\/b><\/a><b> (P-5)<\/b><\/p>\n<p><a href=\"https:\/\/images.app.goo.gl\/qh66HH27fFF6vZd67\"><b>https:\/\/images.app.goo.gl\/qh66HH27fFF6vZd67<\/b><\/a><b> (P-4, P-5)<\/b><\/p>\n<p>&nbsp;<\/p>\n<p><b>P3\u00a0<\/b><\/p>\n<p><span style=\"font-weight: 400;\">Hola nens i nenes de la classe de les abelles i lleons!<\/span><\/p>\n<p><span style=\"font-weight: 400;\">Recordeu aquestes can\u00e7ons?\u00a0 Si voleu cantar-les i ballar-les aqu\u00ed les teniu! Una abra\u00e7ada forta!<\/span><\/p>\n<p>&nbsp;<\/p>\n<ul>\n<li><b><a href=\"https:\/\/m.youtube.com\/watch?v=hk_0Q6hQxew\" target=\"_blank\" rel=\"noopener noreferrer\">Jordi Tonietti &#8211; Zum Fa l&#8217;abella &#8211; YouTube<\/a><\/b><\/li>\n<li><a href=\"https:\/\/m.youtube.com\/watch?vl=es-ES&amp;v=lYriMzzMsUw\" target=\"_blank\" rel=\"noopener noreferrer\">El Pot Petit &#8211; El lle\u00f3 vergony\u00f3s &#8211; YouTube<\/a><\/li>\n<\/ul>\n<p>&nbsp;<\/p>\n<p><b>Avui toca cantar i ballar la can\u00e7\u00f3 de l&#8217;esquirol\u2026. recordeu que ho hem de fer com ho feien a la classe!<\/b><\/p>\n<p><a href=\"https:\/\/m.youtube.com\/watch?v=gn2ncNrGSks\" target=\"_blank\" rel=\"noopener noreferrer\"><b>Jordi Tonietti &#8211; Esquirol &#8211; YouTube<\/b><\/a><\/p>\n<p><b>\u00a0<\/b><b>i aquesta m\u00e9s marxosa\u2026.<\/b><\/p>\n<p><a href=\"https:\/\/m.youtube.com\/watch?v=zBttxAMxaXE\" target=\"_blank\" rel=\"noopener noreferrer\"><b>A Ram Sam Sam Dance &#8211; Children&#8217;s Song &#8211; Kids Songs by The Learning Station &#8211; YouTube<\/b><\/a><\/p>\n<p>&nbsp;<\/p>\n<p>&nbsp;<\/p>\n<p>Missatge de la Isabel Arcos:\u00a0\u00a0<a href=\"https:\/\/bit.ly\/2UBBrx4\" target=\"_blank\" rel=\"noopener noreferrer\">https:\/\/bit.ly\/2UBBrx4<\/a><\/p>\n<p>&nbsp;<\/p>\n<p>A continuaci\u00f3 us deixem els videos de 2 rimes que hem preparat per vosaltres:<\/p>\n<p><strong>El cocodril:\u00a0<\/strong>\u00a0<a href=\"https:\/\/bit.ly\/340IiTG\" target=\"_blank\" rel=\"noopener noreferrer\">https:\/\/bit.ly\/340IiTG<\/a><\/p>\n<p><strong>El nanet:<\/strong>\u00a0 \u00a0<a href=\"https:\/\/bit.ly\/3az2bnb\" target=\"_blank\" rel=\"noopener noreferrer\">https:\/\/bit.ly\/3az2bnb<\/a><\/p>\n<p>&nbsp;<\/p>\n<p>MANUALITATS<\/p>\n<p><span style=\"font-weight: 400;\">Si voleu fer manualitats us ensenyem algunes idees.<\/span><\/p>\n<p><a href=\"https:\/\/agora.xtec.cat\/ceipsallaresipla\/wp-content\/uploads\/usu69\/2020\/03\/tasca-EI-1.png\"><img loading=\"lazy\" decoding=\"async\" class=\"alignnone size-full wp-image-1800\" src=\"https:\/\/agora.xtec.cat\/ceipsallaresipla\/wp-content\/uploads\/usu69\/2020\/03\/tasca-EI-1.png\" alt=\"\" width=\"644\" height=\"647\" srcset=\"https:\/\/agora.xtec.cat\/ceipsallaresipla\/wp-content\/uploads\/usu69\/2020\/03\/tasca-EI-1.png 644w, https:\/\/agora.xtec.cat\/ceipsallaresipla\/wp-content\/uploads\/usu69\/2020\/03\/tasca-EI-1-150x150.png 150w, https:\/\/agora.xtec.cat\/ceipsallaresipla\/wp-content\/uploads\/usu69\/2020\/03\/tasca-EI-1-300x300.png 300w\" sizes=\"auto, (max-width: 644px) 100vw, 644px\" \/><\/a> \u00a0\u00a0 \u00a0\u00a0 \u00a0\u00a0 \u00a0\u00a0 \u00a0\u00a0 \u00a0\u00a0 \u00a0\u00a0 \u00a0\u00a0 \u00a0\u00a0 <a href=\"https:\/\/agora.xtec.cat\/ceipsallaresipla\/wp-content\/uploads\/usu69\/2020\/03\/Tasca-EI-2.png\"><img loading=\"lazy\" decoding=\"async\" class=\"alignnone wp-image-1801\" src=\"https:\/\/agora.xtec.cat\/ceipsallaresipla\/wp-content\/uploads\/usu69\/2020\/03\/Tasca-EI-2.png\" alt=\"\" width=\"639\" height=\"674\" srcset=\"https:\/\/agora.xtec.cat\/ceipsallaresipla\/wp-content\/uploads\/usu69\/2020\/03\/Tasca-EI-2.png 650w, https:\/\/agora.xtec.cat\/ceipsallaresipla\/wp-content\/uploads\/usu69\/2020\/03\/Tasca-EI-2-284x300.png 284w\" sizes=\"auto, (max-width: 639px) 100vw, 639px\" \/><\/a><\/p>\n<p>&nbsp;<\/p>\n<p><b>Si voleu estar m\u00e9s tranquils\/es podeu jugar amb farina.<\/b><\/p>\n<p>&nbsp;<\/p>\n<p><b><a href=\"https:\/\/agora.xtec.cat\/ceipsallaresipla\/wp-content\/uploads\/usu69\/2020\/03\/farina.png\"><img loading=\"lazy\" decoding=\"async\" class=\"alignnone size-full wp-image-1867\" src=\"https:\/\/agora.xtec.cat\/ceipsallaresipla\/wp-content\/uploads\/usu69\/2020\/03\/farina.png\" alt=\"\" width=\"429\" height=\"430\" srcset=\"https:\/\/agora.xtec.cat\/ceipsallaresipla\/wp-content\/uploads\/usu69\/2020\/03\/farina.png 429w, https:\/\/agora.xtec.cat\/ceipsallaresipla\/wp-content\/uploads\/usu69\/2020\/03\/farina-150x150.png 150w, https:\/\/agora.xtec.cat\/ceipsallaresipla\/wp-content\/uploads\/usu69\/2020\/03\/farina-300x300.png 300w\" sizes=\"auto, (max-width: 429px) 100vw, 429px\" \/><\/a><\/b><\/p>\n<p>&nbsp;<\/p>\n<p><b>Aqu\u00ed teniu una activitat f\u00e0cil i amb un material que segurament teniu a casa.<\/b><\/p>\n<p><a href=\"https:\/\/agora.xtec.cat\/ceipsallaresipla\/wp-content\/uploads\/usu69\/2020\/03\/ouera.png\"><img loading=\"lazy\" decoding=\"async\" class=\"alignnone size-large wp-image-1869\" src=\"https:\/\/agora.xtec.cat\/ceipsallaresipla\/wp-content\/uploads\/usu69\/2020\/03\/ouera.png\" alt=\"\" width=\"429\" height=\"418\" srcset=\"https:\/\/agora.xtec.cat\/ceipsallaresipla\/wp-content\/uploads\/usu69\/2020\/03\/ouera.png 429w, https:\/\/agora.xtec.cat\/ceipsallaresipla\/wp-content\/uploads\/usu69\/2020\/03\/ouera-300x292.png 300w\" sizes=\"auto, (max-width: 429px) 100vw, 429px\" \/><\/a><\/p>\n<p>&nbsp;<\/p>\n<p><b><i>Voleu fer sorra m\u00e0gica?&#8230;.aqu\u00ed teniu la recepta!<\/i><\/b><\/p>\n<p><b>SORRA M\u00c0GICA<\/b><\/p>\n<p><span style=\"font-weight: 400;\">La recepta de sorra m\u00e0gica \u00e9s s\u00faper senzilla, nom\u00e9s dos ingredients: farina i oli.\u00a0<\/span><\/p>\n<p><span style=\"font-weight: 400;\">2 tasses de farina<\/span><\/p>\n<p><span style=\"font-weight: 400;\">1\/4 de tassa d&#8217;oli de gira-sol<\/span><\/p>\n<p><b>\u00c9s important respectar les proporcions.<\/b><b>\u00a0<\/b><\/p>\n<p><span style=\"font-weight: 400;\">Barrejar amb les mans en un bol o safata.<\/span><\/p>\n<p><span style=\"font-weight: 400;\">Per jugar podeu posar fireta tipus gots petits o motlles de sorra, culleres &#8230; El que tingueu per casa.<\/span><\/p>\n<p>&nbsp;<\/p>\n<p><a href=\"https:\/\/agora.xtec.cat\/ceipsallaresipla\/wp-content\/uploads\/usu69\/2020\/03\/sorra-ma\u0300gica.png\"><img loading=\"lazy\" decoding=\"async\" class=\"alignnone size-full wp-image-1868\" src=\"https:\/\/agora.xtec.cat\/ceipsallaresipla\/wp-content\/uploads\/usu69\/2020\/03\/sorra-ma\u0300gica.png\" alt=\"\" width=\"425\" height=\"284\" srcset=\"https:\/\/agora.xtec.cat\/ceipsallaresipla\/wp-content\/uploads\/usu69\/2020\/03\/sorra-ma\u0300gica.png 425w, https:\/\/agora.xtec.cat\/ceipsallaresipla\/wp-content\/uploads\/usu69\/2020\/03\/sorra-ma\u0300gica-300x200.png 300w\" sizes=\"auto, (max-width: 425px) 100vw, 425px\" \/><\/a><\/p>\n<p>&nbsp;<\/p>\n<p><span style=\"font-weight: 400;\">Mireu quina proposta de classificaci\u00f3 m\u00e9s senzilla i f\u00e0cil de fer! <\/span><\/p>\n<p><a href=\"https:\/\/agora.xtec.cat\/ceipsallaresipla\/wp-content\/uploads\/usu69\/2020\/04\/manualitat.png\"><img loading=\"lazy\" decoding=\"async\" class=\"alignnone size-full wp-image-1883\" src=\"https:\/\/agora.xtec.cat\/ceipsallaresipla\/wp-content\/uploads\/usu69\/2020\/04\/manualitat.png\" alt=\"\" width=\"429\" height=\"368\" srcset=\"https:\/\/agora.xtec.cat\/ceipsallaresipla\/wp-content\/uploads\/usu69\/2020\/04\/manualitat.png 429w, https:\/\/agora.xtec.cat\/ceipsallaresipla\/wp-content\/uploads\/usu69\/2020\/04\/manualitat-300x257.png 300w\" sizes=\"auto, (max-width: 429px) 100vw, 429px\" \/><\/a><\/p>\n<p><span style=\"font-weight: 400;\">Qu\u00e8 gaudiu molt!!!!!<\/span><\/p>\n<p>&nbsp;<\/p>\n<p><strong>NOVES ACTIVITATS (13 d&#8217;abril)<\/strong><\/p>\n<p>Hola nenes i nens de P3! C\u00f3m esteu?<\/p>\n<p>Avui us deixem, a continuaci\u00f3, un conte i un parell de can\u00e7ons. Esperem que us agradin molt!<\/p>\n<p>CONTE:<\/p>\n<p><a href=\"https:\/\/drive.google.com\/file\/d\/1BbMWhjVCGd__8c-Ia_RD8aL6vf9HSeef\/view?usp=sharing\" target=\"_blank\" rel=\"noopener noreferrer\">Els pollets de la Dora<\/a><\/p>\n<p>&nbsp;<\/p>\n<p>CAN\u00c7ONS<\/p>\n<p><a href=\"https:\/\/drive.google.com\/file\/d\/1qyq0cum8a7YgxKZ7_sW5oQfTBpdWzFgD\/view?usp=sharing\" target=\"_blank\" rel=\"noopener noreferrer\">Can\u00e7ons<\/a><\/p>\n<p>&nbsp;<\/p>\n","protected":false},"excerpt":{"rendered":"<p>Propostes d&#8217;activitats per treballar amb els alumnes d&#8217;Educaci\u00f3 Infantil:<br \/>\n&nbsp;<br \/>\n<a href=\"https:\/\/agora.xtec.cat\/ceipsallaresipla\/wp-content\/uploads\/usu69\/2020\/03\/activitats_inf.png\"><\/a><br \/>\nTREBALLEM LA MOTRICITAT FINA A P-3, P-4 I P-5:<br \/>\n<a href=\"https:\/\/images.app.goo.gl\/fDpTgxqhXFaZQBEc8\">https:\/\/images.app.goo.gl\/fDpTgxqhXFaZQBEc8<\/a><br \/>\n<a href=\"https:\/\/images.app.goo.gl\/usrUjafEuEkSdhvz5\">https:\/\/images.app.goo.gl\/usrUjafEuEkSdhvz5<\/a><br \/>\n<a href=\"https:\/\/images.app.goo.gl\/2wsq85oFnonDXyz29\">https:\/\/images.app.goo.gl\/2wsq85oFnonDXyz29<\/a>\u00a0<br \/>\n<a href=\"https:\/\/images.app.goo.gl\/hjHiX1A84jpu5wNm8\">https:\/\/images.app.goo.gl\/hjHiX1A84jpu5wNm8<\/a><br \/>\n<a href=\"https:\/\/images.app.goo.gl\/Cya1ihapZMpPu8Y38\">https:\/\/images.app.goo.gl\/Cya1ihapZMpPu8Y38<\/a><br \/>\n<a href=\"https:\/\/images.app.goo.gl\/sEvkY5ev9fzV29td8\">https:\/\/images.app.goo.gl\/sEvkY5ev9fzV29td8<\/a><br \/>\nJUGUEM AMB ELS N\u00daMEROS:<br \/>\n<a href=\"https:\/\/images.app.goo.gl\/qvsNpC8zSQZWz4b86\">https:\/\/images.app.goo.gl\/qvsNpC8zSQZWz4b86<\/a> (P-5)<br \/>\n<a href=\"https:\/\/images.app.goo.gl\/do6ZgV3PZ7zebuee6\">https:\/\/images.app.goo.gl\/do6ZgV3PZ7zebuee6<\/a> (P-4, P-5)<br \/>\n<a href=\"https:\/\/images.app.goo.gl\/Utuy8cHHG536bBuH7\">https:\/\/images.app.goo.gl\/Utuy8cHHG536bBuH7<\/a> (P-5)<br \/>\n<a href=\"https:\/\/images.app.goo.gl\/py8A1hKWpouAvj2o8\">https:\/\/images.app.goo.gl\/py8A1hKWpouAvj2o8<\/a> (P-5)<br \/>\n<a href=\"https:\/\/images.app.goo.gl\/qh66HH27fFF6vZd67\">https:\/\/images.app.goo.gl\/qh66HH27fFF6vZd67<\/a> (P-4, P-5)<br \/>\n&nbsp;<br \/>\nP3\u00a0<br \/>\nHola nens i nenes de la classe&hellip;  <a href=\"https:\/\/agora.xtec.cat\/ceipsallaresipla\/activitats-quarantena-covid-19\/educacio-infantil\/\" title=\"Read Educaci\u00f3 Infantil\">Llegeix m\u00e9s\u00bb<\/a><\/p>\n","protected":false},"author":343,"featured_media":0,"parent":1690,"menu_order":0,"comment_status":"closed","ping_status":"closed","template":"page-templates\/side-menu.php","meta":{"_bbp_topic_count":0,"_bbp_reply_count":0,"_bbp_total_topic_count":0,"_bbp_total_reply_count":0,"_bbp_voice_count":0,"_bbp_anonymous_reply_count":0,"_bbp_topic_count_hidden":0,"_bbp_reply_count_hidden":0,"_bbp_forum_subforum_count":0,"footnotes":""},"class_list":["post-1693","page","type-page","status-publish","hentry"],"post_mailing_queue_ids":[],"_links":{"self":[{"href":"https:\/\/agora.xtec.cat\/ceipsallaresipla\/wp-json\/wp\/v2\/pages\/1693","targetHints":{"allow":["GET"]}}],"collection":[{"href":"https:\/\/agora.xtec.cat\/ceipsallaresipla\/wp-json\/wp\/v2\/pages"}],"about":[{"href":"https:\/\/agora.xtec.cat\/ceipsallaresipla\/wp-json\/wp\/v2\/types\/page"}],"author":[{"embeddable":true,"href":"https:\/\/agora.xtec.cat\/ceipsallaresipla\/wp-json\/wp\/v2\/users\/343"}],"replies":[{"embeddable":true,"href":"https:\/\/agora.xtec.cat\/ceipsallaresipla\/wp-json\/wp\/v2\/comments?post=1693"}],"version-history":[{"count":4,"href":"https:\/\/agora.xtec.cat\/ceipsallaresipla\/wp-json\/wp\/v2\/pages\/1693\/revisions"}],"predecessor-version":[{"id":1896,"href":"https:\/\/agora.xtec.cat\/ceipsallaresipla\/wp-json\/wp\/v2\/pages\/1693\/revisions\/1896"}],"up":[{"embeddable":true,"href":"https:\/\/agora.xtec.cat\/ceipsallaresipla\/wp-json\/wp\/v2\/pages\/1690"}],"wp:attachment":[{"href":"https:\/\/agora.xtec.cat\/ceipsallaresipla\/wp-json\/wp\/v2\/media?parent=1693"}],"curies":[{"name":"wp","href":"https:\/\/api.w.org\/{rel}","templated":true}]}}