{"id":30,"date":"2014-09-18T12:30:23","date_gmt":"2014-09-18T11:30:23","guid":{"rendered":"http:\/\/agora.xtec.cat\/ceipsafa\/?page_id=30"},"modified":"2025-03-11T11:05:33","modified_gmt":"2025-03-11T10:05:33","slug":"instal%c2%b7lacions","status":"publish","type":"page","link":"https:\/\/agora.xtec.cat\/ceipsafa\/lescola\/instal%c2%b7lacions\/","title":{"rendered":"Instal\u00b7lacions"},"content":{"rendered":"<p data-start=\"0\" data-end=\"79\"><strong data-start=\"0\" data-end=\"77\">Instal\u00b7lacions de l\u2019Escola Sagrada Fam\u00edlia: Espais per cr\u00e9ixer i aprendre<\/strong><\/p>\n<p data-start=\"81\" data-end=\"269\">La nostra escola compta amb <strong data-start=\"109\" data-end=\"136\">dos espais diferenciats<\/strong>, separats pel Carrer Florida, dissenyats per oferir un entorn acollidor, segur i estimulant per a l\u2019aprenentatge i la conviv\u00e8ncia.<\/p>\n<p data-start=\"271\" data-end=\"752\">\ud83c\udfeb <strong data-start=\"274\" data-end=\"316\">Edifici d\u2019Educaci\u00f3 Infantil (part sud)<\/strong><br data-start=\"316\" data-end=\"319\" \/>Un espai pensat per als m\u00e9s petits, on es prioritza el joc, la creativitat i el descobriment. Aqu\u00ed trobem:<br data-start=\"425\" data-end=\"428\" \/>\u2714\ufe0f Aules d\u2019I3, I4 i I5, adaptades a les necessitats dels infants.<br data-start=\"493\" data-end=\"496\" data-is-only-node=\"\" \/>\u2714\ufe0f Menjador exclusiu per a Infantil.<br data-start=\"532\" data-end=\"535\" \/>\u2714\ufe0f Aula de psicomotricitat, aula polivalent i biblioteca infantil.<br data-start=\"601\" data-end=\"604\" \/>\u2714\ufe0f Dos patis diferenciats: el <strong data-start=\"634\" data-end=\"653\">pati del sorral<\/strong>, per a l\u2019exploraci\u00f3 i el joc lliure, i el <strong data-start=\"696\" data-end=\"716\">pati de la pista<\/strong>, per a activitats m\u00e9s din\u00e0miques.<\/p>\n<p data-start=\"754\" data-end=\"1203\">\ud83c\udfeb <strong data-start=\"757\" data-end=\"801\">Edificis d\u2019Educaci\u00f3 Prim\u00e0ria (part nord)<\/strong><br data-start=\"801\" data-end=\"804\" \/>Un espai que fomenta l\u2019autonomia i l\u2019aprenentatge actiu, amb:<br data-start=\"865\" data-end=\"868\" \/>\u2714\ufe0f Aules de 1r a 6\u00e8 de Prim\u00e0ria.<br data-start=\"900\" data-end=\"903\" data-is-only-node=\"\" \/>\u2714\ufe0f Aules especialitzades: <strong data-start=\"929\" data-end=\"961\">m\u00fasica, angl\u00e8s i polivalents<\/strong>.<br data-start=\"962\" data-end=\"965\" \/>\u2714\ufe0f Gimn\u00e0s, que tamb\u00e9 funciona com espai de jocs de taula durant l\u2019hora del pati.<br data-start=\"1045\" data-end=\"1048\" \/>\u2714\ufe0f Menjador de Prim\u00e0ria.<br data-start=\"1072\" data-end=\"1075\" \/>\u2714\ufe0f Sala de mestres, consergeria i despatx de l\u2019equip directiu.<br data-start=\"1137\" data-end=\"1140\" \/>\u2714\ufe0f Un ampli pati amb pista esportiva per gaudir de l\u2019esbarjo.<\/p>\n<p data-start=\"1205\" data-end=\"1374\" data-is-last-node=\"\" data-is-only-node=\"\">A l\u2019Escola Sagrada Fam\u00edlia, cada rac\u00f3 est\u00e0 pensat per afavorir un ambient d\u2019aprenentatge enriquidor, on infants i docents comparteixen experi\u00e8ncies i creixen junts!<\/p>\n<p data-start=\"1205\" data-end=\"1374\" data-is-last-node=\"\" data-is-only-node=\"\">Les darreres not\u00edcies del Departament d&#8217;Educaci\u00f3 despr\u00e9s de la visita rebuda per la Consellera d&#8217;educaci\u00f3 Esther Niub\u00f3 consoliden el comprom\u00eds de la renovaci\u00f3 de les instal\u00b7lacions de l&#8217;escola. Les obres s&#8217;iniciaran a l&#8217;estiu del 2026 per una de les zones m\u00e9s afectades que donar\u00e0 pas a tenir un menjador i gimn\u00e0s renovat per l&#8217;escola.<\/p>\n","protected":false},"excerpt":{"rendered":"<p>Instal\u00b7lacions de l\u2019Escola Sagrada Fam\u00edlia: Espais per cr\u00e9ixer i aprendre La nostra escola compta amb dos espais diferenciats, separats pel Carrer Florida, dissenyats per oferir un entorn acollidor, segur i estimulant per a l\u2019aprenentatge i la conviv\u00e8ncia. \ud83c\udfeb Edifici d\u2019Educaci\u00f3 Infantil (part sud)Un espai pensat per als m\u00e9s petits, on es prioritza el joc, la [&hellip;]<\/p>\n","protected":false},"author":1,"featured_media":0,"parent":22,"menu_order":40,"comment_status":"closed","ping_status":"closed","template":"page-templates\/side-menu.php","meta":{"_bbp_topic_count":0,"_bbp_reply_count":0,"_bbp_total_topic_count":0,"_bbp_total_reply_count":0,"_bbp_voice_count":0,"_bbp_anonymous_reply_count":0,"_bbp_topic_count_hidden":0,"_bbp_reply_count_hidden":0,"_bbp_forum_subforum_count":0,"site-sidebar-layout":"default","site-content-layout":"","ast-site-content-layout":"","site-content-style":"default","site-sidebar-style":"default","ast-global-header-display":"","ast-banner-title-visibility":"","ast-main-header-display":"","ast-hfb-above-header-display":"","ast-hfb-below-header-display":"","ast-hfb-mobile-header-display":"","site-post-title":"","ast-breadcrumbs-content":"","ast-featured-img":"","footer-sml-layout":"","theme-transparent-header-meta":"","adv-header-id-meta":"","stick-header-meta":"","header-above-stick-meta":"","header-main-stick-meta":"","header-below-stick-meta":"","astra-migrate-meta-layouts":"default","ast-page-background-enabled":"default","ast-page-background-meta":{"desktop":{"background-color":"var(--ast-global-color-4)","background-image":"","background-repeat":"repeat","background-position":"center center","background-size":"auto","background-attachment":"scroll","background-type":"","background-media":"","overlay-type":"","overlay-color":"","overlay-opacity":"","overlay-gradient":""},"tablet":{"background-color":"","background-image":"","background-repeat":"repeat","background-position":"center center","background-size":"auto","background-attachment":"scroll","background-type":"","background-media":"","overlay-type":"","overlay-color":"","overlay-opacity":"","overlay-gradient":""},"mobile":{"background-color":"","background-image":"","background-repeat":"repeat","background-position":"center center","background-size":"auto","background-attachment":"scroll","background-type":"","background-media":"","overlay-type":"","overlay-color":"","overlay-opacity":"","overlay-gradient":""}},"ast-content-background-meta":{"desktop":{"background-color":"var(--ast-global-color-5)","background-image":"","background-repeat":"repeat","background-position":"center center","background-size":"auto","background-attachment":"scroll","background-type":"","background-media":"","overlay-type":"","overlay-color":"","overlay-opacity":"","overlay-gradient":""},"tablet":{"background-color":"var(--ast-global-color-5)","background-image":"","background-repeat":"repeat","background-position":"center center","background-size":"auto","background-attachment":"scroll","background-type":"","background-media":"","overlay-type":"","overlay-color":"","overlay-opacity":"","overlay-gradient":""},"mobile":{"background-color":"var(--ast-global-color-5)","background-image":"","background-repeat":"repeat","background-position":"center center","background-size":"auto","background-attachment":"scroll","background-type":"","background-media":"","overlay-type":"","overlay-color":"","overlay-opacity":"","overlay-gradient":""}},"footnotes":""},"class_list":["post-30","page","type-page","status-publish","hentry"],"post_mailing_queue_ids":[],"_links":{"self":[{"href":"https:\/\/agora.xtec.cat\/ceipsafa\/wp-json\/wp\/v2\/pages\/30","targetHints":{"allow":["GET"]}}],"collection":[{"href":"https:\/\/agora.xtec.cat\/ceipsafa\/wp-json\/wp\/v2\/pages"}],"about":[{"href":"https:\/\/agora.xtec.cat\/ceipsafa\/wp-json\/wp\/v2\/types\/page"}],"author":[{"embeddable":true,"href":"https:\/\/agora.xtec.cat\/ceipsafa\/wp-json\/wp\/v2\/users\/1"}],"replies":[{"embeddable":true,"href":"https:\/\/agora.xtec.cat\/ceipsafa\/wp-json\/wp\/v2\/comments?post=30"}],"version-history":[{"count":6,"href":"https:\/\/agora.xtec.cat\/ceipsafa\/wp-json\/wp\/v2\/pages\/30\/revisions"}],"predecessor-version":[{"id":1625,"href":"https:\/\/agora.xtec.cat\/ceipsafa\/wp-json\/wp\/v2\/pages\/30\/revisions\/1625"}],"up":[{"embeddable":true,"href":"https:\/\/agora.xtec.cat\/ceipsafa\/wp-json\/wp\/v2\/pages\/22"}],"wp:attachment":[{"href":"https:\/\/agora.xtec.cat\/ceipsafa\/wp-json\/wp\/v2\/media?parent=30"}],"curies":[{"name":"wp","href":"https:\/\/api.w.org\/{rel}","templated":true}]}}