{"id":1098,"date":"2024-03-01T15:14:56","date_gmt":"2024-03-01T14:14:56","guid":{"rendered":"https:\/\/agora.xtec.cat\/ceipsafa\/?page_id=1098"},"modified":"2025-03-11T10:49:30","modified_gmt":"2025-03-11T09:49:30","slug":"carta-de-compromis","status":"publish","type":"page","link":"https:\/\/agora.xtec.cat\/ceipsafa\/carta-de-compromis\/","title":{"rendered":"Carta de comprom\u00eds"},"content":{"rendered":"<p data-start=\"46\" data-end=\"314\">La <strong data-start=\"49\" data-end=\"80\">Carta de Comprom\u00eds Educatiu<\/strong> \u00e9s un document que estableix la col\u00b7laboraci\u00f3 entre l\u2019escola, les fam\u00edlies i l\u2019alumnat per garantir una educaci\u00f3 de qualitat. Defineix els drets i deures de cada part, promovent un entorn de respecte, esfor\u00e7 i conviv\u00e8ncia positiva.<\/p>\n<p data-start=\"316\" data-end=\"697\">Els compromisos principals inclouen:<br data-start=\"352\" data-end=\"355\" \/>\u2705 <strong data-start=\"357\" data-end=\"372\">Del centre:<\/strong> Oferir una educaci\u00f3 integral, un ambient segur i una comunicaci\u00f3 fluida amb les fam\u00edlies.<br data-start=\"462\" data-end=\"465\" data-is-only-node=\"\" \/>\u2705 <strong data-start=\"467\" data-end=\"487\">De les fam\u00edlies:<\/strong> Implicar-se en el seguiment acad\u00e8mic i el benestar dels infants, fomentant valors i h\u00e0bits d\u2019estudi.<br data-start=\"588\" data-end=\"591\" \/>\u2705 <strong data-start=\"593\" data-end=\"610\">De l\u2019alumnat:<\/strong> Respectar les normes, esfor\u00e7ar-se en els estudis i contribuir a la bona conviv\u00e8ncia.<\/p>\n<p data-start=\"699\" data-end=\"786\" data-is-last-node=\"\" data-is-only-node=\"\">Aquest document refor\u00e7a la responsabilitat compartida per l\u2019\u00e8xit educatiu dels infants.<\/p>\n<p>L&#8217;escola ha redactat de manera personalitzada la seva <a href=\"https:\/\/agora.xtec.cat\/ceipsafa\/wp-content\/uploads\/usu2193\/2025\/03\/CARTA-DE-COMPROMIS-EDUCATIU.pdf\">CARTA DE COMPROM\u00cdS EDUCATIU<\/a>\u00a0 \u00a0d&#8217;acord amb els principis que regeixen la nostra comunitat educativa.<\/p>\n<p>Equip directiu<\/p>\n<p>&nbsp;<\/p>\n","protected":false},"excerpt":{"rendered":"<p>La Carta de Comprom\u00eds Educatiu \u00e9s un document que estableix la col\u00b7laboraci\u00f3 entre l\u2019escola, les fam\u00edlies i l\u2019alumnat per garantir una educaci\u00f3 de qualitat. Defineix els drets i deures de cada part, promovent un entorn de respecte, esfor\u00e7 i conviv\u00e8ncia positiva. Els compromisos principals inclouen:\u2705 Del centre: Oferir una educaci\u00f3 integral, un ambient segur i [&hellip;]<\/p>\n","protected":false},"author":7,"featured_media":0,"parent":0,"menu_order":0,"comment_status":"closed","ping_status":"closed","template":"","meta":{"_bbp_topic_count":0,"_bbp_reply_count":0,"_bbp_total_topic_count":0,"_bbp_total_reply_count":0,"_bbp_voice_count":0,"_bbp_anonymous_reply_count":0,"_bbp_topic_count_hidden":0,"_bbp_reply_count_hidden":0,"_bbp_forum_subforum_count":0,"site-sidebar-layout":"default","site-content-layout":"","ast-site-content-layout":"","site-content-style":"default","site-sidebar-style":"default","ast-global-header-display":"","ast-banner-title-visibility":"","ast-main-header-display":"","ast-hfb-above-header-display":"","ast-hfb-below-header-display":"","ast-hfb-mobile-header-display":"","site-post-title":"","ast-breadcrumbs-content":"","ast-featured-img":"","footer-sml-layout":"","theme-transparent-header-meta":"","adv-header-id-meta":"","stick-header-meta":"","header-above-stick-meta":"","header-main-stick-meta":"","header-below-stick-meta":"","astra-migrate-meta-layouts":"default","ast-page-background-enabled":"default","ast-page-background-meta":{"desktop":{"background-color":"var(--ast-global-color-4)","background-image":"","background-repeat":"repeat","background-position":"center center","background-size":"auto","background-attachment":"scroll","background-type":"","background-media":"","overlay-type":"","overlay-color":"","overlay-opacity":"","overlay-gradient":""},"tablet":{"background-color":"","background-image":"","background-repeat":"repeat","background-position":"center center","background-size":"auto","background-attachment":"scroll","background-type":"","background-media":"","overlay-type":"","overlay-color":"","overlay-opacity":"","overlay-gradient":""},"mobile":{"background-color":"","background-image":"","background-repeat":"repeat","background-position":"center center","background-size":"auto","background-attachment":"scroll","background-type":"","background-media":"","overlay-type":"","overlay-color":"","overlay-opacity":"","overlay-gradient":""}},"ast-content-background-meta":{"desktop":{"background-color":"var(--ast-global-color-5)","background-image":"","background-repeat":"repeat","background-position":"center center","background-size":"auto","background-attachment":"scroll","background-type":"","background-media":"","overlay-type":"","overlay-color":"","overlay-opacity":"","overlay-gradient":""},"tablet":{"background-color":"var(--ast-global-color-5)","background-image":"","background-repeat":"repeat","background-position":"center center","background-size":"auto","background-attachment":"scroll","background-type":"","background-media":"","overlay-type":"","overlay-color":"","overlay-opacity":"","overlay-gradient":""},"mobile":{"background-color":"var(--ast-global-color-5)","background-image":"","background-repeat":"repeat","background-position":"center center","background-size":"auto","background-attachment":"scroll","background-type":"","background-media":"","overlay-type":"","overlay-color":"","overlay-opacity":"","overlay-gradient":""}},"footnotes":""},"class_list":["post-1098","page","type-page","status-publish","hentry"],"post_mailing_queue_ids":[],"_links":{"self":[{"href":"https:\/\/agora.xtec.cat\/ceipsafa\/wp-json\/wp\/v2\/pages\/1098","targetHints":{"allow":["GET"]}}],"collection":[{"href":"https:\/\/agora.xtec.cat\/ceipsafa\/wp-json\/wp\/v2\/pages"}],"about":[{"href":"https:\/\/agora.xtec.cat\/ceipsafa\/wp-json\/wp\/v2\/types\/page"}],"author":[{"embeddable":true,"href":"https:\/\/agora.xtec.cat\/ceipsafa\/wp-json\/wp\/v2\/users\/7"}],"replies":[{"embeddable":true,"href":"https:\/\/agora.xtec.cat\/ceipsafa\/wp-json\/wp\/v2\/comments?post=1098"}],"version-history":[{"count":3,"href":"https:\/\/agora.xtec.cat\/ceipsafa\/wp-json\/wp\/v2\/pages\/1098\/revisions"}],"predecessor-version":[{"id":1617,"href":"https:\/\/agora.xtec.cat\/ceipsafa\/wp-json\/wp\/v2\/pages\/1098\/revisions\/1617"}],"wp:attachment":[{"href":"https:\/\/agora.xtec.cat\/ceipsafa\/wp-json\/wp\/v2\/media?parent=1098"}],"curies":[{"name":"wp","href":"https:\/\/api.w.org\/{rel}","templated":true}]}}