{"id":73,"date":"2014-09-18T14:01:51","date_gmt":"2014-09-18T13:01:51","guid":{"rendered":"http:\/\/agora.xtec.cat\/ceipsab\/?page_id=73"},"modified":"2021-05-20T16:10:09","modified_gmt":"2021-05-20T14:10:09","slug":"menjador-escolar","status":"publish","type":"page","link":"https:\/\/agora.xtec.cat\/ceipsab\/serveis\/menjador-escolar\/","title":{"rendered":"Cuina pr\u00f2pia amb productes ecol\u00f2gics i de proximitat"},"content":{"rendered":"<p><span style=\"font-family: inherit; font-size: 1em;\">El menjar de l\u2019escola es realitza amb especial atenci\u00f3 als infants, comptant amb un equip especialitzat per a la realitzaci\u00f3 dels nostres men\u00fas.<\/span><\/p>\n<p>Comptem amb cuina pr\u00f2pia on oferim aliments de qualitat, ecol\u00f2gics i de proximitat, per a que els nostre infants desenvolupin el sentit del gust i el bon menjar, experimentant amb textures, olors, colors i gustos diferents.<\/p>\n<p><img loading=\"lazy\" decoding=\"async\" class=\"aligncenter wp-image-6608\" src=\"https:\/\/agora.xtec.cat\/ceipsab\/wp-content\/uploads\/usu1011\/2020\/09\/cuina-1024x768.jpg\" alt=\"\" width=\"555\" height=\"416\" srcset=\"https:\/\/agora.xtec.cat\/ceipsab\/wp-content\/uploads\/usu1011\/2020\/09\/cuina-1024x768.jpg 1024w, https:\/\/agora.xtec.cat\/ceipsab\/wp-content\/uploads\/usu1011\/2020\/09\/cuina-300x225.jpg 300w, https:\/\/agora.xtec.cat\/ceipsab\/wp-content\/uploads\/usu1011\/2020\/09\/cuina-768x576.jpg 768w, https:\/\/agora.xtec.cat\/ceipsab\/wp-content\/uploads\/usu1011\/2020\/09\/cuina-200x150.jpg 200w, https:\/\/agora.xtec.cat\/ceipsab\/wp-content\/uploads\/usu1011\/2020\/09\/cuina.jpg 1298w\" sizes=\"auto, (max-width: 555px) 100vw, 555px\" \/><\/p>\n<p><iframe loading=\"lazy\" title=\"VIDEO ALIMENTACI\u00d3 2021 05 19 10 20 31\" width=\"500\" height=\"281\" src=\"https:\/\/www.youtube.com\/embed\/jq6eDj3sdSc?feature=oembed\" frameborder=\"0\" allow=\"accelerometer; autoplay; clipboard-write; encrypted-media; gyroscope; picture-in-picture; web-share\" referrerpolicy=\"strict-origin-when-cross-origin\" allowfullscreen><\/iframe><\/p>\n<p><span style=\"border-radius: 2px; text-indent: 20px; width: auto; padding: 0px 4px 0px 0px; text-align: center; font: bold 11px\/20px 'Helvetica Neue',Helvetica,sans-serif; color: #ffffff; background: #bd081c no-repeat scroll 3px 50% \/ 14px 14px; position: absolute; opacity: 1; z-index: 8675309; display: none; cursor: pointer;\">Guardar<\/span><\/p>\n<p><span style=\"border-radius: 2px; text-indent: 20px; width: auto; padding: 0px 4px 0px 0px; text-align: center; font: bold 11px\/20px 'Helvetica Neue',Helvetica,sans-serif; color: #ffffff; background: #bd081c no-repeat scroll 3px 50% \/ 14px 14px; position: absolute; opacity: 1; z-index: 8675309; display: none; cursor: pointer;\">Guardar<\/span><\/p>\n<p><span style=\"border-radius: 2px; text-indent: 20px; width: auto; padding: 0px 4px 0px 0px; text-align: center; font: bold 11px\/20px 'Helvetica Neue',Helvetica,sans-serif; color: #ffffff; background: #bd081c no-repeat scroll 3px 50% \/ 14px 14px; position: absolute; opacity: 1; z-index: 8675309; display: none; cursor: pointer;\">Guardar<\/span><\/p>\n","protected":false},"excerpt":{"rendered":"<p>El menjar de l\u2019escola es realitza amb especial atenci\u00f3 als infants, comptant amb un equip especialitzat per a la realitzaci\u00f3 dels nostres men\u00fas.<br \/>\nComptem amb cuina pr\u00f2pia on oferim aliments de qualitat, ecol\u00f2gics i de proximitat, per a que els nostre infants desenvolupin el sentit del&hellip;  <a href=\"https:\/\/agora.xtec.cat\/ceipsab\/serveis\/menjador-escolar\/\" title=\"Read Cuina pr\u00f2pia amb productes ecol\u00f2gics i de proximitat\">Llegeix m\u00e9s\u00bb<\/a><\/p>\n","protected":false},"author":1,"featured_media":0,"parent":66,"menu_order":30,"comment_status":"closed","ping_status":"closed","template":"page-templates\/side-menu.php","meta":{"_bbp_topic_count":0,"_bbp_reply_count":0,"_bbp_total_topic_count":0,"_bbp_total_reply_count":0,"_bbp_voice_count":0,"_bbp_anonymous_reply_count":0,"_bbp_topic_count_hidden":0,"_bbp_reply_count_hidden":0,"_bbp_forum_subforum_count":0,"footnotes":""},"class_list":["post-73","page","type-page","status-publish","hentry"],"post_mailing_queue_ids":[],"_links":{"self":[{"href":"https:\/\/agora.xtec.cat\/ceipsab\/wp-json\/wp\/v2\/pages\/73","targetHints":{"allow":["GET"]}}],"collection":[{"href":"https:\/\/agora.xtec.cat\/ceipsab\/wp-json\/wp\/v2\/pages"}],"about":[{"href":"https:\/\/agora.xtec.cat\/ceipsab\/wp-json\/wp\/v2\/types\/page"}],"author":[{"embeddable":true,"href":"https:\/\/agora.xtec.cat\/ceipsab\/wp-json\/wp\/v2\/users\/1"}],"replies":[{"embeddable":true,"href":"https:\/\/agora.xtec.cat\/ceipsab\/wp-json\/wp\/v2\/comments?post=73"}],"version-history":[{"count":3,"href":"https:\/\/agora.xtec.cat\/ceipsab\/wp-json\/wp\/v2\/pages\/73\/revisions"}],"predecessor-version":[{"id":7691,"href":"https:\/\/agora.xtec.cat\/ceipsab\/wp-json\/wp\/v2\/pages\/73\/revisions\/7691"}],"up":[{"embeddable":true,"href":"https:\/\/agora.xtec.cat\/ceipsab\/wp-json\/wp\/v2\/pages\/66"}],"wp:attachment":[{"href":"https:\/\/agora.xtec.cat\/ceipsab\/wp-json\/wp\/v2\/media?parent=73"}],"curies":[{"name":"wp","href":"https:\/\/api.w.org\/{rel}","templated":true}]}}

Cuina pròpia amb productes ecològics i de proximitat

<p><span style="font-family: inherit; font-size: 1em;">El menjar de l’escola es realitza amb especial atenció als infants, comptant amb un equip especialitzat per a la realització dels nostres menús.</span></p>
<p>Comptem amb cuina pròpia on oferim aliments de qualitat, ecològics i de proximitat, per a que els nostre infants desenvolupin el sentit del gust i el bon menjar, experimentant amb textures, olors, colors i gustos diferents.</p>
<p><img loading="lazy" decoding="async" class="aligncenter wp-image-6608" src="https://agora.xtec.cat/ceipsab/wp-content/uploads/usu1011/2020/09/cuina-1024x768.jpg" alt="" width="555" height="416" srcset="https://agora.xtec.cat/ceipsab/wp-content/uploads/usu1011/2020/09/cuina-1024x768.jpg 1024w, https://agora.xtec.cat/ceipsab/wp-content/uploads/usu1011/2020/09/cuina-300x225.jpg 300w, https://agora.xtec.cat/ceipsab/wp-content/uploads/usu1011/2020/09/cuina-768x576.jpg 768w, https://agora.xtec.cat/ceipsab/wp-content/uploads/usu1011/2020/09/cuina-200x150.jpg 200w, https://agora.xtec.cat/ceipsab/wp-content/uploads/usu1011/2020/09/cuina.jpg 1298w" sizes="auto, (max-width: 555px) 100vw, 555px" /></p>
<p><iframe loading="lazy" title="VIDEO ALIMENTACIÓ 2021 05 19 10 20 31" width="500" height="281" src="https://www.youtube.com/embed/jq6eDj3sdSc?feature=oembed" frameborder="0" allow="accelerometer; autoplay; clipboard-write; encrypted-media; gyroscope; picture-in-picture; web-share" referrerpolicy="strict-origin-when-cross-origin" allowfullscreen></iframe></p>
<p><span style="border-radius: 2px; text-indent: 20px; width: auto; padding: 0px 4px 0px 0px; text-align: center; font: bold 11px/20px 'Helvetica Neue',Helvetica,sans-serif; color: #ffffff; background: #bd081c no-repeat scroll 3px 50% / 14px 14px; position: absolute; opacity: 1; z-index: 8675309; display: none; cursor: pointer;">Guardar</span></p>
<p><span style="border-radius: 2px; text-indent: 20px; width: auto; padding: 0px 4px 0px 0px; text-align: center; font: bold 11px/20px 'Helvetica Neue',Helvetica,sans-serif; color: #ffffff; background: #bd081c no-repeat scroll 3px 50% / 14px 14px; position: absolute; opacity: 1; z-index: 8675309; display: none; cursor: pointer;">Guardar</span></p>
<p><span style="border-radius: 2px; text-indent: 20px; width: auto; padding: 0px 4px 0px 0px; text-align: center; font: bold 11px/20px 'Helvetica Neue',Helvetica,sans-serif; color: #ffffff; background: #bd081c no-repeat scroll 3px 50% / 14px 14px; position: absolute; opacity: 1; z-index: 8675309; display: none; cursor: pointer;">Guardar</span></p>

<p>El menjar de l’escola es realitza amb especial atenció als infants, comptant amb un equip especialitzat per a la realització dels nostres menús.<br />
Comptem amb cuina pròpia on oferim aliments de qualitat, ecològics i de proximitat, per a que els nostre infants desenvolupin el sentit del&hellip;  <a href="https://agora.xtec.cat/ceipsab/serveis/menjador-escolar/" title="Read Cuina pròpia amb productes ecològics i de proximitat">Llegeix més»</a></p>
