{"id":7,"date":"2014-09-17T15:07:41","date_gmt":"2014-09-17T14:07:41","guid":{"rendered":"http:\/\/agora.xtec.cat\/ceipsab\/?page_id=7"},"modified":"2020-09-28T11:15:52","modified_gmt":"2020-09-28T09:15:52","slug":"pagines-dinici","status":"publish","type":"page","link":"https:\/\/agora.xtec.cat\/ceipsab\/pagines-dinici\/","title":{"rendered":"."},"content":{"rendered":"<p>Ja hi ha dates de preinscripci\u00f3 escolar d\u2019educaci\u00f3 infantil, educaci\u00f3 prim\u00e0ria i educaci\u00f3 secund\u00e0ria (ESO).<\/p>\n<p>La nostra oferta de places vacants pel curs vinent la podeu consultar clicant <a href=\"https:\/\/agora.xtec.cat\/ceipsab\/wp-content\/uploads\/usu1011\/2020\/05\/Oferta-inicial-places-20-21_INFORME_OFERTA_OME_INFORME_OFERTA_08_05_20-1.pdf\">aqu\u00ed.<\/a> <a href=\"https:\/\/agora.xtec.cat\/ceipsab\/wp-content\/uploads\/usu1011\/2020\/05\/Oferta-inicial-places-20-21_INFORME_OFERTA_OME_INFORME_OFERTA_08_05_20-1.pdf\" target=\"_blank\" rel=\"noopener noreferrer\" data-wp-editing=\"1\"><img loading=\"lazy\" decoding=\"async\" class=\"aligncenter wp-image-6126\" src=\"https:\/\/agora.xtec.cat\/ceipsab\/wp-content\/uploads\/usu1011\/2020\/05\/1.png\" alt=\"\" width=\"453\" height=\"262\" srcset=\"https:\/\/agora.xtec.cat\/ceipsab\/wp-content\/uploads\/usu1011\/2020\/05\/1.png 931w, https:\/\/agora.xtec.cat\/ceipsab\/wp-content\/uploads\/usu1011\/2020\/05\/1-300x174.png 300w, https:\/\/agora.xtec.cat\/ceipsab\/wp-content\/uploads\/usu1011\/2020\/05\/1-768x445.png 768w\" sizes=\"auto, (max-width: 453px) 100vw, 453px\" \/><\/a><\/p>\n<p>La preinscripci\u00f3 es podr\u00e0 fer del 13 al 22 de maig del 2020:<\/p>\n<ul>\n<li>De forma telem\u00e0tica del 13 al 22 de maig de 2020. Els proper dies us facilitarem l&#8217;enlla\u00e7 a traves del bloc.<\/li>\n<li>Un cop feta la preincripcio telem\u00e0tica, haureu de trametre el resguard de la sol\u00b7licitud, juntament amb tota la documentaci\u00f3 (pot estar escanejada o tamb\u00e9 serveix una fotografia), al correu oficial del centre que trieu en 1\u00aa opci\u00f3, en el nostre cas l\u2019adre\u00e7a de correu electr\u00f2nic \u00e9s <a href=\"mailto:a8060848@xtec.cat\">a8060848@xtec.cat<\/a>.<\/li>\n<li>Un cop rebem la vostra sol\u00b7licitud us respondrem confirmant-vos que l\u2019hem rebuda correctament.<\/li>\n<\/ul>\n<p>Aquelles fam\u00edlies que no ho puguin fer de forma telem\u00e0tica podran fer la preinscripci\u00f3 escolar de forma presencial del 19 al 22 de maig de 2020 demanant cita pr\u00e8via . <strong>Encara no est\u00e0 activa la gesti\u00f3 de cita pr\u00e8via. <\/strong>Tan bon punt, tinguem l&#8217;enlla\u00e7 de l&#8217;aplicatiu us el facilitarem a trav\u00e9s de la web del centre.<\/p>\n<p>Si demaneu la nostra escola com a primera opci\u00f3 tamb\u00e9 podeu demanar cita pr\u00e8via trucant per tel\u00e8fon al 667367983 (9h-15h), o contactant per correu electr\u00f2nic <a href=\"mailto:a8060848@xtec.cat\">a8060848@xtec.cat.<\/a><\/p>\n<p>Trobareu tota la informaci\u00f3 del proc\u00e9s de preinscripci\u00f3 i matriculaci\u00f3 a <a href=\"http:\/\/queestudiar.gencat.cat\/ca\/\">Estudiar a Catalunya.<\/a><\/p>\n<p>Si necessiteu aclarir dubtes podeu enviar un email al correu de l&#8217;escola o intentarem ajudar-vos. (<a href=\"mailto:a8060848@xtec.cat\">a8060848@xtec.cat).<\/a><\/p>\n","protected":false},"excerpt":{"rendered":"<p>Ja hi ha dates de preinscripci\u00f3 escolar d\u2019educaci\u00f3 infantil, educaci\u00f3 prim\u00e0ria i educaci\u00f3 secund\u00e0ria (ESO).<br \/>\nLa nostra oferta de places vacants pel curs vinent la podeu consultar clicant <a href=\"https:\/\/agora.xtec.cat\/ceipsab\/wp-content\/uploads\/usu1011\/2020\/05\/Oferta-inicial-places-20-21_INFORME_OFERTA_OME_INFORME_OFERTA_08_05_20-1.pdf\">aqu\u00ed.<\/a> <a href=\"https:\/\/agora.xtec.cat\/ceipsab\/wp-content\/uploads\/usu1011\/2020\/05\/Oferta-inicial-places-20-21_INFORME_OFERTA_OME_INFORME_OFERTA_08_05_20-1.pdf\" target=\"_blank\" rel=\"noopener noreferrer\" data-wp-editing=\"1\"><\/a><br \/>\nLa preinscripci\u00f3 es podr\u00e0 fer del 13 al 22 de maig&hellip;  <a href=\"https:\/\/agora.xtec.cat\/ceipsab\/pagines-dinici\/\" title=\"Read .\">Llegeix m\u00e9s\u00bb<\/a><\/p>\n","protected":false},"author":1,"featured_media":0,"parent":0,"menu_order":0,"comment_status":"closed","ping_status":"closed","template":"page-templates\/front-page.php","meta":{"_bbp_topic_count":0,"_bbp_reply_count":0,"_bbp_total_topic_count":0,"_bbp_total_reply_count":0,"_bbp_voice_count":0,"_bbp_anonymous_reply_count":0,"_bbp_topic_count_hidden":0,"_bbp_reply_count_hidden":0,"_bbp_forum_subforum_count":0,"footnotes":""},"class_list":["post-7","page","type-page","status-publish","hentry"],"post_mailing_queue_ids":[],"_links":{"self":[{"href":"https:\/\/agora.xtec.cat\/ceipsab\/wp-json\/wp\/v2\/pages\/7","targetHints":{"allow":["GET"]}}],"collection":[{"href":"https:\/\/agora.xtec.cat\/ceipsab\/wp-json\/wp\/v2\/pages"}],"about":[{"href":"https:\/\/agora.xtec.cat\/ceipsab\/wp-json\/wp\/v2\/types\/page"}],"author":[{"embeddable":true,"href":"https:\/\/agora.xtec.cat\/ceipsab\/wp-json\/wp\/v2\/users\/1"}],"replies":[{"embeddable":true,"href":"https:\/\/agora.xtec.cat\/ceipsab\/wp-json\/wp\/v2\/comments?post=7"}],"version-history":[{"count":3,"href":"https:\/\/agora.xtec.cat\/ceipsab\/wp-json\/wp\/v2\/pages\/7\/revisions"}],"predecessor-version":[{"id":6179,"href":"https:\/\/agora.xtec.cat\/ceipsab\/wp-json\/wp\/v2\/pages\/7\/revisions\/6179"}],"wp:attachment":[{"href":"https:\/\/agora.xtec.cat\/ceipsab\/wp-json\/wp\/v2\/media?parent=7"}],"curies":[{"name":"wp","href":"https:\/\/api.w.org\/{rel}","templated":true}]}}

<p>Ja hi ha dates de preinscripció escolar d’educació infantil, educació primària i educació secundària (ESO).</p>
<p>La nostra oferta de places vacants pel curs vinent la podeu consultar clicant <a href="https://agora.xtec.cat/ceipsab/wp-content/uploads/usu1011/2020/05/Oferta-inicial-places-20-21_INFORME_OFERTA_OME_INFORME_OFERTA_08_05_20-1.pdf">aquí.</a> <a href="https://agora.xtec.cat/ceipsab/wp-content/uploads/usu1011/2020/05/Oferta-inicial-places-20-21_INFORME_OFERTA_OME_INFORME_OFERTA_08_05_20-1.pdf" target="_blank" rel="noopener noreferrer" data-wp-editing="1"><img loading="lazy" decoding="async" class="aligncenter wp-image-6126" src="https://agora.xtec.cat/ceipsab/wp-content/uploads/usu1011/2020/05/1.png" alt="" width="453" height="262" srcset="https://agora.xtec.cat/ceipsab/wp-content/uploads/usu1011/2020/05/1.png 931w, https://agora.xtec.cat/ceipsab/wp-content/uploads/usu1011/2020/05/1-300x174.png 300w, https://agora.xtec.cat/ceipsab/wp-content/uploads/usu1011/2020/05/1-768x445.png 768w" sizes="auto, (max-width: 453px) 100vw, 453px" /></a></p>
<p>La preinscripció es podrà fer del 13 al 22 de maig del 2020:</p>
<ul>
<li>De forma telemàtica del 13 al 22 de maig de 2020. Els proper dies us facilitarem l&#8217;enllaç a traves del bloc.</li>
<li>Un cop feta la preincripcio telemàtica, haureu de trametre el resguard de la sol·licitud, juntament amb tota la documentació (pot estar escanejada o també serveix una fotografia), al correu oficial del centre que trieu en 1ª opció, en el nostre cas l’adreça de correu electrònic és <a href="mailto:a8060848@xtec.cat">a8060848@xtec.cat</a>.</li>
<li>Un cop rebem la vostra sol·licitud us respondrem confirmant-vos que l’hem rebuda correctament.</li>
</ul>
<p>Aquelles famílies que no ho puguin fer de forma telemàtica podran fer la preinscripció escolar de forma presencial del 19 al 22 de maig de 2020 demanant cita prèvia . <strong>Encara no està activa la gestió de cita prèvia. </strong>Tan bon punt, tinguem l&#8217;enllaç de l&#8217;aplicatiu us el facilitarem a través de la web del centre.</p>
<p>Si demaneu la nostra escola com a primera opció també podeu demanar cita prèvia trucant per telèfon al 667367983 (9h-15h), o contactant per correu electrònic <a href="mailto:a8060848@xtec.cat">a8060848@xtec.cat.</a></p>
<p>Trobareu tota la informació del procés de preinscripció i matriculació a <a href="http://queestudiar.gencat.cat/ca/">Estudiar a Catalunya.</a></p>
<p>Si necessiteu aclarir dubtes podeu enviar un email al correu de l&#8217;escola o intentarem ajudar-vos. (<a href="mailto:a8060848@xtec.cat">a8060848@xtec.cat).</a></p>

<p>Ja hi ha dates de preinscripció escolar d’educació infantil, educació primària i educació secundària (ESO).<br />
La nostra oferta de places vacants pel curs vinent la podeu consultar clicant <a href="https://agora.xtec.cat/ceipsab/wp-content/uploads/usu1011/2020/05/Oferta-inicial-places-20-21_INFORME_OFERTA_OME_INFORME_OFERTA_08_05_20-1.pdf">aquí.</a> <a href="https://agora.xtec.cat/ceipsab/wp-content/uploads/usu1011/2020/05/Oferta-inicial-places-20-21_INFORME_OFERTA_OME_INFORME_OFERTA_08_05_20-1.pdf" target="_blank" rel="noopener noreferrer" data-wp-editing="1"></a><br />
La preinscripció es podrà fer del 13 al 22 de maig&hellip;  <a href="https://agora.xtec.cat/ceipsab/pagines-dinici/" title="Read .">Llegeix més»</a></p>
