{"id":6610,"date":"2020-09-28T10:58:18","date_gmt":"2020-09-28T08:58:18","guid":{"rendered":"http:\/\/agora.xtec.cat\/ceipsab\/?page_id=6610"},"modified":"2020-09-28T11:05:03","modified_gmt":"2020-09-28T09:05:03","slug":"temps-de-menjador","status":"publish","type":"page","link":"https:\/\/agora.xtec.cat\/ceipsab\/serveis\/temps-de-menjador\/","title":{"rendered":"Temps de menjador"},"content":{"rendered":"<p>L\u2019estona de menjador es complementa amb activitats que ajuden als nostres infants a adquirir compet\u00e8ncies socials per fomentar el respecte i el companyerisme. Aix\u00ed, com la seva imaginaci\u00f3 i capacitats pl\u00e0stiques<\/p>\n<p><img loading=\"lazy\" decoding=\"async\" class=\"aligncenter wp-image-6611\" src=\"https:\/\/agora.xtec.cat\/ceipsab\/wp-content\/uploads\/usu1011\/2020\/09\/menjador-1024x771.jpg\" alt=\"\" width=\"417\" height=\"314\" srcset=\"https:\/\/agora.xtec.cat\/ceipsab\/wp-content\/uploads\/usu1011\/2020\/09\/menjador-1024x771.jpg 1024w, https:\/\/agora.xtec.cat\/ceipsab\/wp-content\/uploads\/usu1011\/2020\/09\/menjador-300x226.jpg 300w, https:\/\/agora.xtec.cat\/ceipsab\/wp-content\/uploads\/usu1011\/2020\/09\/menjador-768x579.jpg 768w, https:\/\/agora.xtec.cat\/ceipsab\/wp-content\/uploads\/usu1011\/2020\/09\/menjador-200x150.jpg 200w, https:\/\/agora.xtec.cat\/ceipsab\/wp-content\/uploads\/usu1011\/2020\/09\/menjador.jpg 1172w\" sizes=\"auto, (max-width: 417px) 100vw, 417px\" \/><\/p>\n<p>Volem que el temps del migdia estigui ple d\u2019activitats que ens ajudin a assolir els objectius del nostre projecte educatiu. Un projecte, elaborat especialment per als nostres infants, amb el que treballem les\u00a0 diferents problem\u00e0tiques que ens perjudiquen de forma directa o indirecta en el nostre quotidi\u00e0.<\/p>\n<p>El nostre projecte segueix una l\u00ednia de treball per mitj\u00e0 de racons (branques),\u00a0 ja que aquesta metodologia permet un aprenentatge\u00a0\u00a0 actiu on els protagonistes s\u00f3n els propis infants.<\/p>\n<p>Aquest any degut a les circumst\u00e0ncies del COVID-19, haurem d\u2019adaptar les activitats als protocols.<\/p>\n","protected":false},"excerpt":{"rendered":"<p>L\u2019estona de menjador es complementa amb activitats que ajuden als nostres infants a adquirir compet\u00e8ncies socials per fomentar el respecte i el companyerisme. Aix\u00ed, com la seva imaginaci\u00f3 i capacitats pl\u00e0stiques<\/p>\n<p>Volem que el temps del migdia estigui ple d\u2019activitats que ens ajudin a assolir els&hellip;  <a href=\"https:\/\/agora.xtec.cat\/ceipsab\/serveis\/temps-de-menjador\/\" title=\"Read Temps de menjador\">Llegeix m\u00e9s\u00bb<\/a><\/p>\n","protected":false},"author":3,"featured_media":0,"parent":66,"menu_order":30,"comment_status":"closed","ping_status":"closed","template":"page-templates\/side-menu.php","meta":{"_bbp_topic_count":0,"_bbp_reply_count":0,"_bbp_total_topic_count":0,"_bbp_total_reply_count":0,"_bbp_voice_count":0,"_bbp_anonymous_reply_count":0,"_bbp_topic_count_hidden":0,"_bbp_reply_count_hidden":0,"_bbp_forum_subforum_count":0,"footnotes":""},"class_list":["post-6610","page","type-page","status-publish","hentry"],"post_mailing_queue_ids":[],"_links":{"self":[{"href":"https:\/\/agora.xtec.cat\/ceipsab\/wp-json\/wp\/v2\/pages\/6610","targetHints":{"allow":["GET"]}}],"collection":[{"href":"https:\/\/agora.xtec.cat\/ceipsab\/wp-json\/wp\/v2\/pages"}],"about":[{"href":"https:\/\/agora.xtec.cat\/ceipsab\/wp-json\/wp\/v2\/types\/page"}],"author":[{"embeddable":true,"href":"https:\/\/agora.xtec.cat\/ceipsab\/wp-json\/wp\/v2\/users\/3"}],"replies":[{"embeddable":true,"href":"https:\/\/agora.xtec.cat\/ceipsab\/wp-json\/wp\/v2\/comments?post=6610"}],"version-history":[{"count":1,"href":"https:\/\/agora.xtec.cat\/ceipsab\/wp-json\/wp\/v2\/pages\/6610\/revisions"}],"predecessor-version":[{"id":6612,"href":"https:\/\/agora.xtec.cat\/ceipsab\/wp-json\/wp\/v2\/pages\/6610\/revisions\/6612"}],"up":[{"embeddable":true,"href":"https:\/\/agora.xtec.cat\/ceipsab\/wp-json\/wp\/v2\/pages\/66"}],"wp:attachment":[{"href":"https:\/\/agora.xtec.cat\/ceipsab\/wp-json\/wp\/v2\/media?parent=6610"}],"curies":[{"name":"wp","href":"https:\/\/api.w.org\/{rel}","templated":true}]}}

<p>L’estona de menjador es complementa amb activitats que ajuden als nostres infants a adquirir competències socials per fomentar el respecte i el companyerisme. Així, com la seva imaginació i capacitats plàstiques</p>
<p><img loading="lazy" decoding="async" class="aligncenter wp-image-6611" src="https://agora.xtec.cat/ceipsab/wp-content/uploads/usu1011/2020/09/menjador-1024x771.jpg" alt="" width="417" height="314" srcset="https://agora.xtec.cat/ceipsab/wp-content/uploads/usu1011/2020/09/menjador-1024x771.jpg 1024w, https://agora.xtec.cat/ceipsab/wp-content/uploads/usu1011/2020/09/menjador-300x226.jpg 300w, https://agora.xtec.cat/ceipsab/wp-content/uploads/usu1011/2020/09/menjador-768x579.jpg 768w, https://agora.xtec.cat/ceipsab/wp-content/uploads/usu1011/2020/09/menjador-200x150.jpg 200w, https://agora.xtec.cat/ceipsab/wp-content/uploads/usu1011/2020/09/menjador.jpg 1172w" sizes="auto, (max-width: 417px) 100vw, 417px" /></p>
<p>Volem que el temps del migdia estigui ple d’activitats que ens ajudin a assolir els objectius del nostre projecte educatiu. Un projecte, elaborat especialment per als nostres infants, amb el que treballem les  diferents problemàtiques que ens perjudiquen de forma directa o indirecta en el nostre quotidià.</p>
<p>El nostre projecte segueix una línia de treball per mitjà de racons (branques),  ja que aquesta metodologia permet un aprenentatge   actiu on els protagonistes són els propis infants.</p>
<p>Aquest any degut a les circumstàncies del COVID-19, haurem d’adaptar les activitats als protocols.</p>

<p>L’estona de menjador es complementa amb activitats que ajuden als nostres infants a adquirir competències socials per fomentar el respecte i el companyerisme. Així, com la seva imaginació i capacitats plàstiques</p>
<p>Volem que el temps del migdia estigui ple d’activitats que ens ajudin a assolir els&hellip;  <a href="https://agora.xtec.cat/ceipsab/serveis/temps-de-menjador/" title="Read Temps de menjador">Llegeix més»</a></p>
