{"id":4651,"date":"2019-10-21T15:52:21","date_gmt":"2019-10-21T13:52:21","guid":{"rendered":"http:\/\/agora.xtec.cat\/ceipsab\/?page_id=4651"},"modified":"2019-10-21T16:30:36","modified_gmt":"2019-10-21T14:30:36","slug":"consell-escolar-2","status":"publish","type":"page","link":"https:\/\/agora.xtec.cat\/ceipsab\/lescola\/consell-escolar-2\/","title":{"rendered":"Consell Escolar"},"content":{"rendered":"<p>&nbsp;<\/p>\n<p>El Consell Escolar \u00e9s l&#8217;\u00f2rgan de govern del centre educatiu, ja sigui de prim\u00e0ria o secund\u00e0ria.<\/p>\n<p>Est\u00e0 compost per els representants de tota la comunitat educativa, \u00e9s a dir, direcci\u00f3, professors, alumnes, fam\u00edlies, personal d\u2019administraci\u00f3 i serveis, representant de l\u2019administraci\u00f3 local i altres persones que el mateix consell consideri necess\u00e0ries.<\/p>\n<p>&nbsp;<\/p>\n<div class=\"FW_sArticleFoto\">\n<div class=\"FW_sEditPro\">\n<h5 id=\"FW_bloc_951ef9be-5613-11e4-9770-000c29cdf219_4\" class=\"FW_ancora\">Quina \u00e9s la funci\u00f3 del consell escolar ?<\/h5>\n<p>Corresponen al consell escolar les funcions seg\u00fcents:<\/p>\n<\/div>\n<div class=\"FW_sEditPro\">\n<ul>\n<li>Participar en l&#8217;aprovaci\u00f3 del projecte educatiu i les seves modificacions. El consell escolar ha de ser consultat pel director de manera preceptiva per valorar la proposta del projecte educatiu i manifestar el seu suport amb una majoria de les tres cinquenes parts dels membres.<\/li>\n<li>Participar en l&#8217;aprovaci\u00f3 de la programaci\u00f3 general anual, de les normes de funcionament i de la gesti\u00f3 econ\u00f2mica del centre. El consell escolar ha de ser consultat de manera preceptiva per valorar cada una de les propostes i manifestar el seu suport per majoria simple dels membres.<\/li>\n<li>Avaluar l&#8217;aplicaci\u00f3 del projecte educatiu i de les seves modificacions aix\u00ed com de la resta de documents de gesti\u00f3 del centre.<\/li>\n<li>Aprovar les propostes d&#8217;acords de coresponsabilitat, convenis i altres acords de col\u00b7laboraci\u00f3 del centre amb entitats i institucions.<\/li>\n<li>Intervenir en el procediment d&#8217;admissi\u00f3 d&#8217;alumnes.<\/li>\n<li>Participar en el procediment de selecci\u00f3 i en la proposta de cessament del director o directora.<\/li>\n<li>Intervenir en la resoluci\u00f3 dels conflictes i, si escau, revisar les sancions als alumnes.<\/li>\n<li>Aprovar les directrius per a la programaci\u00f3 d&#8217;activitats escolars complement\u00e0ries i d&#8217;activitats extraescolars, i avaluar-ne el desenvolupament.<\/li>\n<li>Participar en les an\u00e0lisis i les avaluacions del funcionament general del centre i con\u00e8ixer l&#8217;evoluci\u00f3 del rendiment escolar.<\/li>\n<li>Aprovar els criteris de col\u00b7laboraci\u00f3 amb altres centres i amb l&#8217;entorn.<\/li>\n<li>Qualsevol altre que li sigui atribu\u00efda per les normes legals o reglament\u00e0ries<\/li>\n<\/ul>\n<\/div>\n<p>&nbsp;<\/p>\n<div class=\"FW_sEditPro\">\n<h5 id=\"FW_bloc_951ef9be-5613-11e4-9770-000c29cdf219_4\" class=\"FW_ancora\">Quin \u00e9s el funcionament del consell escolar ?<\/h5>\n<div class=\"col-xs-12 columna_esquerra\">\n<div class=\"cos_bloc basic_text_peq pd-15\">\n<p>El consell escolar ha d&#8217;aprovar les seves normes de funcionament. En all\u00f2 que no estigui previst s&#8217;han d&#8217;aplicar les normes reguladores dels \u00f2rgans col\u00b7legiats de l&#8217;Administraci\u00f3 de la Generalitat.<\/p>\n<p>El consell escolar del centre es reuneix preceptivament una vegada al trimestre i sempre que el convoca el director o directora del centre o ho sol\u00b7licita al menys un ter\u00e7 de les seves persones membres. A m\u00e9s, s&#8217;ha de fer una reuni\u00f3 a principi de curs i una altra a la seva finalitzaci\u00f3.<\/p>\n<p>El consell escolar actua normalment en ple. Es poden constituir comissions espec\u00edfiques d\u2019estudi i informaci\u00f3, a les quals, en tot cas, s\u2019hi ha d\u2019incorporar la direcci\u00f3 del centre, o en la seva representaci\u00f3, un altre \u00f2rgan\u00a0unipersonal de direcci\u00f3,\u00a0un professor o professora, i un alumne o alumna o un representant o una representant de les mares i els pares. Els centres de titularitat p\u00fablica, a m\u00e9s, hi ha d&#8217;haver preceptivament\u00a0una <strong>comissi\u00f3 econ\u00f2mica<\/strong> que supervisa la gesti\u00f3 econ\u00f2mica del centre.<\/p>\n<h5><\/h5>\n<h5>Com es renoven els membres del consell escolar ?<\/h5>\n<\/div>\n<\/div>\n<div>\n<div id=\"bloc5\">\n<div>\n<div>\n<div>\n<div id=\"bloc6\">\n<div>\n<div>\n<p>Les persones del consell escolar s\u00f3n elegides per un per\u00edode de quatre anys i es renoven per meitats cada dos anys.<\/p>\n<p>Les eleccions per a la constituci\u00f3 o renovaci\u00f3 de membres del consell escolar, les convoca el director o directora del centre p\u00fablic, amb quinze dies d\u2019antelaci\u00f3, dintre del per\u00edode que fixa el Departament d\u2019Ensenyament.<\/p>\n<p>Les vacants del consell escolar s\u2019han d\u2019ocupar pel procediment establert a les normes d\u2019organitzaci\u00f3 i funcionament del centre; si aquestes no ho preveuen, les ha d\u2019ocupar la seg\u00fcent candidatura m\u00e9s votada en les darreres eleccions. Si no hi ha m\u00e9s candidats o candidates per cobrir-les, romanen sense cobrir fins a la propera renovaci\u00f3 del consell escolar.<\/p>\n<p>La condici\u00f3 de membre del consell escolar es perd quan es deixa el c\u00e0rrec que comporta ser-ne membre, quan es deixa de complir algun dels requisits per ser elegible o quan l\u2019\u00f2rgan que l\u2019ha designat en revoca la designaci\u00f3.<\/p>\n<p>&nbsp;<\/p>\n<\/div>\n<\/div>\n<\/div>\n<\/div>\n<\/div>\n<\/div>\n<\/div>\n<\/div>\n<\/div>\n<\/div>\n","protected":false},"excerpt":{"rendered":"<p>&nbsp;<br \/>\nEl Consell Escolar \u00e9s l&#8217;\u00f2rgan de govern del centre educatiu, ja sigui de prim\u00e0ria o secund\u00e0ria.<br \/>\nEst\u00e0 compost per els representants de tota la comunitat educativa, \u00e9s a dir, direcci\u00f3, professors, alumnes, fam\u00edlies, personal d\u2019administraci\u00f3 i serveis, representant de l\u2019administraci\u00f3 local i altres persones que el&hellip;  <a href=\"https:\/\/agora.xtec.cat\/ceipsab\/lescola\/consell-escolar-2\/\" title=\"Read Consell Escolar\">Llegeix m\u00e9s\u00bb<\/a><\/p>\n","protected":false},"author":3,"featured_media":0,"parent":22,"menu_order":4,"comment_status":"closed","ping_status":"closed","template":"","meta":{"_bbp_topic_count":0,"_bbp_reply_count":0,"_bbp_total_topic_count":0,"_bbp_total_reply_count":0,"_bbp_voice_count":0,"_bbp_anonymous_reply_count":0,"_bbp_topic_count_hidden":0,"_bbp_reply_count_hidden":0,"_bbp_forum_subforum_count":0,"footnotes":""},"class_list":["post-4651","page","type-page","status-publish","hentry"],"post_mailing_queue_ids":[],"_links":{"self":[{"href":"https:\/\/agora.xtec.cat\/ceipsab\/wp-json\/wp\/v2\/pages\/4651","targetHints":{"allow":["GET"]}}],"collection":[{"href":"https:\/\/agora.xtec.cat\/ceipsab\/wp-json\/wp\/v2\/pages"}],"about":[{"href":"https:\/\/agora.xtec.cat\/ceipsab\/wp-json\/wp\/v2\/types\/page"}],"author":[{"embeddable":true,"href":"https:\/\/agora.xtec.cat\/ceipsab\/wp-json\/wp\/v2\/users\/3"}],"replies":[{"embeddable":true,"href":"https:\/\/agora.xtec.cat\/ceipsab\/wp-json\/wp\/v2\/comments?post=4651"}],"version-history":[{"count":3,"href":"https:\/\/agora.xtec.cat\/ceipsab\/wp-json\/wp\/v2\/pages\/4651\/revisions"}],"predecessor-version":[{"id":4666,"href":"https:\/\/agora.xtec.cat\/ceipsab\/wp-json\/wp\/v2\/pages\/4651\/revisions\/4666"}],"up":[{"embeddable":true,"href":"https:\/\/agora.xtec.cat\/ceipsab\/wp-json\/wp\/v2\/pages\/22"}],"wp:attachment":[{"href":"https:\/\/agora.xtec.cat\/ceipsab\/wp-json\/wp\/v2\/media?parent=4651"}],"curies":[{"name":"wp","href":"https:\/\/api.w.org\/{rel}","templated":true}]}}

<p>&nbsp;</p>
<p>El Consell Escolar és l&#8217;òrgan de govern del centre educatiu, ja sigui de primària o secundària.</p>
<p>Està compost per els representants de tota la comunitat educativa, és a dir, direcció, professors, alumnes, famílies, personal d’administració i serveis, representant de l’administració local i altres persones que el mateix consell consideri necessàries.</p>
<p>&nbsp;</p>
<div class="FW_sArticleFoto">
<div class="FW_sEditPro">
<h5 id="FW_bloc_951ef9be-5613-11e4-9770-000c29cdf219_4" class="FW_ancora">Quina és la funció del consell escolar ?</h5>
<p>Corresponen al consell escolar les funcions següents:</p>
</div>
<div class="FW_sEditPro">
<ul>
<li>Participar en l&#8217;aprovació del projecte educatiu i les seves modificacions. El consell escolar ha de ser consultat pel director de manera preceptiva per valorar la proposta del projecte educatiu i manifestar el seu suport amb una majoria de les tres cinquenes parts dels membres.</li>
<li>Participar en l&#8217;aprovació de la programació general anual, de les normes de funcionament i de la gestió econòmica del centre. El consell escolar ha de ser consultat de manera preceptiva per valorar cada una de les propostes i manifestar el seu suport per majoria simple dels membres.</li>
<li>Avaluar l&#8217;aplicació del projecte educatiu i de les seves modificacions així com de la resta de documents de gestió del centre.</li>
<li>Aprovar les propostes d&#8217;acords de coresponsabilitat, convenis i altres acords de col·laboració del centre amb entitats i institucions.</li>
<li>Intervenir en el procediment d&#8217;admissió d&#8217;alumnes.</li>
<li>Participar en el procediment de selecció i en la proposta de cessament del director o directora.</li>
<li>Intervenir en la resolució dels conflictes i, si escau, revisar les sancions als alumnes.</li>
<li>Aprovar les directrius per a la programació d&#8217;activitats escolars complementàries i d&#8217;activitats extraescolars, i avaluar-ne el desenvolupament.</li>
<li>Participar en les anàlisis i les avaluacions del funcionament general del centre i conèixer l&#8217;evolució del rendiment escolar.</li>
<li>Aprovar els criteris de col·laboració amb altres centres i amb l&#8217;entorn.</li>
<li>Qualsevol altre que li sigui atribuïda per les normes legals o reglamentàries</li>
</ul>
</div>
<p>&nbsp;</p>
<div class="FW_sEditPro">
<h5 id="FW_bloc_951ef9be-5613-11e4-9770-000c29cdf219_4" class="FW_ancora">Quin és el funcionament del consell escolar ?</h5>
<div class="col-xs-12 columna_esquerra">
<div class="cos_bloc basic_text_peq pd-15">
<p>El consell escolar ha d&#8217;aprovar les seves normes de funcionament. En allò que no estigui previst s&#8217;han d&#8217;aplicar les normes reguladores dels òrgans col·legiats de l&#8217;Administració de la Generalitat.</p>
<p>El consell escolar del centre es reuneix preceptivament una vegada al trimestre i sempre que el convoca el director o directora del centre o ho sol·licita al menys un terç de les seves persones membres. A més, s&#8217;ha de fer una reunió a principi de curs i una altra a la seva finalització.</p>
<p>El consell escolar actua normalment en ple. Es poden constituir comissions específiques d’estudi i informació, a les quals, en tot cas, s’hi ha d’incorporar la direcció del centre, o en la seva representació, un altre òrgan unipersonal de direcció, un professor o professora, i un alumne o alumna o un representant o una representant de les mares i els pares. Els centres de titularitat pública, a més, hi ha d&#8217;haver preceptivament una <strong>comissió econòmica</strong> que supervisa la gestió econòmica del centre.</p>
<h5></h5>
<h5>Com es renoven els membres del consell escolar ?</h5>
</div>
</div>
<div>
<div id="bloc5">
<div>
<div>
<div>
<div id="bloc6">
<div>
<div>
<p>Les persones del consell escolar són elegides per un període de quatre anys i es renoven per meitats cada dos anys.</p>
<p>Les eleccions per a la constitució o renovació de membres del consell escolar, les convoca el director o directora del centre públic, amb quinze dies d’antelació, dintre del període que fixa el Departament d’Ensenyament.</p>
<p>Les vacants del consell escolar s’han d’ocupar pel procediment establert a les normes d’organització i funcionament del centre; si aquestes no ho preveuen, les ha d’ocupar la següent candidatura més votada en les darreres eleccions. Si no hi ha més candidats o candidates per cobrir-les, romanen sense cobrir fins a la propera renovació del consell escolar.</p>
<p>La condició de membre del consell escolar es perd quan es deixa el càrrec que comporta ser-ne membre, quan es deixa de complir algun dels requisits per ser elegible o quan l’òrgan que l’ha designat en revoca la designació.</p>
<p>&nbsp;</p>
</div>
</div>
</div>
</div>
</div>
</div>
</div>
</div>
</div>
</div>

<p>&nbsp;<br />
El Consell Escolar és l&#8217;òrgan de govern del centre educatiu, ja sigui de primària o secundària.<br />
Està compost per els representants de tota la comunitat educativa, és a dir, direcció, professors, alumnes, famílies, personal d’administració i serveis, representant de l’administració local i altres persones que el&hellip;  <a href="https://agora.xtec.cat/ceipsab/lescola/consell-escolar-2/" title="Read Consell Escolar">Llegeix més»</a></p>
