{"id":36,"date":"2014-09-18T12:33:11","date_gmt":"2014-09-18T11:33:11","guid":{"rendered":"http:\/\/agora.xtec.cat\/ceipsab\/?page_id=36"},"modified":"2025-09-05T10:28:33","modified_gmt":"2025-09-05T08:28:33","slug":"material-escolar","status":"publish","type":"page","link":"https:\/\/agora.xtec.cat\/ceipsab\/lescola\/material-escolar\/","title":{"rendered":"Material escolar"},"content":{"rendered":"<p>Les relacions del material necessari per a l\u2019activitat escolar curricular han estat elaborades pel claustre de professorat adequant-les al nivell i\/o cicle que cursa l\u2019alumnat i d\u2019acord amb els objectius establerts en la programaci\u00f3 anual de centre i en cadascuna de les aules i cicles educatius.<\/p>\n<p><strong>EDUCACI\u00d3 INFANTIL<\/strong><\/p>\n<p>Tot el material que es fa servir a la classe \u00e9s d&#8217;\u00fas col\u00b7lectiu. L&#8217;escola continuar\u00e0 prestant el servei de subministrament de material escolar en el benent\u00e8s que les fam\u00edlies aportaran de forma volunt\u00e0ria la contraprestaci\u00f3 econ\u00f2mica corresponent per sufragar el cost del material del curs . Respectem escrupolosament\u00a0 la condici\u00f3 de car\u00e0cter no lucratiu pel centre.<\/p>\n<p><strong>EDUCACI\u00d3 PRIM\u00c0RIA<br \/>\n<\/strong><\/p>\n<p style=\"text-align: left;\">A Educaci\u00f3 Prim\u00e0ria s&#8217;utilitza material d&#8217;\u00fas individual que han de portar de casa i material d&#8217;\u00fas col\u00b7lectiu. L&#8217;escola continuar\u00e0 prestant el servei de subministrament de material escolar d&#8217;\u00fas col\u00b7lectiu en el benent\u00e8s que les fam\u00edlies aportin de forma volunt\u00e0ria la contraprestaci\u00f3 econ\u00f2mica corresponent per sufragar el cost del material del curs . Respectem escrupolosament\u00a0 la condici\u00f3 de car\u00e0cter no lucratiu pel centre.<\/p>\n<p style=\"text-align: left;\">Els alumnes han d\u2019utilitzar amb cura i respecte tot el material:<\/p>\n<p style=\"text-align: left;\" data-wp-editing=\"1\"><a href=\"http:\/\/agora.xtec.cat\/ceipsab\/wp-content\/uploads\/usu1011\/2014\/09\/MATERIAL-ESCOLAR-2.pdf\"><img loading=\"lazy\" decoding=\"async\" class=\"wp-image-1173 aligncenter\" src=\"http:\/\/agora.xtec.cat\/ceipsab\/wp-content\/uploads\/usu1011\/2014\/09\/\u00fatiles-escolares.jpg\" alt=\"utiles-escolares\" width=\"178\" height=\"125\" srcset=\"https:\/\/agora.xtec.cat\/ceipsab\/wp-content\/uploads\/usu1011\/2014\/09\/\u00fatiles-escolares.jpg 471w, https:\/\/agora.xtec.cat\/ceipsab\/wp-content\/uploads\/usu1011\/2014\/09\/\u00fatiles-escolares-300x211.jpg 300w\" sizes=\"auto, (max-width: 178px) 100vw, 178px\" \/><\/a><\/p>\n<p style=\"text-align: left;\">La nostra escola tamb\u00e9 utilitza llibres de text de diferents editorials:<\/p>\n<p><img loading=\"lazy\" decoding=\"async\" class=\"wp-image-1177 aligncenter\" src=\"http:\/\/agora.xtec.cat\/ceipsab\/wp-content\/uploads\/usu1011\/2014\/09\/libros_texto.gif\" alt=\"libros_texto\" width=\"154\" height=\"137\" \/><\/p>\n<p>&nbsp;<\/p>\n","protected":false},"excerpt":{"rendered":"<p>Les relacions del material necessari per a l\u2019activitat escolar curricular han estat elaborades pel claustre de professorat adequant-les al nivell i\/o cicle que cursa l\u2019alumnat i d\u2019acord amb els objectius establerts en la programaci\u00f3 anual de centre i en cadascuna de les aules i cicles&hellip;  <a href=\"https:\/\/agora.xtec.cat\/ceipsab\/lescola\/material-escolar\/\" title=\"Read Material escolar\">Llegeix m\u00e9s\u00bb<\/a><\/p>\n","protected":false},"author":1,"featured_media":1173,"parent":22,"menu_order":7,"comment_status":"closed","ping_status":"closed","template":"page-templates\/side-menu.php","meta":{"_bbp_topic_count":0,"_bbp_reply_count":0,"_bbp_total_topic_count":0,"_bbp_total_reply_count":0,"_bbp_voice_count":0,"_bbp_anonymous_reply_count":0,"_bbp_topic_count_hidden":0,"_bbp_reply_count_hidden":0,"_bbp_forum_subforum_count":0,"footnotes":""},"class_list":["post-36","page","type-page","status-publish","has-post-thumbnail","hentry"],"post_mailing_queue_ids":[],"_links":{"self":[{"href":"https:\/\/agora.xtec.cat\/ceipsab\/wp-json\/wp\/v2\/pages\/36","targetHints":{"allow":["GET"]}}],"collection":[{"href":"https:\/\/agora.xtec.cat\/ceipsab\/wp-json\/wp\/v2\/pages"}],"about":[{"href":"https:\/\/agora.xtec.cat\/ceipsab\/wp-json\/wp\/v2\/types\/page"}],"author":[{"embeddable":true,"href":"https:\/\/agora.xtec.cat\/ceipsab\/wp-json\/wp\/v2\/users\/1"}],"replies":[{"embeddable":true,"href":"https:\/\/agora.xtec.cat\/ceipsab\/wp-json\/wp\/v2\/comments?post=36"}],"version-history":[{"count":4,"href":"https:\/\/agora.xtec.cat\/ceipsab\/wp-json\/wp\/v2\/pages\/36\/revisions"}],"predecessor-version":[{"id":12227,"href":"https:\/\/agora.xtec.cat\/ceipsab\/wp-json\/wp\/v2\/pages\/36\/revisions\/12227"}],"up":[{"embeddable":true,"href":"https:\/\/agora.xtec.cat\/ceipsab\/wp-json\/wp\/v2\/pages\/22"}],"wp:featuredmedia":[{"embeddable":true,"href":"https:\/\/agora.xtec.cat\/ceipsab\/wp-json\/wp\/v2\/media\/1173"}],"wp:attachment":[{"href":"https:\/\/agora.xtec.cat\/ceipsab\/wp-json\/wp\/v2\/media?parent=36"}],"curies":[{"name":"wp","href":"https:\/\/api.w.org\/{rel}","templated":true}]}}

<p>Les relacions del material necessari per a l’activitat escolar curricular han estat elaborades pel claustre de professorat adequant-les al nivell i/o cicle que cursa l’alumnat i d’acord amb els objectius establerts en la programació anual de centre i en cadascuna de les aules i cicles educatius.</p>
<p><strong>EDUCACIÓ INFANTIL</strong></p>
<p>Tot el material que es fa servir a la classe és d&#8217;ús col·lectiu. L&#8217;escola continuarà prestant el servei de subministrament de material escolar en el benentès que les famílies aportaran de forma voluntària la contraprestació econòmica corresponent per sufragar el cost del material del curs . Respectem escrupolosament  la condició de caràcter no lucratiu pel centre.</p>
<p><strong>EDUCACIÓ PRIMÀRIA<br />
</strong></p>
<p style="text-align: left;">A Educació Primària s&#8217;utilitza material d&#8217;ús individual que han de portar de casa i material d&#8217;ús col·lectiu. L&#8217;escola continuarà prestant el servei de subministrament de material escolar d&#8217;ús col·lectiu en el benentès que les famílies aportin de forma voluntària la contraprestació econòmica corresponent per sufragar el cost del material del curs . Respectem escrupolosament  la condició de caràcter no lucratiu pel centre.</p>
<p style="text-align: left;">Els alumnes han d’utilitzar amb cura i respecte tot el material:</p>
<p style="text-align: left;" data-wp-editing="1"><a href="http://agora.xtec.cat/ceipsab/wp-content/uploads/usu1011/2014/09/MATERIAL-ESCOLAR-2.pdf"><img loading="lazy" decoding="async" class="wp-image-1173 aligncenter" src="http://agora.xtec.cat/ceipsab/wp-content/uploads/usu1011/2014/09/útiles-escolares.jpg" alt="utiles-escolares" width="178" height="125" srcset="https://agora.xtec.cat/ceipsab/wp-content/uploads/usu1011/2014/09/útiles-escolares.jpg 471w, https://agora.xtec.cat/ceipsab/wp-content/uploads/usu1011/2014/09/útiles-escolares-300x211.jpg 300w" sizes="auto, (max-width: 178px) 100vw, 178px" /></a></p>
<p style="text-align: left;">La nostra escola també utilitza llibres de text de diferents editorials:</p>
<p><img loading="lazy" decoding="async" class="wp-image-1177 aligncenter" src="http://agora.xtec.cat/ceipsab/wp-content/uploads/usu1011/2014/09/libros_texto.gif" alt="libros_texto" width="154" height="137" /></p>
<p>&nbsp;</p>

<p>Les relacions del material necessari per a l’activitat escolar curricular han estat elaborades pel claustre de professorat adequant-les al nivell i/o cicle que cursa l’alumnat i d’acord amb els objectius establerts en la programació anual de centre i en cadascuna de les aules i cicles&hellip;  <a href="https://agora.xtec.cat/ceipsab/lescola/material-escolar/" title="Read Material escolar">Llegeix més»</a></p>
