{"id":26,"date":"2014-09-18T12:24:32","date_gmt":"2014-09-18T10:24:32","guid":{"rendered":"http:\/\/agora.xtec.cat\/ceipsab\/?page_id=26"},"modified":"2019-10-21T15:26:49","modified_gmt":"2019-10-21T13:26:49","slug":"historia","status":"publish","type":"page","link":"https:\/\/agora.xtec.cat\/ceipsab\/lescola\/historia\/","title":{"rendered":"Hist\u00f2ria"},"content":{"rendered":"<p>L\u2019Escola Sant Andreu de la Barca\u00a0 est\u00e0 ubicada al sector Pla de l\u2019Estaci\u00f3 i carrers contigus, barri caracteritzat per una situaci\u00f3 de canvi accelerat degut al creixement demogr\u00e0fic de la poblaci\u00f3. Les persones arribades de nou s\u00f3n majorit\u00e0riament joves.<\/p>\n<p>L\u2019Escola va comen\u00e7ar a funcionar el curs 2003-2004 en una aula habilitada a l\u2019edifici ubicat a la pla\u00e7a Anselm Clav\u00e9 (Antic Ajuntament). A l\u2019inici del curs 2006-2007, ens vam traslladar al nou centre, situat al carrer Josep Tarradellas.<\/p>\n<p>Actualment la nostra escola est\u00e0 formada per dues l\u00ednies de P3 a 6\u00e8.<\/p>\n<p>&nbsp;<\/p>\n","protected":false},"excerpt":{"rendered":"<p>L\u2019Escola Sant Andreu de la Barca\u00a0 est\u00e0 ubicada al sector Pla de l\u2019Estaci\u00f3 i carrers contigus, barri caracteritzat per una situaci\u00f3 de canvi accelerat degut al creixement demogr\u00e0fic de la poblaci\u00f3. Les persones arribades de nou s\u00f3n majorit\u00e0riament joves.<br \/>\nL\u2019Escola va comen\u00e7ar a funcionar el curs&hellip;  <a href=\"https:\/\/agora.xtec.cat\/ceipsab\/lescola\/historia\/\" title=\"Read Hist\u00f2ria\">Llegeix m\u00e9s\u00bb<\/a><\/p>\n","protected":false},"author":1,"featured_media":0,"parent":22,"menu_order":2,"comment_status":"closed","ping_status":"closed","template":"page-templates\/side-menu.php","meta":{"_bbp_topic_count":0,"_bbp_reply_count":0,"_bbp_total_topic_count":0,"_bbp_total_reply_count":0,"_bbp_voice_count":0,"_bbp_anonymous_reply_count":0,"_bbp_topic_count_hidden":0,"_bbp_reply_count_hidden":0,"_bbp_forum_subforum_count":0,"footnotes":""},"class_list":["post-26","page","type-page","status-publish","hentry"],"post_mailing_queue_ids":[],"_links":{"self":[{"href":"https:\/\/agora.xtec.cat\/ceipsab\/wp-json\/wp\/v2\/pages\/26","targetHints":{"allow":["GET"]}}],"collection":[{"href":"https:\/\/agora.xtec.cat\/ceipsab\/wp-json\/wp\/v2\/pages"}],"about":[{"href":"https:\/\/agora.xtec.cat\/ceipsab\/wp-json\/wp\/v2\/types\/page"}],"author":[{"embeddable":true,"href":"https:\/\/agora.xtec.cat\/ceipsab\/wp-json\/wp\/v2\/users\/1"}],"replies":[{"embeddable":true,"href":"https:\/\/agora.xtec.cat\/ceipsab\/wp-json\/wp\/v2\/comments?post=26"}],"version-history":[{"count":5,"href":"https:\/\/agora.xtec.cat\/ceipsab\/wp-json\/wp\/v2\/pages\/26\/revisions"}],"predecessor-version":[{"id":4638,"href":"https:\/\/agora.xtec.cat\/ceipsab\/wp-json\/wp\/v2\/pages\/26\/revisions\/4638"}],"up":[{"embeddable":true,"href":"https:\/\/agora.xtec.cat\/ceipsab\/wp-json\/wp\/v2\/pages\/22"}],"wp:attachment":[{"href":"https:\/\/agora.xtec.cat\/ceipsab\/wp-json\/wp\/v2\/media?parent=26"}],"curies":[{"name":"wp","href":"https:\/\/api.w.org\/{rel}","templated":true}]}}

Història

<p>L’Escola Sant Andreu de la Barca  està ubicada al sector Pla de l’Estació i carrers contigus, barri caracteritzat per una situació de canvi accelerat degut al creixement demogràfic de la població. Les persones arribades de nou són majoritàriament joves.</p>
<p>L’Escola va començar a funcionar el curs 2003-2004 en una aula habilitada a l’edifici ubicat a la plaça Anselm Clavé (Antic Ajuntament). A l’inici del curs 2006-2007, ens vam traslladar al nou centre, situat al carrer Josep Tarradellas.</p>
<p>Actualment la nostra escola està formada per dues línies de P3 a 6è.</p>
<p>&nbsp;</p>

<p>L’Escola Sant Andreu de la Barca  està ubicada al sector Pla de l’Estació i carrers contigus, barri caracteritzat per una situació de canvi accelerat degut al creixement demogràfic de la població. Les persones arribades de nou són majoritàriament joves.<br />
L’Escola va començar a funcionar el curs&hellip;  <a href="https://agora.xtec.cat/ceipsab/lescola/historia/" title="Read Història">Llegeix més»</a></p>
