{"id":649,"date":"2023-06-21T14:18:10","date_gmt":"2023-06-21T12:18:10","guid":{"rendered":"https:\/\/agora.xtec.cat\/ceiprossendmontane\/?page_id=649"},"modified":"2024-06-27T11:34:32","modified_gmt":"2024-06-27T09:34:32","slug":"teatre","status":"publish","type":"page","link":"https:\/\/agora.xtec.cat\/ceiprossendmontane\/pagina-dinici-buida\/teatre\/","title":{"rendered":"Art\u00edstic"},"content":{"rendered":"<p>Des de l&#8217;escola realitzem diferents tallers i activitats per a desenvolupar la capacitat art\u00edstica de l&#8217;alumnat des de vessants molt diverses. Intentem potenciar l&#8217;art en totes les seves manifestacions, \u00e9s per aix\u00f2 que en els darrers cursos hem realitzat entre d&#8217;altres, projectes vinculats amb l&#8217;art pl\u00e0stic i amb l&#8217;art esc\u00e8nic.<\/p>\n<p><a href=\"https:\/\/drive.google.com\/file\/d\/1Fg9n9I5zuP9UE8Gp3VK8R0lZjuQCkabm\/view?usp=drive_link\">\u00a0 \u00a0 \u00a0 \u00a0 \u00a0 \u00a0 \u00a0 \u00a0 \u00a0 \u00a0 \u00a0 \u00a0 \u00a0 \u00a0 <img loading=\"lazy\" decoding=\"async\" class=\"alignnone wp-image-772\" src=\"https:\/\/agora.xtec.cat\/ceiprossendmontane\/wp-content\/uploads\/usu2330\/2023\/06\/Copia-de-Private-Learning-Logo-5.jpg\" alt=\"\" width=\"283\" height=\"283\" srcset=\"https:\/\/agora.xtec.cat\/ceiprossendmontane\/wp-content\/uploads\/usu2330\/2023\/06\/Copia-de-Private-Learning-Logo-5.jpg 500w, https:\/\/agora.xtec.cat\/ceiprossendmontane\/wp-content\/uploads\/usu2330\/2023\/06\/Copia-de-Private-Learning-Logo-5-300x300.jpg 300w, https:\/\/agora.xtec.cat\/ceiprossendmontane\/wp-content\/uploads\/usu2330\/2023\/06\/Copia-de-Private-Learning-Logo-5-150x150.jpg 150w\" sizes=\"auto, (max-width: 283px) 100vw, 283px\" \/><\/a><a href=\"https:\/\/drive.google.com\/file\/d\/1fTvNheNA3gmYO6IJdM1KHmJN5_X0__bI\/view?usp=drive_link\"><img loading=\"lazy\" decoding=\"async\" class=\"alignnone wp-image-771\" src=\"https:\/\/agora.xtec.cat\/ceiprossendmontane\/wp-content\/uploads\/usu2330\/2023\/06\/Copia-de-Private-Learning-Logo-6.jpg\" alt=\"\" width=\"282\" height=\"282\" srcset=\"https:\/\/agora.xtec.cat\/ceiprossendmontane\/wp-content\/uploads\/usu2330\/2023\/06\/Copia-de-Private-Learning-Logo-6.jpg 500w, https:\/\/agora.xtec.cat\/ceiprossendmontane\/wp-content\/uploads\/usu2330\/2023\/06\/Copia-de-Private-Learning-Logo-6-300x300.jpg 300w, https:\/\/agora.xtec.cat\/ceiprossendmontane\/wp-content\/uploads\/usu2330\/2023\/06\/Copia-de-Private-Learning-Logo-6-150x150.jpg 150w\" sizes=\"auto, (max-width: 282px) 100vw, 282px\" \/><\/a><a href=\"https:\/\/drive.google.com\/file\/d\/1F_3EE28necWtWwj85fXFY_AOYAokiMTo\/view?usp=sharing\"><img loading=\"lazy\" decoding=\"async\" class=\"wp-image-1538 alignnone\" src=\"https:\/\/agora.xtec.cat\/ceiprossendmontane\/wp-content\/uploads\/usu2330\/2024\/06\/Copia-de-Private-Learning-Logo.jpg\" alt=\"\" width=\"286\" height=\"286\" srcset=\"https:\/\/agora.xtec.cat\/ceiprossendmontane\/wp-content\/uploads\/usu2330\/2024\/06\/Copia-de-Private-Learning-Logo.jpg 500w, https:\/\/agora.xtec.cat\/ceiprossendmontane\/wp-content\/uploads\/usu2330\/2024\/06\/Copia-de-Private-Learning-Logo-300x300.jpg 300w, https:\/\/agora.xtec.cat\/ceiprossendmontane\/wp-content\/uploads\/usu2330\/2024\/06\/Copia-de-Private-Learning-Logo-150x150.jpg 150w\" sizes=\"auto, (max-width: 286px) 100vw, 286px\" \/><\/a><\/p>\n<p>&nbsp;<\/p>\n","protected":false},"excerpt":{"rendered":"<p>Des de l&#8217;escola realitzem diferents tallers i activitats per a desenvolupar la capacitat art\u00edstica de l&#8217;alumnat des de vessants molt diverses. Intentem potenciar l&#8217;art en totes les seves manifestacions, \u00e9s per aix\u00f2 que en els darrers cursos hem realitzat entre d&#8217;altres, projectes vinculats amb l&#8217;art&hellip;  <a href=\"https:\/\/agora.xtec.cat\/ceiprossendmontane\/pagina-dinici-buida\/teatre\/\" title=\"Read Art\u00edstic\">Llegeix m\u00e9s\u00bb<\/a><\/p>\n","protected":false},"author":1,"featured_media":0,"parent":9,"menu_order":90,"comment_status":"closed","ping_status":"closed","template":"page-templates\/side-menu.php","meta":{"_bbp_topic_count":0,"_bbp_reply_count":0,"_bbp_total_topic_count":0,"_bbp_total_reply_count":0,"_bbp_voice_count":0,"_bbp_anonymous_reply_count":0,"_bbp_topic_count_hidden":0,"_bbp_reply_count_hidden":0,"_bbp_forum_subforum_count":0,"footnotes":""},"class_list":["post-649","page","type-page","status-publish","hentry"],"post_mailing_queue_ids":[],"_links":{"self":[{"href":"https:\/\/agora.xtec.cat\/ceiprossendmontane\/wp-json\/wp\/v2\/pages\/649","targetHints":{"allow":["GET"]}}],"collection":[{"href":"https:\/\/agora.xtec.cat\/ceiprossendmontane\/wp-json\/wp\/v2\/pages"}],"about":[{"href":"https:\/\/agora.xtec.cat\/ceiprossendmontane\/wp-json\/wp\/v2\/types\/page"}],"author":[{"embeddable":true,"href":"https:\/\/agora.xtec.cat\/ceiprossendmontane\/wp-json\/wp\/v2\/users\/1"}],"replies":[{"embeddable":true,"href":"https:\/\/agora.xtec.cat\/ceiprossendmontane\/wp-json\/wp\/v2\/comments?post=649"}],"version-history":[{"count":6,"href":"https:\/\/agora.xtec.cat\/ceiprossendmontane\/wp-json\/wp\/v2\/pages\/649\/revisions"}],"predecessor-version":[{"id":1539,"href":"https:\/\/agora.xtec.cat\/ceiprossendmontane\/wp-json\/wp\/v2\/pages\/649\/revisions\/1539"}],"up":[{"embeddable":true,"href":"https:\/\/agora.xtec.cat\/ceiprossendmontane\/wp-json\/wp\/v2\/pages\/9"}],"wp:attachment":[{"href":"https:\/\/agora.xtec.cat\/ceiprossendmontane\/wp-json\/wp\/v2\/media?parent=649"}],"curies":[{"name":"wp","href":"https:\/\/api.w.org\/{rel}","templated":true}]}}

Artístic

<p>Des de l&#8217;escola realitzem diferents tallers i activitats per a desenvolupar la capacitat artística de l&#8217;alumnat des de vessants molt diverses. Intentem potenciar l&#8217;art en totes les seves manifestacions, és per això que en els darrers cursos hem realitzat entre d&#8217;altres, projectes vinculats amb l&#8217;art plàstic i amb l&#8217;art escènic.</p>
<p><a href="https://drive.google.com/file/d/1Fg9n9I5zuP9UE8Gp3VK8R0lZjuQCkabm/view?usp=drive_link">                            <img loading="lazy" decoding="async" class="alignnone wp-image-772" src="https://agora.xtec.cat/ceiprossendmontane/wp-content/uploads/usu2330/2023/06/Copia-de-Private-Learning-Logo-5.jpg" alt="" width="283" height="283" srcset="https://agora.xtec.cat/ceiprossendmontane/wp-content/uploads/usu2330/2023/06/Copia-de-Private-Learning-Logo-5.jpg 500w, https://agora.xtec.cat/ceiprossendmontane/wp-content/uploads/usu2330/2023/06/Copia-de-Private-Learning-Logo-5-300x300.jpg 300w, https://agora.xtec.cat/ceiprossendmontane/wp-content/uploads/usu2330/2023/06/Copia-de-Private-Learning-Logo-5-150x150.jpg 150w" sizes="auto, (max-width: 283px) 100vw, 283px" /></a><a href="https://drive.google.com/file/d/1fTvNheNA3gmYO6IJdM1KHmJN5_X0__bI/view?usp=drive_link"><img loading="lazy" decoding="async" class="alignnone wp-image-771" src="https://agora.xtec.cat/ceiprossendmontane/wp-content/uploads/usu2330/2023/06/Copia-de-Private-Learning-Logo-6.jpg" alt="" width="282" height="282" srcset="https://agora.xtec.cat/ceiprossendmontane/wp-content/uploads/usu2330/2023/06/Copia-de-Private-Learning-Logo-6.jpg 500w, https://agora.xtec.cat/ceiprossendmontane/wp-content/uploads/usu2330/2023/06/Copia-de-Private-Learning-Logo-6-300x300.jpg 300w, https://agora.xtec.cat/ceiprossendmontane/wp-content/uploads/usu2330/2023/06/Copia-de-Private-Learning-Logo-6-150x150.jpg 150w" sizes="auto, (max-width: 282px) 100vw, 282px" /></a><a href="https://drive.google.com/file/d/1F_3EE28necWtWwj85fXFY_AOYAokiMTo/view?usp=sharing"><img loading="lazy" decoding="async" class="wp-image-1538 alignnone" src="https://agora.xtec.cat/ceiprossendmontane/wp-content/uploads/usu2330/2024/06/Copia-de-Private-Learning-Logo.jpg" alt="" width="286" height="286" srcset="https://agora.xtec.cat/ceiprossendmontane/wp-content/uploads/usu2330/2024/06/Copia-de-Private-Learning-Logo.jpg 500w, https://agora.xtec.cat/ceiprossendmontane/wp-content/uploads/usu2330/2024/06/Copia-de-Private-Learning-Logo-300x300.jpg 300w, https://agora.xtec.cat/ceiprossendmontane/wp-content/uploads/usu2330/2024/06/Copia-de-Private-Learning-Logo-150x150.jpg 150w" sizes="auto, (max-width: 286px) 100vw, 286px" /></a></p>
<p>&nbsp;</p>

<p>Des de l&#8217;escola realitzem diferents tallers i activitats per a desenvolupar la capacitat artística de l&#8217;alumnat des de vessants molt diverses. Intentem potenciar l&#8217;art en totes les seves manifestacions, és per això que en els darrers cursos hem realitzat entre d&#8217;altres, projectes vinculats amb l&#8217;art&hellip;  <a href="https://agora.xtec.cat/ceiprossendmontane/pagina-dinici-buida/teatre/" title="Read Artístic">Llegeix més»</a></p>
