{"id":648,"date":"2023-06-21T14:18:10","date_gmt":"2023-06-21T12:18:10","guid":{"rendered":"https:\/\/agora.xtec.cat\/ceiprossendmontane\/?page_id=648"},"modified":"2024-01-22T11:40:45","modified_gmt":"2024-01-22T10:40:45","slug":"autors-a-laula","status":"publish","type":"page","link":"https:\/\/agora.xtec.cat\/ceiprossendmontane\/pagina-dinici-buida\/autors-a-laula\/","title":{"rendered":"Pla d&#8217;impuls a la lectura"},"content":{"rendered":"<p>La compet\u00e8ncia lectora \u00e9s la base de molts aprenentatges i un requisit per participar amb \u00e8xit en bona part dels \u00e0mbits de la vida adulta. \u00c9s per aix\u00f2 que des de l&#8217;escola es realitzen diverses activitats per motivar i incentivar la lectura en tot l&#8217;alumnat.<\/p>\n<p><a href=\"https:\/\/drive.google.com\/file\/d\/1IwJ1Al6BPSAc54HHeyE3SWHVDma60sMh\/view?usp=drive_link\">\u00a0 \u00a0 \u00a0 \u00a0 \u00a0 \u00a0 \u00a0 \u00a0 \u00a0 \u00a0 \u00a0 \u00a0 \u00a0 \u00a0 \u00a0 \u00a0 \u00a0 \u00a0 \u00a0 \u00a0 \u00a0<img loading=\"lazy\" decoding=\"async\" class=\"alignnone wp-image-833\" src=\"https:\/\/agora.xtec.cat\/ceiprossendmontane\/wp-content\/uploads\/usu2330\/2023\/06\/Copia-de-Private-Learning-Logo-9.jpg\" alt=\"\" width=\"285\" height=\"285\" srcset=\"https:\/\/agora.xtec.cat\/ceiprossendmontane\/wp-content\/uploads\/usu2330\/2023\/06\/Copia-de-Private-Learning-Logo-9.jpg 500w, https:\/\/agora.xtec.cat\/ceiprossendmontane\/wp-content\/uploads\/usu2330\/2023\/06\/Copia-de-Private-Learning-Logo-9-300x300.jpg 300w, https:\/\/agora.xtec.cat\/ceiprossendmontane\/wp-content\/uploads\/usu2330\/2023\/06\/Copia-de-Private-Learning-Logo-9-150x150.jpg 150w\" sizes=\"auto, (max-width: 285px) 100vw, 285px\" \/> \u00a0 \u00a0<\/a><a href=\"https:\/\/drive.google.com\/file\/d\/1t8A7JTsj7-m_i-VpUOFd1qKjiuQP-ZZJ\/view?usp=drive_link\"><img loading=\"lazy\" decoding=\"async\" class=\"alignnone wp-image-835\" src=\"https:\/\/agora.xtec.cat\/ceiprossendmontane\/wp-content\/uploads\/usu2330\/2023\/06\/Copia-de-Private-Learning-Logo-10.jpg\" alt=\"\" width=\"282\" height=\"282\" srcset=\"https:\/\/agora.xtec.cat\/ceiprossendmontane\/wp-content\/uploads\/usu2330\/2023\/06\/Copia-de-Private-Learning-Logo-10.jpg 500w, https:\/\/agora.xtec.cat\/ceiprossendmontane\/wp-content\/uploads\/usu2330\/2023\/06\/Copia-de-Private-Learning-Logo-10-300x300.jpg 300w, https:\/\/agora.xtec.cat\/ceiprossendmontane\/wp-content\/uploads\/usu2330\/2023\/06\/Copia-de-Private-Learning-Logo-10-150x150.jpg 150w\" sizes=\"auto, (max-width: 282px) 100vw, 282px\" \/><\/a><\/p>\n<p>&nbsp;<\/p>\n<p>&nbsp;<\/p>\n","protected":false},"excerpt":{"rendered":"<p>La compet\u00e8ncia lectora \u00e9s la base de molts aprenentatges i un requisit per participar amb \u00e8xit en bona part dels \u00e0mbits de la vida adulta. \u00c9s per aix\u00f2 que des de l&#8217;escola es realitzen diverses activitats per motivar i incentivar la lectura en tot l&#8217;alumnat.<br \/>\n<a&hellip;  <a href=\"https:\/\/agora.xtec.cat\/ceiprossendmontane\/pagina-dinici-buida\/autors-a-laula\/\" title=\"Read Pla d&#8217;impuls a la lectura\">Llegeix m\u00e9s\u00bb<\/a><\/p>\n","protected":false},"author":1,"featured_media":0,"parent":9,"menu_order":70,"comment_status":"closed","ping_status":"closed","template":"page-templates\/side-menu.php","meta":{"_bbp_topic_count":0,"_bbp_reply_count":0,"_bbp_total_topic_count":0,"_bbp_total_reply_count":0,"_bbp_voice_count":0,"_bbp_anonymous_reply_count":0,"_bbp_topic_count_hidden":0,"_bbp_reply_count_hidden":0,"_bbp_forum_subforum_count":0,"footnotes":""},"class_list":["post-648","page","type-page","status-publish","hentry"],"post_mailing_queue_ids":[],"_links":{"self":[{"href":"https:\/\/agora.xtec.cat\/ceiprossendmontane\/wp-json\/wp\/v2\/pages\/648","targetHints":{"allow":["GET"]}}],"collection":[{"href":"https:\/\/agora.xtec.cat\/ceiprossendmontane\/wp-json\/wp\/v2\/pages"}],"about":[{"href":"https:\/\/agora.xtec.cat\/ceiprossendmontane\/wp-json\/wp\/v2\/types\/page"}],"author":[{"embeddable":true,"href":"https:\/\/agora.xtec.cat\/ceiprossendmontane\/wp-json\/wp\/v2\/users\/1"}],"replies":[{"embeddable":true,"href":"https:\/\/agora.xtec.cat\/ceiprossendmontane\/wp-json\/wp\/v2\/comments?post=648"}],"version-history":[{"count":4,"href":"https:\/\/agora.xtec.cat\/ceiprossendmontane\/wp-json\/wp\/v2\/pages\/648\/revisions"}],"predecessor-version":[{"id":864,"href":"https:\/\/agora.xtec.cat\/ceiprossendmontane\/wp-json\/wp\/v2\/pages\/648\/revisions\/864"}],"up":[{"embeddable":true,"href":"https:\/\/agora.xtec.cat\/ceiprossendmontane\/wp-json\/wp\/v2\/pages\/9"}],"wp:attachment":[{"href":"https:\/\/agora.xtec.cat\/ceiprossendmontane\/wp-json\/wp\/v2\/media?parent=648"}],"curies":[{"name":"wp","href":"https:\/\/api.w.org\/{rel}","templated":true}]}}

<p>La competència lectora és la base de molts aprenentatges i un requisit per participar amb èxit en bona part dels àmbits de la vida adulta. És per això que des de l&#8217;escola es realitzen diverses activitats per motivar i incentivar la lectura en tot l&#8217;alumnat.</p>
<p><a href="https://drive.google.com/file/d/1IwJ1Al6BPSAc54HHeyE3SWHVDma60sMh/view?usp=drive_link">                                         <img loading="lazy" decoding="async" class="alignnone wp-image-833" src="https://agora.xtec.cat/ceiprossendmontane/wp-content/uploads/usu2330/2023/06/Copia-de-Private-Learning-Logo-9.jpg" alt="" width="285" height="285" srcset="https://agora.xtec.cat/ceiprossendmontane/wp-content/uploads/usu2330/2023/06/Copia-de-Private-Learning-Logo-9.jpg 500w, https://agora.xtec.cat/ceiprossendmontane/wp-content/uploads/usu2330/2023/06/Copia-de-Private-Learning-Logo-9-300x300.jpg 300w, https://agora.xtec.cat/ceiprossendmontane/wp-content/uploads/usu2330/2023/06/Copia-de-Private-Learning-Logo-9-150x150.jpg 150w" sizes="auto, (max-width: 285px) 100vw, 285px" />    </a><a href="https://drive.google.com/file/d/1t8A7JTsj7-m_i-VpUOFd1qKjiuQP-ZZJ/view?usp=drive_link"><img loading="lazy" decoding="async" class="alignnone wp-image-835" src="https://agora.xtec.cat/ceiprossendmontane/wp-content/uploads/usu2330/2023/06/Copia-de-Private-Learning-Logo-10.jpg" alt="" width="282" height="282" srcset="https://agora.xtec.cat/ceiprossendmontane/wp-content/uploads/usu2330/2023/06/Copia-de-Private-Learning-Logo-10.jpg 500w, https://agora.xtec.cat/ceiprossendmontane/wp-content/uploads/usu2330/2023/06/Copia-de-Private-Learning-Logo-10-300x300.jpg 300w, https://agora.xtec.cat/ceiprossendmontane/wp-content/uploads/usu2330/2023/06/Copia-de-Private-Learning-Logo-10-150x150.jpg 150w" sizes="auto, (max-width: 282px) 100vw, 282px" /></a></p>
<p>&nbsp;</p>
<p>&nbsp;</p>

<p>La competència lectora és la base de molts aprenentatges i un requisit per participar amb èxit en bona part dels àmbits de la vida adulta. És per això que des de l&#8217;escola es realitzen diverses activitats per motivar i incentivar la lectura en tot l&#8217;alumnat.<br />
<a&hellip;  <a href="https://agora.xtec.cat/ceiprossendmontane/pagina-dinici-buida/autors-a-laula/" title="Read Pla d&#8217;impuls a la lectura">Llegeix més»</a></p>
