{"id":647,"date":"2023-06-21T14:18:10","date_gmt":"2023-06-21T12:18:10","guid":{"rendered":"https:\/\/agora.xtec.cat\/ceiprossendmontane\/?page_id=647"},"modified":"2024-01-22T11:41:02","modified_gmt":"2024-01-22T10:41:02","slug":"jornada-literaria","status":"publish","type":"page","link":"https:\/\/agora.xtec.cat\/ceiprossendmontane\/pagina-dinici-buida\/jornada-literaria\/","title":{"rendered":"Jornada liter\u00e0ria"},"content":{"rendered":"<p>L&#8217;objectiu de la jornada liter\u00e0ria \u00e9s apropar l&#8217;educaci\u00f3 art\u00edstica a l&#8217;alumnat al mateix temps que treballem valors de manera transversal. A trav\u00e9s d&#8217;animacions lectores musicalitzades i acompanyats dels\/les il\u00b7lustradors\/es dels contes, acostem el m\u00f3n art\u00edstic als infants fomentant la sensibilitzaci\u00f3 envers l&#8217;art.<\/p>\n<p>&nbsp;<\/p>\n<p><a href=\"https:\/\/agora.xtec.cat\/ceiprossendmontane\/wp-content\/uploads\/usu2330\/2023\/06\/IMG_1787.jpg\">\u00a0 \u00a0 \u00a0 \u00a0 \u00a0 \u00a0 \u00a0 \u00a0 \u00a0 \u00a0 \u00a0 \u00a0 \u00a0 \u00a0 <img loading=\"lazy\" decoding=\"async\" class=\"alignnone wp-image-747\" src=\"https:\/\/agora.xtec.cat\/ceiprossendmontane\/wp-content\/uploads\/usu2330\/2023\/06\/IMG_1787.jpg\" alt=\"\" width=\"344\" height=\"258\" srcset=\"https:\/\/agora.xtec.cat\/ceiprossendmontane\/wp-content\/uploads\/usu2330\/2023\/06\/IMG_1787.jpg 1024w, https:\/\/agora.xtec.cat\/ceiprossendmontane\/wp-content\/uploads\/usu2330\/2023\/06\/IMG_1787-300x225.jpg 300w, https:\/\/agora.xtec.cat\/ceiprossendmontane\/wp-content\/uploads\/usu2330\/2023\/06\/IMG_1787-768x576.jpg 768w, https:\/\/agora.xtec.cat\/ceiprossendmontane\/wp-content\/uploads\/usu2330\/2023\/06\/IMG_1787-200x150.jpg 200w\" sizes=\"auto, (max-width: 344px) 100vw, 344px\" \/><\/a>\u00a0 \u00a0 \u00a0 \u00a0 \u00a0 \u00a0 \u00a0<a href=\"https:\/\/agora.xtec.cat\/ceiprossendmontane\/wp-content\/uploads\/usu2330\/2023\/06\/IMG_2643-1.jpg\"><img loading=\"lazy\" decoding=\"async\" class=\"alignnone wp-image-692\" src=\"https:\/\/agora.xtec.cat\/ceiprossendmontane\/wp-content\/uploads\/usu2330\/2023\/06\/IMG_2643-1.jpg\" alt=\"\" width=\"347\" height=\"260\" srcset=\"https:\/\/agora.xtec.cat\/ceiprossendmontane\/wp-content\/uploads\/usu2330\/2023\/06\/IMG_2643-1.jpg 1024w, https:\/\/agora.xtec.cat\/ceiprossendmontane\/wp-content\/uploads\/usu2330\/2023\/06\/IMG_2643-1-300x225.jpg 300w, https:\/\/agora.xtec.cat\/ceiprossendmontane\/wp-content\/uploads\/usu2330\/2023\/06\/IMG_2643-1-768x576.jpg 768w, https:\/\/agora.xtec.cat\/ceiprossendmontane\/wp-content\/uploads\/usu2330\/2023\/06\/IMG_2643-1-200x150.jpg 200w\" sizes=\"auto, (max-width: 347px) 100vw, 347px\" \/><\/a><\/p>\n<p><a style=\"color: #2795b6;\" href=\"https:\/\/agora.xtec.cat\/ceiprossendmontane\/wp-content\/uploads\/usu2330\/2023\/06\/IMG_2922.jpg\">\u00a0 \u00a0 \u00a0 \u00a0 \u00a0 \u00a0 \u00a0 \u00a0 \u00a0 \u00a0 \u00a0 \u00a0 <\/a><\/p>\n<p style=\"text-align: left;\"><a style=\"color: #2795b6;\" href=\"https:\/\/agora.xtec.cat\/ceiprossendmontane\/wp-content\/uploads\/usu2330\/2023\/06\/IMG_2922.jpg\">\u00a0 \u00a0 \u00a0 \u00a0 \u00a0 \u00a0 \u00a0 \u00a0 \u00a0 \u00a0 \u00a0 \u00a0 \u00a0 \u00a0 <img loading=\"lazy\" decoding=\"async\" class=\"alignnone wp-image-689\" src=\"https:\/\/agora.xtec.cat\/ceiprossendmontane\/wp-content\/uploads\/usu2330\/2023\/06\/IMG_2922.jpg\" alt=\"\" width=\"341\" height=\"255\" srcset=\"https:\/\/agora.xtec.cat\/ceiprossendmontane\/wp-content\/uploads\/usu2330\/2023\/06\/IMG_2922.jpg 1024w, https:\/\/agora.xtec.cat\/ceiprossendmontane\/wp-content\/uploads\/usu2330\/2023\/06\/IMG_2922-300x225.jpg 300w, https:\/\/agora.xtec.cat\/ceiprossendmontane\/wp-content\/uploads\/usu2330\/2023\/06\/IMG_2922-768x576.jpg 768w, https:\/\/agora.xtec.cat\/ceiprossendmontane\/wp-content\/uploads\/usu2330\/2023\/06\/IMG_2922-200x150.jpg 200w\" sizes=\"auto, (max-width: 341px) 100vw, 341px\" \/>\u00a0 \u00a0 \u00a0 \u00a0 \u00a0 \u00a0 \u00a0 <\/a><a href=\"https:\/\/agora.xtec.cat\/ceiprossendmontane\/wp-content\/uploads\/usu2330\/2023\/06\/IMG_8366-1.jpg\"><img loading=\"lazy\" decoding=\"async\" class=\"alignnone wp-image-841\" src=\"https:\/\/agora.xtec.cat\/ceiprossendmontane\/wp-content\/uploads\/usu2330\/2023\/06\/IMG_8366-1.jpg\" alt=\"\" width=\"342\" height=\"261\" srcset=\"https:\/\/agora.xtec.cat\/ceiprossendmontane\/wp-content\/uploads\/usu2330\/2023\/06\/IMG_8366-1.jpg 1024w, https:\/\/agora.xtec.cat\/ceiprossendmontane\/wp-content\/uploads\/usu2330\/2023\/06\/IMG_8366-1-300x229.jpg 300w, https:\/\/agora.xtec.cat\/ceiprossendmontane\/wp-content\/uploads\/usu2330\/2023\/06\/IMG_8366-1-768x586.jpg 768w\" sizes=\"auto, (max-width: 342px) 100vw, 342px\" \/><\/a><\/p>\n<p>\u00a0 \u00a0 \u00a0 \u00a0 \u00a0 \u00a0 \u00a0 \u00a0 \u00a0 \u00a0 \u00a0 \u00a0 \u00a0 \u00a0 \u00a0 \u00a0 \u00a0 \u00a0 \u00a0 \u00a0 \u00a0 \u00a0 \u00a0 \u00a0 \u00a0 \u00a0 \u00a0 \u00a0 \u00a0 \u00a0 \u00a0 \u00a0 \u00a0 \u00a0 \u00a0 \u00a0 \u00a0 \u00a0 \u00a0 \u00a0 \u00a0 \u00a0 \u00a0 \u00a0 \u00a0 \u00a0 \u00a0 \u00a0 \u00a0 \u00a0 \u00a0 \u00a0 \u00a0 \u00a0 \u00a0 \u00a0 \u00a0 \u00a0 \u00a0 \u00a0 \u00a0 \u00a0 \u00a0 \u00a0 \u00a0 \u00a0 \u00a0 \u00a0 \u00a0 \u00a0 \u00a0 \u00a0 \u00a0 <a href=\"https:\/\/drive.google.com\/file\/d\/1jXM2Pa_qO671TJ9uCpEGImBni9hCxN5t\/view?usp=drive_link\">V\u00cdDEO<\/a><\/p>\n","protected":false},"excerpt":{"rendered":"<p>L&#8217;objectiu de la jornada liter\u00e0ria \u00e9s apropar l&#8217;educaci\u00f3 art\u00edstica a l&#8217;alumnat al mateix temps que treballem valors de manera transversal. A trav\u00e9s d&#8217;animacions lectores musicalitzades i acompanyats dels\/les il\u00b7lustradors\/es dels contes, acostem el m\u00f3n art\u00edstic als infants fomentant la sensibilitzaci\u00f3 envers l&#8217;art.<br \/>\n&nbsp;<br \/>\n<a href=\"https:\/\/agora.xtec.cat\/ceiprossendmontane\/wp-content\/uploads\/usu2330\/2023\/06\/IMG_1787.jpg\">\u00a0 \u00a0 \u00a0&hellip;  <a href=\"https:\/\/agora.xtec.cat\/ceiprossendmontane\/pagina-dinici-buida\/jornada-literaria\/\" title=\"Read Jornada liter\u00e0ria\">Llegeix m\u00e9s\u00bb<\/a><\/p>\n","protected":false},"author":1,"featured_media":0,"parent":9,"menu_order":80,"comment_status":"closed","ping_status":"closed","template":"page-templates\/side-menu.php","meta":{"_bbp_topic_count":0,"_bbp_reply_count":0,"_bbp_total_topic_count":0,"_bbp_total_reply_count":0,"_bbp_voice_count":0,"_bbp_anonymous_reply_count":0,"_bbp_topic_count_hidden":0,"_bbp_reply_count_hidden":0,"_bbp_forum_subforum_count":0,"footnotes":""},"class_list":["post-647","page","type-page","status-publish","hentry"],"post_mailing_queue_ids":[],"_links":{"self":[{"href":"https:\/\/agora.xtec.cat\/ceiprossendmontane\/wp-json\/wp\/v2\/pages\/647","targetHints":{"allow":["GET"]}}],"collection":[{"href":"https:\/\/agora.xtec.cat\/ceiprossendmontane\/wp-json\/wp\/v2\/pages"}],"about":[{"href":"https:\/\/agora.xtec.cat\/ceiprossendmontane\/wp-json\/wp\/v2\/types\/page"}],"author":[{"embeddable":true,"href":"https:\/\/agora.xtec.cat\/ceiprossendmontane\/wp-json\/wp\/v2\/users\/1"}],"replies":[{"embeddable":true,"href":"https:\/\/agora.xtec.cat\/ceiprossendmontane\/wp-json\/wp\/v2\/comments?post=647"}],"version-history":[{"count":4,"href":"https:\/\/agora.xtec.cat\/ceiprossendmontane\/wp-json\/wp\/v2\/pages\/647\/revisions"}],"predecessor-version":[{"id":844,"href":"https:\/\/agora.xtec.cat\/ceiprossendmontane\/wp-json\/wp\/v2\/pages\/647\/revisions\/844"}],"up":[{"embeddable":true,"href":"https:\/\/agora.xtec.cat\/ceiprossendmontane\/wp-json\/wp\/v2\/pages\/9"}],"wp:attachment":[{"href":"https:\/\/agora.xtec.cat\/ceiprossendmontane\/wp-json\/wp\/v2\/media?parent=647"}],"curies":[{"name":"wp","href":"https:\/\/api.w.org\/{rel}","templated":true}]}}

Jornada literària

<p>L&#8217;objectiu de la jornada literària és apropar l&#8217;educació artística a l&#8217;alumnat al mateix temps que treballem valors de manera transversal. A través d&#8217;animacions lectores musicalitzades i acompanyats dels/les il·lustradors/es dels contes, acostem el món artístic als infants fomentant la sensibilització envers l&#8217;art.</p>
<p>&nbsp;</p>
<p><a href="https://agora.xtec.cat/ceiprossendmontane/wp-content/uploads/usu2330/2023/06/IMG_1787.jpg">                            <img loading="lazy" decoding="async" class="alignnone wp-image-747" src="https://agora.xtec.cat/ceiprossendmontane/wp-content/uploads/usu2330/2023/06/IMG_1787.jpg" alt="" width="344" height="258" srcset="https://agora.xtec.cat/ceiprossendmontane/wp-content/uploads/usu2330/2023/06/IMG_1787.jpg 1024w, https://agora.xtec.cat/ceiprossendmontane/wp-content/uploads/usu2330/2023/06/IMG_1787-300x225.jpg 300w, https://agora.xtec.cat/ceiprossendmontane/wp-content/uploads/usu2330/2023/06/IMG_1787-768x576.jpg 768w, https://agora.xtec.cat/ceiprossendmontane/wp-content/uploads/usu2330/2023/06/IMG_1787-200x150.jpg 200w" sizes="auto, (max-width: 344px) 100vw, 344px" /></a>             <a href="https://agora.xtec.cat/ceiprossendmontane/wp-content/uploads/usu2330/2023/06/IMG_2643-1.jpg"><img loading="lazy" decoding="async" class="alignnone wp-image-692" src="https://agora.xtec.cat/ceiprossendmontane/wp-content/uploads/usu2330/2023/06/IMG_2643-1.jpg" alt="" width="347" height="260" srcset="https://agora.xtec.cat/ceiprossendmontane/wp-content/uploads/usu2330/2023/06/IMG_2643-1.jpg 1024w, https://agora.xtec.cat/ceiprossendmontane/wp-content/uploads/usu2330/2023/06/IMG_2643-1-300x225.jpg 300w, https://agora.xtec.cat/ceiprossendmontane/wp-content/uploads/usu2330/2023/06/IMG_2643-1-768x576.jpg 768w, https://agora.xtec.cat/ceiprossendmontane/wp-content/uploads/usu2330/2023/06/IMG_2643-1-200x150.jpg 200w" sizes="auto, (max-width: 347px) 100vw, 347px" /></a></p>
<p><a style="color: #2795b6;" href="https://agora.xtec.cat/ceiprossendmontane/wp-content/uploads/usu2330/2023/06/IMG_2922.jpg">                        </a></p>
<p style="text-align: left;"><a style="color: #2795b6;" href="https://agora.xtec.cat/ceiprossendmontane/wp-content/uploads/usu2330/2023/06/IMG_2922.jpg">                            <img loading="lazy" decoding="async" class="alignnone wp-image-689" src="https://agora.xtec.cat/ceiprossendmontane/wp-content/uploads/usu2330/2023/06/IMG_2922.jpg" alt="" width="341" height="255" srcset="https://agora.xtec.cat/ceiprossendmontane/wp-content/uploads/usu2330/2023/06/IMG_2922.jpg 1024w, https://agora.xtec.cat/ceiprossendmontane/wp-content/uploads/usu2330/2023/06/IMG_2922-300x225.jpg 300w, https://agora.xtec.cat/ceiprossendmontane/wp-content/uploads/usu2330/2023/06/IMG_2922-768x576.jpg 768w, https://agora.xtec.cat/ceiprossendmontane/wp-content/uploads/usu2330/2023/06/IMG_2922-200x150.jpg 200w" sizes="auto, (max-width: 341px) 100vw, 341px" />              </a><a href="https://agora.xtec.cat/ceiprossendmontane/wp-content/uploads/usu2330/2023/06/IMG_8366-1.jpg"><img loading="lazy" decoding="async" class="alignnone wp-image-841" src="https://agora.xtec.cat/ceiprossendmontane/wp-content/uploads/usu2330/2023/06/IMG_8366-1.jpg" alt="" width="342" height="261" srcset="https://agora.xtec.cat/ceiprossendmontane/wp-content/uploads/usu2330/2023/06/IMG_8366-1.jpg 1024w, https://agora.xtec.cat/ceiprossendmontane/wp-content/uploads/usu2330/2023/06/IMG_8366-1-300x229.jpg 300w, https://agora.xtec.cat/ceiprossendmontane/wp-content/uploads/usu2330/2023/06/IMG_8366-1-768x586.jpg 768w" sizes="auto, (max-width: 342px) 100vw, 342px" /></a></p>
<p>                                                                                                                                                  <a href="https://drive.google.com/file/d/1jXM2Pa_qO671TJ9uCpEGImBni9hCxN5t/view?usp=drive_link">VÍDEO</a></p>

<p>L&#8217;objectiu de la jornada literària és apropar l&#8217;educació artística a l&#8217;alumnat al mateix temps que treballem valors de manera transversal. A través d&#8217;animacions lectores musicalitzades i acompanyats dels/les il·lustradors/es dels contes, acostem el món artístic als infants fomentant la sensibilització envers l&#8217;art.<br />
&nbsp;<br />
<a href="https://agora.xtec.cat/ceiprossendmontane/wp-content/uploads/usu2330/2023/06/IMG_1787.jpg">     &hellip;  <a href="https://agora.xtec.cat/ceiprossendmontane/pagina-dinici-buida/jornada-literaria/" title="Read Jornada literària">Llegeix més»</a></p>
