{"id":581,"date":"2023-06-05T13:26:07","date_gmt":"2023-06-05T11:26:07","guid":{"rendered":"https:\/\/agora.xtec.cat\/ceiprossendmontane\/?page_id=581"},"modified":"2025-03-31T21:58:17","modified_gmt":"2025-03-31T19:58:17","slug":"revista","status":"publish","type":"page","link":"https:\/\/agora.xtec.cat\/ceiprossendmontane\/pagina-dinici-buida\/revista\/","title":{"rendered":"Revista Petjades"},"content":{"rendered":"<p>La revista escolar \u00e9s un projecte que es realitza de forma col\u00b7laborativa entre tot l&#8217;alumnat de l&#8217;escola. L&#8217;objectiu \u00e9s treballar de manera significativa les diferents tipologies textuals i con\u00e8ixer quina estructura t\u00e9 una revista.<\/p>\n<p><a href=\"https:\/\/agora.xtec.cat\/ceiprossendmontane\/wp-content\/uploads\/usu2330\/2023\/06\/Copia-de-Private-Learning-Logo-12.jpg\">\u00a0 \u00a0 \u00a0 \u00a0 \u00a0 \u00a0 \u00a0 \u00a0<\/a><a href=\"https:\/\/www.canva.com\/design\/DAFC6xCe7XA\/dSf6QS5BTG4lH2RRMNQTcA\/view?utm_content=DAFC6xCe7XA&amp;utm_campaign=designshare&amp;utm_medium=link&amp;utm_source=publishsharelink\"><img loading=\"lazy\" decoding=\"async\" class=\"alignnone wp-image-848\" src=\"https:\/\/agora.xtec.cat\/ceiprossendmontane\/wp-content\/uploads\/usu2330\/2023\/06\/Copia-de-Private-Learning-Logo-13.jpg\" alt=\"\" width=\"246\" height=\"246\" srcset=\"https:\/\/agora.xtec.cat\/ceiprossendmontane\/wp-content\/uploads\/usu2330\/2023\/06\/Copia-de-Private-Learning-Logo-13.jpg 500w, https:\/\/agora.xtec.cat\/ceiprossendmontane\/wp-content\/uploads\/usu2330\/2023\/06\/Copia-de-Private-Learning-Logo-13-300x300.jpg 300w, https:\/\/agora.xtec.cat\/ceiprossendmontane\/wp-content\/uploads\/usu2330\/2023\/06\/Copia-de-Private-Learning-Logo-13-150x150.jpg 150w\" sizes=\"auto, (max-width: 246px) 100vw, 246px\" \/><\/a><a href=\"https:\/\/agora.xtec.cat\/ceiprossendmontane\/wp-content\/uploads\/usu2330\/2023\/06\/Copia-de-Private-Learning-Logo-12.jpg\"> \u00a0 <\/a><a href=\"https:\/\/drive.google.com\/file\/d\/1UAzcYaBJAmD1JnquHy1PVu8g1OwL50Af\/view?usp=drive_link\"><img loading=\"lazy\" decoding=\"async\" class=\"alignnone wp-image-849\" src=\"https:\/\/agora.xtec.cat\/ceiprossendmontane\/wp-content\/uploads\/usu2330\/2023\/06\/Copia-de-Private-Learning-Logo-14.jpg\" alt=\"\" width=\"243\" height=\"243\" srcset=\"https:\/\/agora.xtec.cat\/ceiprossendmontane\/wp-content\/uploads\/usu2330\/2023\/06\/Copia-de-Private-Learning-Logo-14.jpg 500w, https:\/\/agora.xtec.cat\/ceiprossendmontane\/wp-content\/uploads\/usu2330\/2023\/06\/Copia-de-Private-Learning-Logo-14-300x300.jpg 300w, https:\/\/agora.xtec.cat\/ceiprossendmontane\/wp-content\/uploads\/usu2330\/2023\/06\/Copia-de-Private-Learning-Logo-14-150x150.jpg 150w\" sizes=\"auto, (max-width: 243px) 100vw, 243px\" \/>\u00a0<\/a><\/p>\n<p><a href=\"https:\/\/agora.xtec.cat\/ceiprossendmontane\/wp-content\/uploads\/usu2330\/2025\/03\/24-25-Revista-Petjades-Rossend-Montane-c.pdf\"><img loading=\"lazy\" decoding=\"async\" class=\"alignnone wp-image-1743\" src=\"https:\/\/agora.xtec.cat\/ceiprossendmontane\/wp-content\/uploads\/usu2330\/2025\/03\/2025-Edicio-especial-50e-aniversari.png\" alt=\"\" width=\"293\" height=\"293\" \/><\/a><\/p>\n","protected":false},"excerpt":{"rendered":"<p>La revista escolar \u00e9s un projecte que es realitza de forma col\u00b7laborativa entre tot l&#8217;alumnat de l&#8217;escola. L&#8217;objectiu \u00e9s treballar de manera significativa les diferents tipologies textuals i con\u00e8ixer quina estructura t\u00e9 una revista.<br \/>\n<a href=\"https:\/\/agora.xtec.cat\/ceiprossendmontane\/wp-content\/uploads\/usu2330\/2023\/06\/Copia-de-Private-Learning-Logo-12.jpg\">\u00a0 \u00a0 \u00a0 \u00a0 \u00a0 \u00a0 \u00a0 \u00a0<\/a><a href=\"https:\/\/www.canva.com\/design\/DAFC6xCe7XA\/dSf6QS5BTG4lH2RRMNQTcA\/view?utm_content=DAFC6xCe7XA&amp;utm_campaign=designshare&amp;utm_medium=link&amp;utm_source=publishsharelink\"><\/a><a href=\"https:\/\/agora.xtec.cat\/ceiprossendmontane\/wp-content\/uploads\/usu2330\/2023\/06\/Copia-de-Private-Learning-Logo-12.jpg\"> \u00a0&hellip;  <a href=\"https:\/\/agora.xtec.cat\/ceiprossendmontane\/pagina-dinici-buida\/revista\/\" title=\"Read Revista Petjades\">Llegeix m\u00e9s\u00bb<\/a><\/p>\n","protected":false},"author":1,"featured_media":0,"parent":9,"menu_order":100,"comment_status":"closed","ping_status":"closed","template":"page-templates\/side-menu.php","meta":{"_bbp_topic_count":0,"_bbp_reply_count":0,"_bbp_total_topic_count":0,"_bbp_total_reply_count":0,"_bbp_voice_count":0,"_bbp_anonymous_reply_count":0,"_bbp_topic_count_hidden":0,"_bbp_reply_count_hidden":0,"_bbp_forum_subforum_count":0,"footnotes":""},"class_list":["post-581","page","type-page","status-publish","hentry"],"post_mailing_queue_ids":[],"_links":{"self":[{"href":"https:\/\/agora.xtec.cat\/ceiprossendmontane\/wp-json\/wp\/v2\/pages\/581","targetHints":{"allow":["GET"]}}],"collection":[{"href":"https:\/\/agora.xtec.cat\/ceiprossendmontane\/wp-json\/wp\/v2\/pages"}],"about":[{"href":"https:\/\/agora.xtec.cat\/ceiprossendmontane\/wp-json\/wp\/v2\/types\/page"}],"author":[{"embeddable":true,"href":"https:\/\/agora.xtec.cat\/ceiprossendmontane\/wp-json\/wp\/v2\/users\/1"}],"replies":[{"embeddable":true,"href":"https:\/\/agora.xtec.cat\/ceiprossendmontane\/wp-json\/wp\/v2\/comments?post=581"}],"version-history":[{"count":6,"href":"https:\/\/agora.xtec.cat\/ceiprossendmontane\/wp-json\/wp\/v2\/pages\/581\/revisions"}],"predecessor-version":[{"id":1746,"href":"https:\/\/agora.xtec.cat\/ceiprossendmontane\/wp-json\/wp\/v2\/pages\/581\/revisions\/1746"}],"up":[{"embeddable":true,"href":"https:\/\/agora.xtec.cat\/ceiprossendmontane\/wp-json\/wp\/v2\/pages\/9"}],"wp:attachment":[{"href":"https:\/\/agora.xtec.cat\/ceiprossendmontane\/wp-json\/wp\/v2\/media?parent=581"}],"curies":[{"name":"wp","href":"https:\/\/api.w.org\/{rel}","templated":true}]}}

<p>La revista escolar és un projecte que es realitza de forma col·laborativa entre tot l&#8217;alumnat de l&#8217;escola. L&#8217;objectiu és treballar de manera significativa les diferents tipologies textuals i conèixer quina estructura té una revista.</p>
<p><a href="https://agora.xtec.cat/ceiprossendmontane/wp-content/uploads/usu2330/2023/06/Copia-de-Private-Learning-Logo-12.jpg">               </a><a href="https://www.canva.com/design/DAFC6xCe7XA/dSf6QS5BTG4lH2RRMNQTcA/view?utm_content=DAFC6xCe7XA&amp;utm_campaign=designshare&amp;utm_medium=link&amp;utm_source=publishsharelink"><img loading="lazy" decoding="async" class="alignnone wp-image-848" src="https://agora.xtec.cat/ceiprossendmontane/wp-content/uploads/usu2330/2023/06/Copia-de-Private-Learning-Logo-13.jpg" alt="" width="246" height="246" srcset="https://agora.xtec.cat/ceiprossendmontane/wp-content/uploads/usu2330/2023/06/Copia-de-Private-Learning-Logo-13.jpg 500w, https://agora.xtec.cat/ceiprossendmontane/wp-content/uploads/usu2330/2023/06/Copia-de-Private-Learning-Logo-13-300x300.jpg 300w, https://agora.xtec.cat/ceiprossendmontane/wp-content/uploads/usu2330/2023/06/Copia-de-Private-Learning-Logo-13-150x150.jpg 150w" sizes="auto, (max-width: 246px) 100vw, 246px" /></a><a href="https://agora.xtec.cat/ceiprossendmontane/wp-content/uploads/usu2330/2023/06/Copia-de-Private-Learning-Logo-12.jpg">   </a><a href="https://drive.google.com/file/d/1UAzcYaBJAmD1JnquHy1PVu8g1OwL50Af/view?usp=drive_link"><img loading="lazy" decoding="async" class="alignnone wp-image-849" src="https://agora.xtec.cat/ceiprossendmontane/wp-content/uploads/usu2330/2023/06/Copia-de-Private-Learning-Logo-14.jpg" alt="" width="243" height="243" srcset="https://agora.xtec.cat/ceiprossendmontane/wp-content/uploads/usu2330/2023/06/Copia-de-Private-Learning-Logo-14.jpg 500w, https://agora.xtec.cat/ceiprossendmontane/wp-content/uploads/usu2330/2023/06/Copia-de-Private-Learning-Logo-14-300x300.jpg 300w, https://agora.xtec.cat/ceiprossendmontane/wp-content/uploads/usu2330/2023/06/Copia-de-Private-Learning-Logo-14-150x150.jpg 150w" sizes="auto, (max-width: 243px) 100vw, 243px" /> </a></p>
<p><a href="https://agora.xtec.cat/ceiprossendmontane/wp-content/uploads/usu2330/2025/03/24-25-Revista-Petjades-Rossend-Montane-c.pdf"><img loading="lazy" decoding="async" class="alignnone wp-image-1743" src="https://agora.xtec.cat/ceiprossendmontane/wp-content/uploads/usu2330/2025/03/2025-Edicio-especial-50e-aniversari.png" alt="" width="293" height="293" /></a></p>

<p>La revista escolar és un projecte que es realitza de forma col·laborativa entre tot l&#8217;alumnat de l&#8217;escola. L&#8217;objectiu és treballar de manera significativa les diferents tipologies textuals i conèixer quina estructura té una revista.<br />
<a href="https://agora.xtec.cat/ceiprossendmontane/wp-content/uploads/usu2330/2023/06/Copia-de-Private-Learning-Logo-12.jpg">               </a><a href="https://www.canva.com/design/DAFC6xCe7XA/dSf6QS5BTG4lH2RRMNQTcA/view?utm_content=DAFC6xCe7XA&amp;utm_campaign=designshare&amp;utm_medium=link&amp;utm_source=publishsharelink"></a><a href="https://agora.xtec.cat/ceiprossendmontane/wp-content/uploads/usu2330/2023/06/Copia-de-Private-Learning-Logo-12.jpg">  &hellip;  <a href="https://agora.xtec.cat/ceiprossendmontane/pagina-dinici-buida/revista/" title="Read Revista Petjades">Llegeix més»</a></p>
