{"id":560,"date":"2023-06-05T12:50:29","date_gmt":"2023-06-05T10:50:29","guid":{"rendered":"https:\/\/agora.xtec.cat\/ceiprossendmontane\/?page_id=560"},"modified":"2024-06-27T10:41:25","modified_gmt":"2024-06-27T08:41:25","slug":"projecte-dangles","status":"publish","type":"page","link":"https:\/\/agora.xtec.cat\/ceiprossendmontane\/pagina-dinici-buida\/projecte-dangles\/","title":{"rendered":"Projecte d&#8217;angl\u00e8s"},"content":{"rendered":"<p><img loading=\"lazy\" decoding=\"async\" class=\"wp-image-738 alignleft\" style=\"border: none; color: #2795b6;\" src=\"https:\/\/agora.xtec.cat\/ceiprossendmontane\/wp-content\/uploads\/usu2330\/2023\/06\/Post_lapbook_1-1-1024x768.jpg\" alt=\"\" width=\"395\" height=\"296\" srcset=\"https:\/\/agora.xtec.cat\/ceiprossendmontane\/wp-content\/uploads\/usu2330\/2023\/06\/Post_lapbook_1-1-1024x768.jpg 1024w, https:\/\/agora.xtec.cat\/ceiprossendmontane\/wp-content\/uploads\/usu2330\/2023\/06\/Post_lapbook_1-1-300x225.jpg 300w, https:\/\/agora.xtec.cat\/ceiprossendmontane\/wp-content\/uploads\/usu2330\/2023\/06\/Post_lapbook_1-1-768x576.jpg 768w, https:\/\/agora.xtec.cat\/ceiprossendmontane\/wp-content\/uploads\/usu2330\/2023\/06\/Post_lapbook_1-1-1536x1152.jpg 1536w, https:\/\/agora.xtec.cat\/ceiprossendmontane\/wp-content\/uploads\/usu2330\/2023\/06\/Post_lapbook_1-1-200x150.jpg 200w, https:\/\/agora.xtec.cat\/ceiprossendmontane\/wp-content\/uploads\/usu2330\/2023\/06\/Post_lapbook_1-1.jpg 2048w\" sizes=\"auto, (max-width: 395px) 100vw, 395px\" \/><\/p>\n<p>&nbsp;<\/p>\n<p>El projecte d&#8217;angl\u00e8s t\u00e9 els seg\u00fcents trets principals:<\/p>\n<ul>\n<li>El contacte amb la llengua anglesa comen\u00e7a a I3 i de mica en mica l&#8217;exposici\u00f3 va augmentant fins a 6\u00e8.<\/li>\n<li>S&#8217;introdueix l&#8217;angl\u00e8s d&#8217;una forma natural a partir de contes i can\u00e7ons i ja m\u00e9s endavant treballem els aspectes gramaticals de la llengua.<\/li>\n<\/ul>\n<p>&nbsp;<\/p>\n<p><img loading=\"lazy\" decoding=\"async\" class=\"alignright wp-image-1316\" src=\"https:\/\/agora.xtec.cat\/ceiprossendmontane\/wp-content\/uploads\/usu2330\/2024\/01\/Copia-de-Private-Learning-Logo-18.jpg\" alt=\"\" width=\"344\" height=\"344\" \/><\/p>\n<p>&nbsp;<\/p>\n<p>&nbsp;<\/p>\n<p style=\"text-align: left;\">El curs 2021-2022 vam tenir l&#8217;oportunitat de participar mitjan\u00e7ant el programa STEAMcat del Departament d&#8217;Educaci\u00f3 en dos Job Shadowings: dues estades a l&#8217;estranger per a observar noves metodologies. Al maig vam realitzar una estada a \u00c0ustria i a l&#8217;octubre a Portugal per poder veure en primera persona diverses experi\u00e8ncies reals en l&#8217;\u00e0mbit dels projectes STEAM i aix\u00ed poder incorporar noves pr\u00e0ctiques educatives al nostre centre.<\/p>\n<p>Si voleu fer una ullada al nostre diari d&#8217;aprenentatge podeu clicar <a href=\"https:\/\/sites.google.com\/xtec.cat\/erasmussteamcat40\/p%C3%A0gina-principal\">aqu\u00ed<\/a>.<\/p>\n<p>&nbsp;<\/p>\n","protected":false},"excerpt":{"rendered":"<p>&nbsp;<br \/>\nEl projecte d&#8217;angl\u00e8s t\u00e9 els seg\u00fcents trets principals:<\/p>\n<ul>\n<li>El contacte amb la llengua anglesa comen\u00e7a a I3 i de mica en mica l&#8217;exposici\u00f3 va augmentant fins a 6\u00e8.<\/li>\n<li>S&#8217;introdueix l&#8217;angl\u00e8s d&#8217;una forma natural a partir de contes i can\u00e7ons i ja m\u00e9s endavant treballem els aspectes gramaticals&hellip;  <a href=\"https:\/\/agora.xtec.cat\/ceiprossendmontane\/pagina-dinici-buida\/projecte-dangles\/\" title=\"Read Projecte d&#8217;angl\u00e8s\">Llegeix m\u00e9s\u00bb<\/a><br \/>\n","protected":false},"author":1,"featured_media":0,"parent":9,"menu_order":50,"comment_status":"closed","ping_status":"closed","template":"page-templates\/side-menu.php","meta":{"_bbp_topic_count":0,"_bbp_reply_count":0,"_bbp_total_topic_count":0,"_bbp_total_reply_count":0,"_bbp_voice_count":0,"_bbp_anonymous_reply_count":0,"_bbp_topic_count_hidden":0,"_bbp_reply_count_hidden":0,"_bbp_forum_subforum_count":0,"footnotes":""},"class_list":["post-560","page","type-page","status-publish","hentry"],"post_mailing_queue_ids":[],"_links":{"self":[{"href":"https:\/\/agora.xtec.cat\/ceiprossendmontane\/wp-json\/wp\/v2\/pages\/560","targetHints":{"allow":["GET"]}}],"collection":[{"href":"https:\/\/agora.xtec.cat\/ceiprossendmontane\/wp-json\/wp\/v2\/pages"}],"about":[{"href":"https:\/\/agora.xtec.cat\/ceiprossendmontane\/wp-json\/wp\/v2\/types\/page"}],"author":[{"embeddable":true,"href":"https:\/\/agora.xtec.cat\/ceiprossendmontane\/wp-json\/wp\/v2\/users\/1"}],"replies":[{"embeddable":true,"href":"https:\/\/agora.xtec.cat\/ceiprossendmontane\/wp-json\/wp\/v2\/comments?post=560"}],"version-history":[{"count":6,"href":"https:\/\/agora.xtec.cat\/ceiprossendmontane\/wp-json\/wp\/v2\/pages\/560\/revisions"}],"predecessor-version":[{"id":1537,"href":"https:\/\/agora.xtec.cat\/ceiprossendmontane\/wp-json\/wp\/v2\/pages\/560\/revisions\/1537"}],"up":[{"embeddable":true,"href":"https:\/\/agora.xtec.cat\/ceiprossendmontane\/wp-json\/wp\/v2\/pages\/9"}],"wp:attachment":[{"href":"https:\/\/agora.xtec.cat\/ceiprossendmontane\/wp-json\/wp\/v2\/media?parent=560"}],"curies":[{"name":"wp","href":"https:\/\/api.w.org\/{rel}","templated":true}]}}

Projecte d&#8217;anglès

<p><img loading="lazy" decoding="async" class="wp-image-738 alignleft" style="border: none; color: #2795b6;" src="https://agora.xtec.cat/ceiprossendmontane/wp-content/uploads/usu2330/2023/06/Post_lapbook_1-1-1024x768.jpg" alt="" width="395" height="296" srcset="https://agora.xtec.cat/ceiprossendmontane/wp-content/uploads/usu2330/2023/06/Post_lapbook_1-1-1024x768.jpg 1024w, https://agora.xtec.cat/ceiprossendmontane/wp-content/uploads/usu2330/2023/06/Post_lapbook_1-1-300x225.jpg 300w, https://agora.xtec.cat/ceiprossendmontane/wp-content/uploads/usu2330/2023/06/Post_lapbook_1-1-768x576.jpg 768w, https://agora.xtec.cat/ceiprossendmontane/wp-content/uploads/usu2330/2023/06/Post_lapbook_1-1-1536x1152.jpg 1536w, https://agora.xtec.cat/ceiprossendmontane/wp-content/uploads/usu2330/2023/06/Post_lapbook_1-1-200x150.jpg 200w, https://agora.xtec.cat/ceiprossendmontane/wp-content/uploads/usu2330/2023/06/Post_lapbook_1-1.jpg 2048w" sizes="auto, (max-width: 395px) 100vw, 395px" /></p>
<p>&nbsp;</p>
<p>El projecte d&#8217;anglès té els següents trets principals:</p>
<ul>
<li>El contacte amb la llengua anglesa comença a I3 i de mica en mica l&#8217;exposició va augmentant fins a 6è.</li>
<li>S&#8217;introdueix l&#8217;anglès d&#8217;una forma natural a partir de contes i cançons i ja més endavant treballem els aspectes gramaticals de la llengua.</li>
</ul>
<p>&nbsp;</p>
<p><img loading="lazy" decoding="async" class="alignright wp-image-1316" src="https://agora.xtec.cat/ceiprossendmontane/wp-content/uploads/usu2330/2024/01/Copia-de-Private-Learning-Logo-18.jpg" alt="" width="344" height="344" /></p>
<p>&nbsp;</p>
<p>&nbsp;</p>
<p style="text-align: left;">El curs 2021-2022 vam tenir l&#8217;oportunitat de participar mitjançant el programa STEAMcat del Departament d&#8217;Educació en dos Job Shadowings: dues estades a l&#8217;estranger per a observar noves metodologies. Al maig vam realitzar una estada a Àustria i a l&#8217;octubre a Portugal per poder veure en primera persona diverses experiències reals en l&#8217;àmbit dels projectes STEAM i així poder incorporar noves pràctiques educatives al nostre centre.</p>
<p>Si voleu fer una ullada al nostre diari d&#8217;aprenentatge podeu clicar <a href="https://sites.google.com/xtec.cat/erasmussteamcat40/p%C3%A0gina-principal">aquí</a>.</p>
<p>&nbsp;</p>

<p>&nbsp;<br />
El projecte d&#8217;anglès té els següents trets principals:</p>
<ul>
<li>El contacte amb la llengua anglesa comença a I3 i de mica en mica l&#8217;exposició va augmentant fins a 6è.</li>
<li>S&#8217;introdueix l&#8217;anglès d&#8217;una forma natural a partir de contes i cançons i ja més endavant treballem els aspectes gramaticals&hellip;  <a href="https://agora.xtec.cat/ceiprossendmontane/pagina-dinici-buida/projecte-dangles/" title="Read Projecte d&#8217;anglès">Llegeix més»</a><br />
