{"id":559,"date":"2023-06-05T12:50:29","date_gmt":"2023-06-05T10:50:29","guid":{"rendered":"https:\/\/agora.xtec.cat\/ceiprossendmontane\/?page_id=559"},"modified":"2024-01-22T11:40:28","modified_gmt":"2024-01-22T10:40:28","slug":"pla-catala-de-lesport","status":"publish","type":"page","link":"https:\/\/agora.xtec.cat\/ceiprossendmontane\/pagina-dinici-buida\/pla-catala-de-lesport\/","title":{"rendered":"Pla catal\u00e0 de l&#8217;esport"},"content":{"rendered":"<p>7\u00c9s un programa desenvolupat pel Departament\u00a0 qu\u00e8 pret\u00e9n posar a l&#8217;abast de tot l&#8217;alumnat la pr\u00e0ctica d&#8217;activitats f\u00edsiques i esportives, i aprofitar el gran potencial d&#8217;aquestes activitats per contribuir a la formaci\u00f3 personal i c\u00edvica dels infants. Alguns dels objectius principals s\u00f3n els seg\u00fcents:<\/p>\n<ul>\n<li>Incrementar la participaci\u00f3 en activitats f\u00edsiques i esportives en horari no lectiu de l&#8217;alumnat dels centres educatius.<\/li>\n<li>Potenciar la funci\u00f3 integradora i de cohesi\u00f3 social de l&#8217;esport escolar, facilitant l&#8217;acc\u00e9s de tots els nens i nenes a la pr\u00e0ctica esportiva escolar, i en especial dels nouvinguts.<\/li>\n<li>Contribuir mitjan\u00e7ant la pr\u00e0ctica esportiva a la formaci\u00f3 en valors com la toler\u00e0ncia, el respecte als altres i a les regles, la confian\u00e7a en un mateix, l&#8217;esfor\u00e7 de superaci\u00f3, l&#8217;autocr\u00edtica, l&#8217;autonomia, la capacitat de decisi\u00f3, l&#8217;autogesti\u00f3, la cooperaci\u00f3, el treball en equip, entre d&#8217;altres.<\/li>\n<\/ul>\n","protected":false},"excerpt":{"rendered":"<p>7\u00c9s un programa desenvolupat pel Departament\u00a0 qu\u00e8 pret\u00e9n posar a l&#8217;abast de tot l&#8217;alumnat la pr\u00e0ctica d&#8217;activitats f\u00edsiques i esportives, i aprofitar el gran potencial d&#8217;aquestes activitats per contribuir a la formaci\u00f3 personal i c\u00edvica dels infants. Alguns dels objectius principals s\u00f3n els seg\u00fcents:<\/p>\n<ul>\n<li>Incrementar la&hellip;  <a href=\"https:\/\/agora.xtec.cat\/ceiprossendmontane\/pagina-dinici-buida\/pla-catala-de-lesport\/\" title=\"Read Pla catal\u00e0 de l&#8217;esport\">Llegeix m\u00e9s\u00bb<\/a><br \/>\n","protected":false},"author":1,"featured_media":0,"parent":9,"menu_order":60,"comment_status":"closed","ping_status":"closed","template":"page-templates\/side-menu.php","meta":{"_bbp_topic_count":0,"_bbp_reply_count":0,"_bbp_total_topic_count":0,"_bbp_total_reply_count":0,"_bbp_voice_count":0,"_bbp_anonymous_reply_count":0,"_bbp_topic_count_hidden":0,"_bbp_reply_count_hidden":0,"_bbp_forum_subforum_count":0,"footnotes":""},"class_list":["post-559","page","type-page","status-publish","hentry"],"post_mailing_queue_ids":[],"_links":{"self":[{"href":"https:\/\/agora.xtec.cat\/ceiprossendmontane\/wp-json\/wp\/v2\/pages\/559","targetHints":{"allow":["GET"]}}],"collection":[{"href":"https:\/\/agora.xtec.cat\/ceiprossendmontane\/wp-json\/wp\/v2\/pages"}],"about":[{"href":"https:\/\/agora.xtec.cat\/ceiprossendmontane\/wp-json\/wp\/v2\/types\/page"}],"author":[{"embeddable":true,"href":"https:\/\/agora.xtec.cat\/ceiprossendmontane\/wp-json\/wp\/v2\/users\/1"}],"replies":[{"embeddable":true,"href":"https:\/\/agora.xtec.cat\/ceiprossendmontane\/wp-json\/wp\/v2\/comments?post=559"}],"version-history":[{"count":7,"href":"https:\/\/agora.xtec.cat\/ceiprossendmontane\/wp-json\/wp\/v2\/pages\/559\/revisions"}],"predecessor-version":[{"id":1251,"href":"https:\/\/agora.xtec.cat\/ceiprossendmontane\/wp-json\/wp\/v2\/pages\/559\/revisions\/1251"}],"up":[{"embeddable":true,"href":"https:\/\/agora.xtec.cat\/ceiprossendmontane\/wp-json\/wp\/v2\/pages\/9"}],"wp:attachment":[{"href":"https:\/\/agora.xtec.cat\/ceiprossendmontane\/wp-json\/wp\/v2\/media?parent=559"}],"curies":[{"name":"wp","href":"https:\/\/api.w.org\/{rel}","templated":true}]}}

Pla català de l&#8217;esport

<p>7És un programa desenvolupat pel Departament  què pretén posar a l&#8217;abast de tot l&#8217;alumnat la pràctica d&#8217;activitats físiques i esportives, i aprofitar el gran potencial d&#8217;aquestes activitats per contribuir a la formació personal i cívica dels infants. Alguns dels objectius principals són els següents:</p>
<ul>
<li>Incrementar la participació en activitats físiques i esportives en horari no lectiu de l&#8217;alumnat dels centres educatius.</li>
<li>Potenciar la funció integradora i de cohesió social de l&#8217;esport escolar, facilitant l&#8217;accés de tots els nens i nenes a la pràctica esportiva escolar, i en especial dels nouvinguts.</li>
<li>Contribuir mitjançant la pràctica esportiva a la formació en valors com la tolerància, el respecte als altres i a les regles, la confiança en un mateix, l&#8217;esforç de superació, l&#8217;autocrítica, l&#8217;autonomia, la capacitat de decisió, l&#8217;autogestió, la cooperació, el treball en equip, entre d&#8217;altres.</li>
</ul>

<p>7És un programa desenvolupat pel Departament  què pretén posar a l&#8217;abast de tot l&#8217;alumnat la pràctica d&#8217;activitats físiques i esportives, i aprofitar el gran potencial d&#8217;aquestes activitats per contribuir a la formació personal i cívica dels infants. Alguns dels objectius principals són els següents:</p>
<ul>
<li>Incrementar la&hellip;  <a href="https://agora.xtec.cat/ceiprossendmontane/pagina-dinici-buida/pla-catala-de-lesport/" title="Read Pla català de l&#8217;esport">Llegeix més»</a><br />
