{"id":34,"date":"2014-09-18T12:32:18","date_gmt":"2014-09-18T11:32:18","guid":{"rendered":"http:\/\/agora.xtec.cat\/ceiprossendmontane\/?page_id=34"},"modified":"2023-09-07T13:08:08","modified_gmt":"2023-09-07T11:08:08","slug":"oferta-educativa","status":"publish","type":"page","link":"https:\/\/agora.xtec.cat\/ceiprossendmontane\/lescola\/oferta-educativa\/","title":{"rendered":"Oferta educativa"},"content":{"rendered":"<p>Som una escola p\u00fablica d&#8217;educaci\u00f3 infantil i prim\u00e0ria. A dintre de l&#8217;edifici tenim annexada\u00a0 la llar municipal, fet que propicia la continu\u00eftat de l&#8217;alumnat i que la transici\u00f3 cap a l&#8217;etapa d&#8217;educaci\u00f3 infantil sigui m\u00e9s planera.<\/p>\n<p>Som una escola rural i petita, per aquest motiu ens distribu\u00efm en una l\u00ednia per cada curs:<\/p>\n<ul>\n<li class=\"sublevel\">Equip petits: i3, i4 i i5<\/li>\n<li class=\"sublevel\">Equip mitjans: 1r, 2n i 3r<\/li>\n<li class=\"sublevel\">Equip grans: 4t, 5\u00e8 i 6\u00e8<\/li>\n<\/ul>\n<p>&nbsp;<\/p>\n<p>\u23f0L\u2019horari lectiu per a tots els cursos \u00e9s:<\/p>\n<ul>\n<li>Mat\u00ed: 8.30 \u2013 12 h.<\/li>\n<li>Tarda: 14.30 \u2013 16 h.<\/li>\n<\/ul>\n","protected":false},"excerpt":{"rendered":"<p>Som una escola p\u00fablica d&#8217;educaci\u00f3 infantil i prim\u00e0ria. A dintre de l&#8217;edifici tenim annexada\u00a0 la llar municipal, fet que propicia la continu\u00eftat de l&#8217;alumnat i que la transici\u00f3 cap a l&#8217;etapa d&#8217;educaci\u00f3 infantil sigui m\u00e9s planera.<br \/>\nSom una escola rural i petita, per aquest motiu ens&hellip;  <a href=\"https:\/\/agora.xtec.cat\/ceiprossendmontane\/lescola\/oferta-educativa\/\" title=\"Read Oferta educativa\">Llegeix m\u00e9s\u00bb<\/a><\/p>\n","protected":false},"author":1,"featured_media":0,"parent":22,"menu_order":20,"comment_status":"closed","ping_status":"closed","template":"page-templates\/side-menu.php","meta":{"_bbp_topic_count":0,"_bbp_reply_count":0,"_bbp_total_topic_count":0,"_bbp_total_reply_count":0,"_bbp_voice_count":0,"_bbp_anonymous_reply_count":0,"_bbp_topic_count_hidden":0,"_bbp_reply_count_hidden":0,"_bbp_forum_subforum_count":0,"footnotes":""},"class_list":["post-34","page","type-page","status-publish","hentry"],"post_mailing_queue_ids":[],"_links":{"self":[{"href":"https:\/\/agora.xtec.cat\/ceiprossendmontane\/wp-json\/wp\/v2\/pages\/34","targetHints":{"allow":["GET"]}}],"collection":[{"href":"https:\/\/agora.xtec.cat\/ceiprossendmontane\/wp-json\/wp\/v2\/pages"}],"about":[{"href":"https:\/\/agora.xtec.cat\/ceiprossendmontane\/wp-json\/wp\/v2\/types\/page"}],"author":[{"embeddable":true,"href":"https:\/\/agora.xtec.cat\/ceiprossendmontane\/wp-json\/wp\/v2\/users\/1"}],"replies":[{"embeddable":true,"href":"https:\/\/agora.xtec.cat\/ceiprossendmontane\/wp-json\/wp\/v2\/comments?post=34"}],"version-history":[{"count":3,"href":"https:\/\/agora.xtec.cat\/ceiprossendmontane\/wp-json\/wp\/v2\/pages\/34\/revisions"}],"predecessor-version":[{"id":884,"href":"https:\/\/agora.xtec.cat\/ceiprossendmontane\/wp-json\/wp\/v2\/pages\/34\/revisions\/884"}],"up":[{"embeddable":true,"href":"https:\/\/agora.xtec.cat\/ceiprossendmontane\/wp-json\/wp\/v2\/pages\/22"}],"wp:attachment":[{"href":"https:\/\/agora.xtec.cat\/ceiprossendmontane\/wp-json\/wp\/v2\/media?parent=34"}],"curies":[{"name":"wp","href":"https:\/\/api.w.org\/{rel}","templated":true}]}}

<p>Som una escola pública d&#8217;educació infantil i primària. A dintre de l&#8217;edifici tenim annexada  la llar municipal, fet que propicia la continuïtat de l&#8217;alumnat i que la transició cap a l&#8217;etapa d&#8217;educació infantil sigui més planera.</p>
<p>Som una escola rural i petita, per aquest motiu ens distribuïm en una línia per cada curs:</p>
<ul>
<li class="sublevel">Equip petits: i3, i4 i i5</li>
<li class="sublevel">Equip mitjans: 1r, 2n i 3r</li>
<li class="sublevel">Equip grans: 4t, 5è i 6è</li>
</ul>
<p>&nbsp;</p>
<p>⏰L’horari lectiu per a tots els cursos és:</p>
<ul>
<li>Matí: 8.30 – 12 h.</li>
<li>Tarda: 14.30 – 16 h.</li>
</ul>

<p>Som una escola pública d&#8217;educació infantil i primària. A dintre de l&#8217;edifici tenim annexada  la llar municipal, fet que propicia la continuïtat de l&#8217;alumnat i que la transició cap a l&#8217;etapa d&#8217;educació infantil sigui més planera.<br />
Som una escola rural i petita, per aquest motiu ens&hellip;  <a href="https://agora.xtec.cat/ceiprossendmontane/lescola/oferta-educativa/" title="Read Oferta educativa">Llegeix més»</a></p>
