{"id":32,"date":"2014-09-18T12:31:33","date_gmt":"2014-09-18T11:31:33","guid":{"rendered":"http:\/\/agora.xtec.cat\/ceiprossendmontane\/?page_id=32"},"modified":"2026-01-29T22:00:11","modified_gmt":"2026-01-29T21:00:11","slug":"calendari-del-curs","status":"publish","type":"page","link":"https:\/\/agora.xtec.cat\/ceiprossendmontane\/lescola\/calendari-del-curs\/","title":{"rendered":"Calendari Curs i Excursions 25-26"},"content":{"rendered":"<h4><strong>Inici de curs:<\/strong><\/h4>\n<ul style=\"list-style-type: disc;\">\n<li>8 de setembre de 2025.<\/li>\n<\/ul>\n<h4><strong>Fi de curs:<\/strong><\/h4>\n<ul style=\"list-style-type: disc;\">\n<li>19 de juny de 2026.<\/li>\n<\/ul>\n<h4><strong>Vacances:<\/strong><\/h4>\n<ul style=\"list-style-type: disc;\">\n<li>Del 20 de desembre de 2025 al 7 de gener del\u00a02026 (ambd\u00f3s inclosos).<\/li>\n<li>Del 28 de mar\u00e7 al 6 d&#8217;abril (ambd\u00f3s inclosos).<\/li>\n<li>A partir del 20 de juny.<\/li>\n<\/ul>\n<h4><strong>Dies festius i de lliure disposici\u00f3:<\/strong><\/h4>\n<ul style=\"list-style-type: disc;\">\n<li>11 de setembre, Diada Nacional de Catalunya.<\/li>\n<li>13 d&#8217;octubre, dia de lliure disposici\u00f3.<\/li>\n<li>3 de novembre, dia de lliure disposici\u00f3.<\/li>\n<li>5 de desembre, dia de lliure disposici\u00f3.<\/li>\n<li>8 de desembre, festa da la Immaculada Concepci\u00f3.<\/li>\n<li>16 de febrer, dia de lliure disposici\u00f3.<\/li>\n<li>30 d&#8217;abril, dia de lliure disposici\u00f3.<\/li>\n<li>1 de maig, dia dels treballadors.<\/li>\n<li>25 de maig, dia de lliure disposici\u00f3.<\/li>\n<\/ul>\n<h4><strong>Jornada intensiva (8:30-12:30):<\/strong><\/h4>\n<ul style=\"list-style-type: disc;\">\n<li>19 de desembre.<\/li>\n<li>Del 8 al 19 de juny.<\/li>\n<\/ul>\n<h4><a style=\"color: #2795b6; font-size: 16px; font-weight: 400;\" href=\"https:\/\/drive.google.com\/file\/d\/1FCs8MdwGU3mw16WFLlQIdsyzSz_LjiZs\/view?usp=sharing\">\ud83d\udcc5Calendari escolar fam\u00edlies 2025-2026<\/a><\/h4>\n<h4><\/h4>\n<h4><strong>Excursions:<\/strong><\/h4>\n<p><em>GENERALS D&#8217;ESCOLA<\/em><\/p>\n<ul>\n<li>28\/10\/25 Sortida Rossend Montan\u00e9<\/li>\n<li>26-28\/01\/26 Park G\u00fcell<\/li>\n<li>12\/2\/26 Esmorzar de Dijous Gras al Camp de Futbol de Sant Pere Molanta.<\/li>\n<li>4\/3\/26-6\/3\/26 Col\u00f2nies al Xaloc: Mitjans i Grans dues nits; Petits una nit.<\/li>\n<\/ul>\n<p><em>PETITS<\/em><\/p>\n<ul>\n<li><span style=\"font-family: inherit; font-size: 1em;\">9\/4\/26 Anem al teatre: &#8220;Tip, Tap, Top&#8221;\u00a0<\/span><\/li>\n<\/ul>\n<p><em>MITJANS<\/em><\/p>\n<ul>\n<li>12\/11\/25 Anem al teatre: &#8220;\u00c0nimes dels Pirineus&#8221; (1r i 2n)<\/li>\n<li>26\/3\/26 Trobada esportiva a Vilafranca del Pened\u00e8s (3r)<\/li>\n<li>27\/3\/26 Trobada esportiva a Vilafranca del Pened\u00e8s (1r i 2n)<\/li>\n<li>8\/5\/26 Anem al teatre: &#8220;Maquinaig\u00fces&#8221; (3r)<\/li>\n<\/ul>\n<p><em>GRANS<\/em><\/p>\n<ul>\n<li style=\"list-style-type: none\">\n<ul>\n<li>12\/1\/26 Sortida a l&#8217;entorn a Sant Sebasti\u00e0 dels Gorgs (5\u00e8)<\/li>\n<li>23\/2\/26 Consell dels Infanta a l&#8217;Ajuntament d&#8217;Ol\u00e8rdola (5\u00e8 i 6\u00e8)<\/li>\n<li>18\/3\/26 Sortida a l&#8217;entorn a Avinyonet del Pened\u00e8s (4t)<\/li>\n<li>25\/3\/26 Trobada esportiva a Vilafranca del Pened\u00e8s (5\u00e8 i 6\u00e8)<\/li>\n<li>26\/3\/26 Trobada esportiva a Vilafranca del Pened\u00e8s (4t)<\/li>\n<li>27\/4\/26 Anem al teatre: &#8220;Matres&#8221; (5\u00e8 i 6\u00e8)<\/li>\n<li>8\/5\/26 Anem al teatre: &#8220;Maquinaig\u00fces&#8221; (4t)<\/li>\n<li>21\/5\/26 Assaig de la Cant\u00e0nia a Vilafranca del Pened\u00e8s (6\u00e8)<\/li>\n<li>28\/5\/26 La Cant\u00e0nia (6\u00e8)<\/li>\n<\/ul>\n<\/li>\n<\/ul>\n<p>&nbsp;<\/p>\n","protected":false},"excerpt":{"rendered":"<p>Inici de curs:<\/p>\n<ul style=\"list-style-type: disc;\">\n<li>8 de setembre de 2025.<\/li>\n<\/ul>\n<p>Fi de curs:<\/p>\n<ul style=\"list-style-type: disc;\">\n<li>19 de juny de 2026.<\/li>\n<\/ul>\n<p>Vacances:<\/p>\n<ul style=\"list-style-type: disc;\">\n<li>Del 20 de desembre de 2025 al 7 de gener del\u00a02026 (ambd\u00f3s inclosos).<\/li>\n<li>Del 28 de mar\u00e7 al 6 d&#8217;abril (ambd\u00f3s inclosos).<\/li>\n<li>A partir del 20 de juny.<\/li>\n<\/ul>\n<p>Dies festius&hellip;  <a href=\"https:\/\/agora.xtec.cat\/ceiprossendmontane\/lescola\/calendari-del-curs\/\" title=\"Read Calendari Curs i Excursions 25-26\">Llegeix m\u00e9s\u00bb<\/a><\/p>\n","protected":false},"author":1,"featured_media":0,"parent":22,"menu_order":40,"comment_status":"closed","ping_status":"closed","template":"page-templates\/side-menu.php","meta":{"_bbp_topic_count":0,"_bbp_reply_count":0,"_bbp_total_topic_count":0,"_bbp_total_reply_count":0,"_bbp_voice_count":0,"_bbp_anonymous_reply_count":0,"_bbp_topic_count_hidden":0,"_bbp_reply_count_hidden":0,"_bbp_forum_subforum_count":0,"footnotes":""},"class_list":["post-32","page","type-page","status-publish","hentry"],"post_mailing_queue_ids":[],"_links":{"self":[{"href":"https:\/\/agora.xtec.cat\/ceiprossendmontane\/wp-json\/wp\/v2\/pages\/32","targetHints":{"allow":["GET"]}}],"collection":[{"href":"https:\/\/agora.xtec.cat\/ceiprossendmontane\/wp-json\/wp\/v2\/pages"}],"about":[{"href":"https:\/\/agora.xtec.cat\/ceiprossendmontane\/wp-json\/wp\/v2\/types\/page"}],"author":[{"embeddable":true,"href":"https:\/\/agora.xtec.cat\/ceiprossendmontane\/wp-json\/wp\/v2\/users\/1"}],"replies":[{"embeddable":true,"href":"https:\/\/agora.xtec.cat\/ceiprossendmontane\/wp-json\/wp\/v2\/comments?post=32"}],"version-history":[{"count":6,"href":"https:\/\/agora.xtec.cat\/ceiprossendmontane\/wp-json\/wp\/v2\/pages\/32\/revisions"}],"predecessor-version":[{"id":1981,"href":"https:\/\/agora.xtec.cat\/ceiprossendmontane\/wp-json\/wp\/v2\/pages\/32\/revisions\/1981"}],"up":[{"embeddable":true,"href":"https:\/\/agora.xtec.cat\/ceiprossendmontane\/wp-json\/wp\/v2\/pages\/22"}],"wp:attachment":[{"href":"https:\/\/agora.xtec.cat\/ceiprossendmontane\/wp-json\/wp\/v2\/media?parent=32"}],"curies":[{"name":"wp","href":"https:\/\/api.w.org\/{rel}","templated":true}]}}

<h4><strong>Inici de curs:</strong></h4>
<ul style="list-style-type: disc;">
<li>8 de setembre de 2025.</li>
</ul>
<h4><strong>Fi de curs:</strong></h4>
<ul style="list-style-type: disc;">
<li>19 de juny de 2026.</li>
</ul>
<h4><strong>Vacances:</strong></h4>
<ul style="list-style-type: disc;">
<li>Del 20 de desembre de 2025 al 7 de gener del 2026 (ambdós inclosos).</li>
<li>Del 28 de març al 6 d&#8217;abril (ambdós inclosos).</li>
<li>A partir del 20 de juny.</li>
</ul>
<h4><strong>Dies festius i de lliure disposició:</strong></h4>
<ul style="list-style-type: disc;">
<li>11 de setembre, Diada Nacional de Catalunya.</li>
<li>13 d&#8217;octubre, dia de lliure disposició.</li>
<li>3 de novembre, dia de lliure disposició.</li>
<li>5 de desembre, dia de lliure disposició.</li>
<li>8 de desembre, festa da la Immaculada Concepció.</li>
<li>16 de febrer, dia de lliure disposició.</li>
<li>30 d&#8217;abril, dia de lliure disposició.</li>
<li>1 de maig, dia dels treballadors.</li>
<li>25 de maig, dia de lliure disposició.</li>
</ul>
<h4><strong>Jornada intensiva (8:30-12:30):</strong></h4>
<ul style="list-style-type: disc;">
<li>19 de desembre.</li>
<li>Del 8 al 19 de juny.</li>
</ul>
<h4><a style="color: #2795b6; font-size: 16px; font-weight: 400;" href="https://drive.google.com/file/d/1FCs8MdwGU3mw16WFLlQIdsyzSz_LjiZs/view?usp=sharing">📅Calendari escolar famílies 2025-2026</a></h4>
<h4></h4>
<h4><strong>Excursions:</strong></h4>
<p><em>GENERALS D&#8217;ESCOLA</em></p>
<ul>
<li>28/10/25 Sortida Rossend Montané</li>
<li>26-28/01/26 Park Güell</li>
<li>12/2/26 Esmorzar de Dijous Gras al Camp de Futbol de Sant Pere Molanta.</li>
<li>4/3/26-6/3/26 Colònies al Xaloc: Mitjans i Grans dues nits; Petits una nit.</li>
</ul>
<p><em>PETITS</em></p>
<ul>
<li><span style="font-family: inherit; font-size: 1em;">9/4/26 Anem al teatre: &#8220;Tip, Tap, Top&#8221; </span></li>
</ul>
<p><em>MITJANS</em></p>
<ul>
<li>12/11/25 Anem al teatre: &#8220;Ànimes dels Pirineus&#8221; (1r i 2n)</li>
<li>26/3/26 Trobada esportiva a Vilafranca del Penedès (3r)</li>
<li>27/3/26 Trobada esportiva a Vilafranca del Penedès (1r i 2n)</li>
<li>8/5/26 Anem al teatre: &#8220;Maquinaigües&#8221; (3r)</li>
</ul>
<p><em>GRANS</em></p>
<ul>
<li style="list-style-type: none">
<ul>
<li>12/1/26 Sortida a l&#8217;entorn a Sant Sebastià dels Gorgs (5è)</li>
<li>23/2/26 Consell dels Infanta a l&#8217;Ajuntament d&#8217;Olèrdola (5è i 6è)</li>
<li>18/3/26 Sortida a l&#8217;entorn a Avinyonet del Penedès (4t)</li>
<li>25/3/26 Trobada esportiva a Vilafranca del Penedès (5è i 6è)</li>
<li>26/3/26 Trobada esportiva a Vilafranca del Penedès (4t)</li>
<li>27/4/26 Anem al teatre: &#8220;Matres&#8221; (5è i 6è)</li>
<li>8/5/26 Anem al teatre: &#8220;Maquinaigües&#8221; (4t)</li>
<li>21/5/26 Assaig de la Cantània a Vilafranca del Penedès (6è)</li>
<li>28/5/26 La Cantània (6è)</li>
</ul>
</li>
</ul>
<p>&nbsp;</p>

<p>Inici de curs:</p>
<ul style="list-style-type: disc;">
<li>8 de setembre de 2025.</li>
</ul>
<p>Fi de curs:</p>
<ul style="list-style-type: disc;">
<li>19 de juny de 2026.</li>
</ul>
<p>Vacances:</p>
<ul style="list-style-type: disc;">
<li>Del 20 de desembre de 2025 al 7 de gener del 2026 (ambdós inclosos).</li>
<li>Del 28 de març al 6 d&#8217;abril (ambdós inclosos).</li>
<li>A partir del 20 de juny.</li>
</ul>
<p>Dies festius&hellip;  <a href="https://agora.xtec.cat/ceiprossendmontane/lescola/calendari-del-curs/" title="Read Calendari Curs i Excursions 25-26">Llegeix més»</a></p>
