{"id":30,"date":"2014-09-18T12:30:23","date_gmt":"2014-09-18T11:30:23","guid":{"rendered":"http:\/\/agora.xtec.cat\/ceiprossendmontane\/?page_id=30"},"modified":"2026-04-29T12:11:05","modified_gmt":"2026-04-29T10:11:05","slug":"instal%c2%b7lacions","status":"publish","type":"page","link":"https:\/\/agora.xtec.cat\/ceiprossendmontane\/lescola\/instal%c2%b7lacions\/","title":{"rendered":"Preinscripci\u00f3 26-27"},"content":{"rendered":"<p><strong>PER\u00cdODE DE LA PREINSCRIPCI\u00d3: del 4 al 18 de mar\u00e7<\/strong><\/p>\n<p style=\"text-align: left;\">Si voleu con\u00e8ixer m\u00e9s sobre la nostra metodologia podeu fer clic al seg\u00fcent v\u00eddeo:<\/p>\n<p><a href=\"https:\/\/drive.google.com\/file\/d\/10w2hwiknvShjkBcL-oJaP6Xji55kVkk3\/view?usp=drive_link\"><img loading=\"lazy\" decoding=\"async\" class=\"wp-image-1698 aligncenter\" src=\"https:\/\/agora.xtec.cat\/ceiprossendmontane\/wp-content\/uploads\/usu2330\/2025\/02\/Portada-video-1.png\" alt=\"\" width=\"385\" height=\"218\" srcset=\"https:\/\/agora.xtec.cat\/ceiprossendmontane\/wp-content\/uploads\/usu2330\/2025\/02\/Portada-video-1.png 1431w, https:\/\/agora.xtec.cat\/ceiprossendmontane\/wp-content\/uploads\/usu2330\/2025\/02\/Portada-video-1-300x170.png 300w, https:\/\/agora.xtec.cat\/ceiprossendmontane\/wp-content\/uploads\/usu2330\/2025\/02\/Portada-video-1-1024x580.png 1024w, https:\/\/agora.xtec.cat\/ceiprossendmontane\/wp-content\/uploads\/usu2330\/2025\/02\/Portada-video-1-768x435.png 768w\" sizes=\"auto, (max-width: 385px) 100vw, 385px\" \/><\/a><\/p>\n<p><span style=\"font-family: inherit; font-size: 1em;\">A continuaci\u00f3 trobareu m\u00e9s informaci\u00f3 sobre la preinscripci\u00f3:<\/span><\/p>\n<p>\ud83d\udcc4<a href=\"https:\/\/agora.xtec.cat\/ceiprossendmontane\/wp-content\/uploads\/usu2330\/2026\/02\/Triptic-Escola-Preinscripcio-1.pdf\">Tr\u00edptic Escola Preinscripci\u00f3<\/a><\/p>\n<p>\ud83d\udcc4<a href=\"https:\/\/forms.gle\/6L7qXq3P1KYTbTpr8\">Formulari d&#8217;inscripci\u00f3 per a les portes obertes<\/a><\/p>\n<p><img loading=\"lazy\" decoding=\"async\" class=\"\" src=\"https:\/\/s.w.org\/images\/core\/emoji\/15.0.3\/svg\/1f4c4.svg\" alt=\"\ud83d\udcc4\" width=\"15\" height=\"15\" \/> <a href=\"https:\/\/preinscripcio.gencat.cat\/ca\/estudis\/primaria\/informat\/prepara-documentacio\/index.html\">Documentaci\u00f3<\/a><\/p>\n<p><img loading=\"lazy\" decoding=\"async\" class=\"\" src=\"https:\/\/s.w.org\/images\/core\/emoji\/15.0.3\/svg\/1f4c4.svg\" alt=\"\ud83d\udcc4\" width=\"15\" height=\"15\" \/> <a href=\"https:\/\/preinscripcio.gencat.cat\/ca\/estudis\/primaria\/preinscriute\/sollicitud\/index.html\">Tutorial de com fer la preinscripci\u00f3 (v\u00eddeo explicatiu)<\/a><\/p>\n<p><img loading=\"lazy\" decoding=\"async\" class=\"\" src=\"https:\/\/s.w.org\/images\/core\/emoji\/15.0.3\/svg\/1f4c4.svg\" alt=\"\ud83d\udcc4\" width=\"15\" height=\"15\" \/> <a href=\"https:\/\/agora.xtec.cat\/ceiprossendmontane\/wp-content\/uploads\/usu2330\/2026\/03\/INFORME_OFERTA_OME_INFORME_OFERTA-3.pdf\">Oferta de places<\/a><\/p>\n<p><img loading=\"lazy\" decoding=\"async\" class=\"\" src=\"https:\/\/s.w.org\/images\/core\/emoji\/15.0.3\/svg\/1f4c4.svg\" alt=\"\ud83d\udcc4\" width=\"15\" height=\"15\" \/> <a href=\"https:\/\/agora.xtec.cat\/ceiprossendmontane\/wp-content\/uploads\/usu2330\/2026\/04\/INFORME_BAREM_PROVISIONAL_BAREM-3.pdf\">Barem provisional<\/a><\/p>\n<p><img loading=\"lazy\" decoding=\"async\" class=\"\" src=\"https:\/\/s.w.org\/images\/core\/emoji\/15.0.3\/svg\/1f4c4.svg\" alt=\"\ud83d\udcc4\" width=\"15\" height=\"15\" \/> <a href=\"https:\/\/agora.xtec.cat\/ceiprossendmontane\/wp-content\/uploads\/usu2330\/2026\/04\/INFORME_BAREM_RESOLTES_BAREM-8.pdf\">Barem definitiu<\/a><\/p>\n<p><img loading=\"lazy\" decoding=\"async\" class=\"\" src=\"https:\/\/s.w.org\/images\/core\/emoji\/15.0.3\/svg\/1f4c4.svg\" alt=\"\ud83d\udcc4\" width=\"15\" height=\"15\" \/> <a href=\"https:\/\/agora.xtec.cat\/ceiprossendmontane\/wp-content\/uploads\/usu2330\/2026\/04\/INFORME_BAREM_DEFINITIU_BAREM-2.pdf\">Oferta definitiva<\/a><\/p>\n<p><img loading=\"lazy\" decoding=\"async\" class=\"\" src=\"https:\/\/s.w.org\/images\/core\/emoji\/15.0.3\/svg\/1f4c4.svg\" alt=\"\ud83d\udcc4\" width=\"15\" height=\"15\" \/> Informe preinscripci\u00f3<\/p>\n<p><img loading=\"lazy\" decoding=\"async\" class=\"\" src=\"https:\/\/s.w.org\/images\/core\/emoji\/15.0.3\/svg\/1f4c4.svg\" alt=\"\ud83d\udcc4\" width=\"15\" height=\"15\" \/> Informe llista d&#8217;espera<\/p>\n<p><img loading=\"lazy\" decoding=\"async\" class=\"\" src=\"https:\/\/s.w.org\/images\/core\/emoji\/15.0.3\/svg\/1f4c4.svg\" alt=\"\ud83d\udcc4\" width=\"15\" height=\"15\" \/> Informe assignades<\/p>\n","protected":false},"excerpt":{"rendered":"<p>PER\u00cdODE DE LA PREINSCRIPCI\u00d3: del 4 al 18 de mar\u00e7<br \/>\nSi voleu con\u00e8ixer m\u00e9s sobre la nostra metodologia podeu fer clic al seg\u00fcent v\u00eddeo:<br \/>\n<a href=\"https:\/\/drive.google.com\/file\/d\/10w2hwiknvShjkBcL-oJaP6Xji55kVkk3\/view?usp=drive_link\"><\/a><br \/>\nA continuaci\u00f3 trobareu m\u00e9s informaci\u00f3 sobre la preinscripci\u00f3:<br \/>\n\ud83d\udcc4<a href=\"https:\/\/agora.xtec.cat\/ceiprossendmontane\/wp-content\/uploads\/usu2330\/2026\/02\/Triptic-Escola-Preinscripcio-1.pdf\">Tr\u00edptic Escola Preinscripci\u00f3<\/a><br \/>\n\ud83d\udcc4<a href=\"https:\/\/forms.gle\/6L7qXq3P1KYTbTpr8\">Formulari d&#8217;inscripci\u00f3 per a les portes obertes<\/a><br \/>\n <a href=\"https:\/\/preinscripcio.gencat.cat\/ca\/estudis\/primaria\/informat\/prepara-documentacio\/index.html\">Documentaci\u00f3<\/a><br \/>\n <a href=\"https:\/\/preinscripcio.gencat.cat\/ca\/estudis\/primaria\/preinscriute\/sollicitud\/index.html\">Tutorial&hellip;  <a href=\"https:\/\/agora.xtec.cat\/ceiprossendmontane\/lescola\/instal%c2%b7lacions\/\" title=\"Read Preinscripci\u00f3 26-27\">Llegeix m\u00e9s\u00bb<\/a><\/p>\n","protected":false},"author":1,"featured_media":0,"parent":22,"menu_order":90,"comment_status":"closed","ping_status":"closed","template":"page-templates\/side-menu.php","meta":{"_bbp_topic_count":0,"_bbp_reply_count":0,"_bbp_total_topic_count":0,"_bbp_total_reply_count":0,"_bbp_voice_count":0,"_bbp_anonymous_reply_count":0,"_bbp_topic_count_hidden":0,"_bbp_reply_count_hidden":0,"_bbp_forum_subforum_count":0,"footnotes":""},"class_list":["post-30","page","type-page","status-publish","hentry"],"post_mailing_queue_ids":[],"_links":{"self":[{"href":"https:\/\/agora.xtec.cat\/ceiprossendmontane\/wp-json\/wp\/v2\/pages\/30","targetHints":{"allow":["GET"]}}],"collection":[{"href":"https:\/\/agora.xtec.cat\/ceiprossendmontane\/wp-json\/wp\/v2\/pages"}],"about":[{"href":"https:\/\/agora.xtec.cat\/ceiprossendmontane\/wp-json\/wp\/v2\/types\/page"}],"author":[{"embeddable":true,"href":"https:\/\/agora.xtec.cat\/ceiprossendmontane\/wp-json\/wp\/v2\/users\/1"}],"replies":[{"embeddable":true,"href":"https:\/\/agora.xtec.cat\/ceiprossendmontane\/wp-json\/wp\/v2\/comments?post=30"}],"version-history":[{"count":7,"href":"https:\/\/agora.xtec.cat\/ceiprossendmontane\/wp-json\/wp\/v2\/pages\/30\/revisions"}],"predecessor-version":[{"id":2065,"href":"https:\/\/agora.xtec.cat\/ceiprossendmontane\/wp-json\/wp\/v2\/pages\/30\/revisions\/2065"}],"up":[{"embeddable":true,"href":"https:\/\/agora.xtec.cat\/ceiprossendmontane\/wp-json\/wp\/v2\/pages\/22"}],"wp:attachment":[{"href":"https:\/\/agora.xtec.cat\/ceiprossendmontane\/wp-json\/wp\/v2\/media?parent=30"}],"curies":[{"name":"wp","href":"https:\/\/api.w.org\/{rel}","templated":true}]}}

Preinscripció 26-27

<p><strong>PERÍODE DE LA PREINSCRIPCIÓ: del 4 al 18 de març</strong></p>
<p style="text-align: left;">Si voleu conèixer més sobre la nostra metodologia podeu fer clic al següent vídeo:</p>
<p><a href="https://drive.google.com/file/d/10w2hwiknvShjkBcL-oJaP6Xji55kVkk3/view?usp=drive_link"><img loading="lazy" decoding="async" class="wp-image-1698 aligncenter" src="https://agora.xtec.cat/ceiprossendmontane/wp-content/uploads/usu2330/2025/02/Portada-video-1.png" alt="" width="385" height="218" srcset="https://agora.xtec.cat/ceiprossendmontane/wp-content/uploads/usu2330/2025/02/Portada-video-1.png 1431w, https://agora.xtec.cat/ceiprossendmontane/wp-content/uploads/usu2330/2025/02/Portada-video-1-300x170.png 300w, https://agora.xtec.cat/ceiprossendmontane/wp-content/uploads/usu2330/2025/02/Portada-video-1-1024x580.png 1024w, https://agora.xtec.cat/ceiprossendmontane/wp-content/uploads/usu2330/2025/02/Portada-video-1-768x435.png 768w" sizes="auto, (max-width: 385px) 100vw, 385px" /></a></p>
<p><span style="font-family: inherit; font-size: 1em;">A continuació trobareu més informació sobre la preinscripció:</span></p>
<p>📄<a href="https://agora.xtec.cat/ceiprossendmontane/wp-content/uploads/usu2330/2026/02/Triptic-Escola-Preinscripcio-1.pdf">Tríptic Escola Preinscripció</a></p>
<p>📄<a href="https://forms.gle/6L7qXq3P1KYTbTpr8">Formulari d&#8217;inscripció per a les portes obertes</a></p>
<p><img loading="lazy" decoding="async" class="" src="https://s.w.org/images/core/emoji/15.0.3/svg/1f4c4.svg" alt="📄" width="15" height="15" /> <a href="https://preinscripcio.gencat.cat/ca/estudis/primaria/informat/prepara-documentacio/index.html">Documentació</a></p>
<p><img loading="lazy" decoding="async" class="" src="https://s.w.org/images/core/emoji/15.0.3/svg/1f4c4.svg" alt="📄" width="15" height="15" /> <a href="https://preinscripcio.gencat.cat/ca/estudis/primaria/preinscriute/sollicitud/index.html">Tutorial de com fer la preinscripció (vídeo explicatiu)</a></p>
<p><img loading="lazy" decoding="async" class="" src="https://s.w.org/images/core/emoji/15.0.3/svg/1f4c4.svg" alt="📄" width="15" height="15" /> <a href="https://agora.xtec.cat/ceiprossendmontane/wp-content/uploads/usu2330/2026/03/INFORME_OFERTA_OME_INFORME_OFERTA-3.pdf">Oferta de places</a></p>
<p><img loading="lazy" decoding="async" class="" src="https://s.w.org/images/core/emoji/15.0.3/svg/1f4c4.svg" alt="📄" width="15" height="15" /> <a href="https://agora.xtec.cat/ceiprossendmontane/wp-content/uploads/usu2330/2026/04/INFORME_BAREM_PROVISIONAL_BAREM-3.pdf">Barem provisional</a></p>
<p><img loading="lazy" decoding="async" class="" src="https://s.w.org/images/core/emoji/15.0.3/svg/1f4c4.svg" alt="📄" width="15" height="15" /> <a href="https://agora.xtec.cat/ceiprossendmontane/wp-content/uploads/usu2330/2026/04/INFORME_BAREM_RESOLTES_BAREM-8.pdf">Barem definitiu</a></p>
<p><img loading="lazy" decoding="async" class="" src="https://s.w.org/images/core/emoji/15.0.3/svg/1f4c4.svg" alt="📄" width="15" height="15" /> <a href="https://agora.xtec.cat/ceiprossendmontane/wp-content/uploads/usu2330/2026/04/INFORME_BAREM_DEFINITIU_BAREM-2.pdf">Oferta definitiva</a></p>
<p><img loading="lazy" decoding="async" class="" src="https://s.w.org/images/core/emoji/15.0.3/svg/1f4c4.svg" alt="📄" width="15" height="15" /> Informe preinscripció</p>
<p><img loading="lazy" decoding="async" class="" src="https://s.w.org/images/core/emoji/15.0.3/svg/1f4c4.svg" alt="📄" width="15" height="15" /> Informe llista d&#8217;espera</p>
<p><img loading="lazy" decoding="async" class="" src="https://s.w.org/images/core/emoji/15.0.3/svg/1f4c4.svg" alt="📄" width="15" height="15" /> Informe assignades</p>

<p>PERÍODE DE LA PREINSCRIPCIÓ: del 4 al 18 de març<br />
Si voleu conèixer més sobre la nostra metodologia podeu fer clic al següent vídeo:<br />
<a href="https://drive.google.com/file/d/10w2hwiknvShjkBcL-oJaP6Xji55kVkk3/view?usp=drive_link"></a><br />
A continuació trobareu més informació sobre la preinscripció:<br />
📄<a href="https://agora.xtec.cat/ceiprossendmontane/wp-content/uploads/usu2330/2026/02/Triptic-Escola-Preinscripcio-1.pdf">Tríptic Escola Preinscripció</a><br />
📄<a href="https://forms.gle/6L7qXq3P1KYTbTpr8">Formulari d&#8217;inscripció per a les portes obertes</a><br />
 <a href="https://preinscripcio.gencat.cat/ca/estudis/primaria/informat/prepara-documentacio/index.html">Documentació</a><br />
 <a href="https://preinscripcio.gencat.cat/ca/estudis/primaria/preinscriute/sollicitud/index.html">Tutorial&hellip;  <a href="https://agora.xtec.cat/ceiprossendmontane/lescola/instal%c2%b7lacions/" title="Read Preinscripció 26-27">Llegeix més»</a></p>
