{"id":24,"date":"2014-09-18T12:23:15","date_gmt":"2014-09-18T11:23:15","guid":{"rendered":"http:\/\/agora.xtec.cat\/ceiprosercapdevila\/?page_id=24"},"modified":"2017-09-09T14:30:37","modified_gmt":"2017-09-09T12:30:37","slug":"on-som","status":"publish","type":"page","link":"https:\/\/agora.xtec.cat\/ceiprosercapdevila\/lescola\/on-som\/","title":{"rendered":"On som"},"content":{"rendered":"<p style=\"color: #666666;\"><strong>Escola Roser Capdevila<\/strong><br \/>\nAv. Llu\u00eds Companys s\/n<br \/>\n08213 Poliny\u00e0<\/p>\n<p>Tel. 937 131 126 \u00a0 Fax 937 133 349<br \/>\na8061543@xtec.cat<br \/>\n<iframe loading=\"lazy\" style=\"border: 0;\" src=\"https:\/\/www.google.com\/maps\/embed?pb=!1m18!1m12!1m3!1d2480.357470478944!2d2.152619514993321!3d41.552803179249324!2m3!1f0!2f0!3f0!3m2!1i1024!2i768!4f13.1!3m3!1m2!1s0x12a4bfc532173ac1%3A0x3d01235cea46842f!2sEscola+Roser+Capdevila!5e1!3m2!1sen!2sus!4v1504960110771\" width=\"600\" height=\"450\" frameborder=\"0\" allowfullscreen=\"allowfullscreen\"><\/iframe><br \/>\n<strong>Com arribar-hi:<\/strong><\/p>\n<p class=\"font_8\">&#8211; Des de Sabadell: Carretera de Granollers (C-155), carretera Ramal a Sabadell, avinguda Llu\u00eds Companys.<\/p>\n<p class=\"font_8\">&#8211; Des de Sentmenat: carretera de Sentmenat, carrer Montserrat Roig, carrer Ernest Lluch, avinguda Llu\u00eds Companys.<\/p>\n<p class=\"font_8\">&#8211; Des de l&#8217;AP-7: sortida 18 (Santa Perp\u00e8tua &#8211; Poliny\u00e0), carretera de Sabadell (B-142), carrer Guifr\u00e9 el Pil\u00f3s,\u00a0carretera de Sentmenat, carrer Montserrat Roig, carrer Ernest Lluch, avinguda Llu\u00eds Companys.<\/p>\n<p>&nbsp;<\/p>\n","protected":false},"excerpt":{"rendered":"<p>Escola Roser Capdevila<br \/>\nAv. Llu\u00eds Companys s\/n<br \/>\n08213 Poliny\u00e0<br \/>\nTel. 937 131 126 \u00a0 Fax 937 133 349<br \/>\na8061543@xtec.cat<\/p>\n<p>Com arribar-hi:<br \/>\n&#8211; Des de Sabadell: Carretera de Granollers (C-155), carretera Ramal a Sabadell, avinguda Llu\u00eds Companys.<br \/>\n&#8211; Des de Sentmenat: carretera de Sentmenat, carrer Montserrat Roig, carrer Ernest Lluch, avinguda Llu\u00eds Companys.<br \/>\n&#8211;&hellip;  <a href=\"https:\/\/agora.xtec.cat\/ceiprosercapdevila\/lescola\/on-som\/\" title=\"Read On som\">Llegeix m\u00e9s\u00bb<\/a><\/p>\n","protected":false},"author":1,"featured_media":0,"parent":22,"menu_order":10,"comment_status":"closed","ping_status":"closed","template":"page-templates\/side-menu.php","meta":{"_bbp_topic_count":0,"_bbp_reply_count":0,"_bbp_total_topic_count":0,"_bbp_total_reply_count":0,"_bbp_voice_count":0,"_bbp_anonymous_reply_count":0,"_bbp_topic_count_hidden":0,"_bbp_reply_count_hidden":0,"_bbp_forum_subforum_count":0,"footnotes":""},"class_list":["post-24","page","type-page","status-publish","hentry"],"post_mailing_queue_ids":[],"_links":{"self":[{"href":"https:\/\/agora.xtec.cat\/ceiprosercapdevila\/wp-json\/wp\/v2\/pages\/24","targetHints":{"allow":["GET"]}}],"collection":[{"href":"https:\/\/agora.xtec.cat\/ceiprosercapdevila\/wp-json\/wp\/v2\/pages"}],"about":[{"href":"https:\/\/agora.xtec.cat\/ceiprosercapdevila\/wp-json\/wp\/v2\/types\/page"}],"author":[{"embeddable":true,"href":"https:\/\/agora.xtec.cat\/ceiprosercapdevila\/wp-json\/wp\/v2\/users\/1"}],"replies":[{"embeddable":true,"href":"https:\/\/agora.xtec.cat\/ceiprosercapdevila\/wp-json\/wp\/v2\/comments?post=24"}],"version-history":[{"count":3,"href":"https:\/\/agora.xtec.cat\/ceiprosercapdevila\/wp-json\/wp\/v2\/pages\/24\/revisions"}],"predecessor-version":[{"id":485,"href":"https:\/\/agora.xtec.cat\/ceiprosercapdevila\/wp-json\/wp\/v2\/pages\/24\/revisions\/485"}],"up":[{"embeddable":true,"href":"https:\/\/agora.xtec.cat\/ceiprosercapdevila\/wp-json\/wp\/v2\/pages\/22"}],"wp:attachment":[{"href":"https:\/\/agora.xtec.cat\/ceiprosercapdevila\/wp-json\/wp\/v2\/media?parent=24"}],"curies":[{"name":"wp","href":"https:\/\/api.w.org\/{rel}","templated":true}]}}

<p style="color: #666666;"><strong>Escola Roser Capdevila</strong><br />
Av. Lluís Companys s/n<br />
08213 Polinyà</p>
<p>Tel. 937 131 126   Fax 937 133 349<br />
a8061543@xtec.cat<br />
<iframe loading="lazy" style="border: 0;" src="https://www.google.com/maps/embed?pb=!1m18!1m12!1m3!1d2480.357470478944!2d2.152619514993321!3d41.552803179249324!2m3!1f0!2f0!3f0!3m2!1i1024!2i768!4f13.1!3m3!1m2!1s0x12a4bfc532173ac1%3A0x3d01235cea46842f!2sEscola+Roser+Capdevila!5e1!3m2!1sen!2sus!4v1504960110771" width="600" height="450" frameborder="0" allowfullscreen="allowfullscreen"></iframe><br />
<strong>Com arribar-hi:</strong></p>
<p class="font_8">&#8211; Des de Sabadell: Carretera de Granollers (C-155), carretera Ramal a Sabadell, avinguda Lluís Companys.</p>
<p class="font_8">&#8211; Des de Sentmenat: carretera de Sentmenat, carrer Montserrat Roig, carrer Ernest Lluch, avinguda Lluís Companys.</p>
<p class="font_8">&#8211; Des de l&#8217;AP-7: sortida 18 (Santa Perpètua &#8211; Polinyà), carretera de Sabadell (B-142), carrer Guifré el Pilós, carretera de Sentmenat, carrer Montserrat Roig, carrer Ernest Lluch, avinguda Lluís Companys.</p>
<p>&nbsp;</p>

<p>Escola Roser Capdevila<br />
Av. Lluís Companys s/n<br />
08213 Polinyà<br />
Tel. 937 131 126   Fax 937 133 349<br />
a8061543@xtec.cat</p>
<p>Com arribar-hi:<br />
&#8211; Des de Sabadell: Carretera de Granollers (C-155), carretera Ramal a Sabadell, avinguda Lluís Companys.<br />
&#8211; Des de Sentmenat: carretera de Sentmenat, carrer Montserrat Roig, carrer Ernest Lluch, avinguda Lluís Companys.<br />
&#8211;&hellip;  <a href="https://agora.xtec.cat/ceiprosercapdevila/lescola/on-som/" title="Read On som">Llegeix més»</a></p>
