{"id":600,"date":"2019-07-29T00:23:19","date_gmt":"2019-07-28T22:23:19","guid":{"rendered":"https:\/\/agora.xtec.cat\/ceiprodoredag\/?page_id=600"},"modified":"2019-09-11T19:18:14","modified_gmt":"2019-09-11T17:18:14","slug":"educacio-emocional","status":"publish","type":"page","link":"https:\/\/agora.xtec.cat\/ceiprodoredag\/projecte-educatiu\/educacio-emocional\/","title":{"rendered":"Educaci\u00f3 emocional"},"content":{"rendered":"<p>L&#8217;educaci\u00f3 emocional pret\u00e9n i permet formar els alumnes en la seva totalitat, educant ciutadans competentment emocionals: capa\u00e7os de recon\u00e8ixer les seves emocions i les dels altres, de motivar-se, de controlar les seves emocions, i d&#8217;adquirir control en les relacions. \u00c9s a dir, dotar-los d&#8217;estrat\u00e8gies interpersonals i intrapersonals per a un bon equilibri cognitiu i emocional, potenciant aix\u00ed el seu desenvolupament integral.<\/p>\n<p>Aquest tipus de treball ho trobem b\u00e0sic per la nostra escola i oferirem activitats per poder-lo dur a terme.<\/p>\n<ul>\n<li><strong>Tutories individualitzades.<\/strong> Establir una bona relaci\u00f3 afectiva mestre- alumne \u00e9s la base per fonamentar un bon proc\u00e9s educatiu; per aix\u00f2, l\u2019escola estableix un temps fix d\u2019atenci\u00f3 individualitzada on el mestre pot fer un seguiment de l\u2019alumne i on l\u2019alumne pot expressar aspectes relatius a q\u00fcestions escolars i personals.<\/li>\n<li>Treball de la compet\u00e8ncia social a partir d\u2019<strong>activitats cooperatives<\/strong>.<\/li>\n<li><strong>Assemblees grupals<\/strong> di\u00e0ries..<\/li>\n<li><strong>Contes i lectures per a treballar la gesti\u00f3 de les emocions<\/strong>. En aquest sentit les tert\u00falies dial\u00f2giques es converteixen en un espai idoni per a parlar del que senten i com reaccionen davant determinades circumst\u00e0ncies de la vida.<\/li>\n<li><strong>Tutories setmanals<\/strong> amb els grups classe, per a treballar les relacions que s\u2019estableixen entre els alumnes\u00a0 i la resoluci\u00f3 de conflictes.<\/li>\n<li>Activitats de <strong>din\u00e0mica grupal<\/strong> per a treballar la gesti\u00f3 de les emocions.<\/li>\n<\/ul>\n","protected":false},"excerpt":{"rendered":"<p>L&#8217;educaci\u00f3 emocional pret\u00e9n i permet formar els alumnes en la seva totalitat, educant ciutadans competentment emocionals: capa\u00e7os de recon\u00e8ixer les seves emocions i les dels altres, de motivar-se, de controlar les seves emocions, i d&#8217;adquirir control en les relacions. \u00c9s a dir, dotar-los d&#8217;estrat\u00e8gies interpersonals&hellip;  <a href=\"https:\/\/agora.xtec.cat\/ceiprodoredag\/projecte-educatiu\/educacio-emocional\/\" title=\"Read Educaci\u00f3 emocional\">Llegeix m\u00e9s\u00bb<\/a><\/p>\n","protected":false},"author":1,"featured_media":0,"parent":64,"menu_order":50,"comment_status":"closed","ping_status":"closed","template":"page-templates\/side-menu.php","meta":{"_bbp_topic_count":0,"_bbp_reply_count":0,"_bbp_total_topic_count":0,"_bbp_total_reply_count":0,"_bbp_voice_count":0,"_bbp_anonymous_reply_count":0,"_bbp_topic_count_hidden":0,"_bbp_reply_count_hidden":0,"_bbp_forum_subforum_count":0,"footnotes":""},"class_list":["post-600","page","type-page","status-publish","hentry"],"post_mailing_queue_ids":[],"_links":{"self":[{"href":"https:\/\/agora.xtec.cat\/ceiprodoredag\/wp-json\/wp\/v2\/pages\/600","targetHints":{"allow":["GET"]}}],"collection":[{"href":"https:\/\/agora.xtec.cat\/ceiprodoredag\/wp-json\/wp\/v2\/pages"}],"about":[{"href":"https:\/\/agora.xtec.cat\/ceiprodoredag\/wp-json\/wp\/v2\/types\/page"}],"author":[{"embeddable":true,"href":"https:\/\/agora.xtec.cat\/ceiprodoredag\/wp-json\/wp\/v2\/users\/1"}],"replies":[{"embeddable":true,"href":"https:\/\/agora.xtec.cat\/ceiprodoredag\/wp-json\/wp\/v2\/comments?post=600"}],"version-history":[{"count":2,"href":"https:\/\/agora.xtec.cat\/ceiprodoredag\/wp-json\/wp\/v2\/pages\/600\/revisions"}],"predecessor-version":[{"id":614,"href":"https:\/\/agora.xtec.cat\/ceiprodoredag\/wp-json\/wp\/v2\/pages\/600\/revisions\/614"}],"up":[{"embeddable":true,"href":"https:\/\/agora.xtec.cat\/ceiprodoredag\/wp-json\/wp\/v2\/pages\/64"}],"wp:attachment":[{"href":"https:\/\/agora.xtec.cat\/ceiprodoredag\/wp-json\/wp\/v2\/media?parent=600"}],"curies":[{"name":"wp","href":"https:\/\/api.w.org\/{rel}","templated":true}]}}