{"id":553,"date":"2019-07-27T10:20:35","date_gmt":"2019-07-27T08:20:35","guid":{"rendered":"https:\/\/agora.xtec.cat\/ceiprodoredag\/?page_id=553"},"modified":"2025-09-09T13:13:34","modified_gmt":"2025-09-09T11:13:34","slug":"malalties-febre-medicacio-allergies-polls","status":"publish","type":"page","link":"https:\/\/agora.xtec.cat\/ceiprodoredag\/lescola\/salut\/malalties-febre-medicacio-allergies-polls\/","title":{"rendered":"Malalties (febre, medicaci\u00f3, al\u00b7l\u00e8rgies, polls&#8230;)"},"content":{"rendered":"<header class=\"entry-header\">\n<h1 class=\"entry-title\"><\/h1>\n<\/header>\n<div class=\"entry-content\">\n<p><strong>Malalties<\/strong><\/p>\n<table style=\"width: 816px; border-style: double;\">\n<tbody>\n<tr>\n<td style=\"width: 115.75px;\">Febre<\/td>\n<td style=\"width: 692.25px;\">Davant d\u2019un infant amb febre, l\u2019escola ha de contactar amb el pare, mare o tutor i demanar-li que el reculli tan aviat com pugui. Mentrestant, si la febre \u00e9s igual o superior a 38\u00baC es recomana administrar un antit\u00e8rmic\/analg\u00e8sic.<\/p>\n<p>El f\u00e0rmac de refer\u00e8ncia i m\u00e9s utilitzat arreu \u00e9s el paracetamol\/Apiretal, per la seva bona toler\u00e0ncia i la relativa abs\u00e8ncia d\u2019efectes secundaris.<\/p>\n<p>Per administrar el paracetamol als infants a les escoles, cal tenir l\u2019autoritzaci\u00f3 signada pel pare, mare o tutor\/a, que es realitza a l&#8217;inici de l&#8217;escolaritat en el centre.<\/td>\n<\/tr>\n<tr>\n<td style=\"width: 115.75px;\">Medicaci\u00f3<\/td>\n<td style=\"width: 692.25px;\"><em>(Excepte el paracetamol explicat al punt anterior \u2013 Febre)<\/em>Evitar, SEMPRE que sigui possible, haver d\u2019administrar medicaments als\/les alumnes en l\u2019horari escolar. Si fos inevitable, s\u2019haur\u00e0 de complimentar un full d\u2019autoritzaci\u00f3 d\u2019administraci\u00f3 de medicaments per part de la fam\u00edlia. El full d\u2019autoritzaci\u00f3 el trobareu al taulell de consergeria en format paper, o b\u00e9 aqu\u00ed, en format digital (<a href=\"https:\/\/agora.xtec.cat\/ceiprodoredag\/wp-content\/uploads\/usu845\/2019\/07\/MEDICAMENTS-CURS-2019.docx\">MEDICAMENTS CURS<\/a>).<\/p>\n<p>Caldr\u00e0 que vagi SEMPRE acompanyat per la c\u00f2pia de la recepta m\u00e8dica que especifiqui el nom de l\u2019alumne\/a, la durada del tractament, l\u2019hora en que l\u2019ha de prendre, la dosificaci\u00f3 i altres aspectes que puguin ser d\u2019utilitat.<\/p>\n<p>El medicament ha d\u2019anar marcat amb el nom de l\u2019alumne\/a i el grup classe (en dosi individual sempre que sigui possible).<\/p>\n<p>El medicament, el full d\u2019autoritzaci\u00f3 i la recepta m\u00e8dica, s\u2019entregaran a la coordinadora de menjador o a la M\u00f2nica (conserge) a primera hora del mat\u00ed i es recolliran, si s\u2019escau, a les 16:30h. No deixeu mai el medicament a la motxilla del vostre fill\/a.<\/p>\n<p><strong>NO<\/strong>\u00a0<strong>es subministraran, en cap cas, medicaments sense els requisits anteriorment descrits.<\/strong><\/td>\n<\/tr>\n<tr>\n<td style=\"width: 115.75px;\">Al\u00b7l\u00e8rgies i\/o intoler\u00e0ncies<\/td>\n<td style=\"width: 692.25px;\">Si el vostre fill\/a pateix d\u2019alguna al\u00b7l\u00e8rgia i\/o intol\u00b7ler\u00e0ncia cal que:<\/p>\n<ul>\n<li>porteu l\u2019informe m\u00e8dic.<\/li>\n<li>informeu al tutor\/a de l\u2019alumn@ i a la coordinadora de menjador.<\/li>\n<li>Porteu les possibles necessitats que es puguin derivar de les al\u00b7l\u00e8rgies o malalties.<\/li>\n<\/ul>\n<\/td>\n<\/tr>\n<tr>\n<td style=\"width: 115.75px;\">Polls, ll\u00e8menes,..<\/td>\n<td style=\"width: 692.25px;\">Es important que reviseu el cap des vostres nens i nenes, i que ens aviseu en el cas que trobeu ll\u00e8menes o polls: als tutors dels alumnes, a la conserge, \u2026Aix\u00ed podem informar a les fam\u00edlies de la classe per a que facin revisi\u00f3 i apliquin els tractaments corresponents. A m\u00e9s els\/les alumnes amb polls no poden assistir a l&#8217;escola com a mesura de prevenci\u00f3.<\/p>\n<p>Els polls s\u00f3n una de les infeccions m\u00e9s habituals. En cas que els fills n\u2019agafin, \u00e9s cabdal seguir les recomanacions dels professionals de salut per eliminar-los. A m\u00e9s de fer servir productes espec\u00edfics de seguida que us adoneu de la infecci\u00f3, cal tamb\u00e9 passar la llemenera de manera regular i netejar tot all\u00f2 que est\u00e0 en contacte amb els cabells (raspall, roba de llit, coixins, etc.). La revisi\u00f3 freq\u00fcent \u00e9s la millor estrat\u00e8gia.<\/p>\n<figure class=\"figure wp-caption aligncenter\"><a href=\"https:\/\/www.youtube.com\/watch?v=FD4Q64XxnL4\" target=\"_blank\" rel=\"noopener noreferrer\"><img loading=\"lazy\" decoding=\"async\" class=\"wp-image-971\" src=\"http:\/\/agora.xtec.cat\/ceipauro\/wp-content\/uploads\/usu276\/2014\/09\/Captura-de-pantalla-2018-08-22-a-les-19.41.12-300x157.png\" sizes=\"auto, (max-width: 325px) 100vw, 325px\" srcset=\"https:\/\/agora.xtec.cat\/ceipauro\/wp-content\/uploads\/usu276\/2014\/09\/Captura-de-pantalla-2018-08-22-a-les-19.41.12-300x157.png 300w, https:\/\/agora.xtec.cat\/ceipauro\/wp-content\/uploads\/usu276\/2014\/09\/Captura-de-pantalla-2018-08-22-a-les-19.41.12-e1535103127547-150x78.png 150w, https:\/\/agora.xtec.cat\/ceipauro\/wp-content\/uploads\/usu276\/2014\/09\/Captura-de-pantalla-2018-08-22-a-les-19.41.12.png 618w\" alt=\"\" width=\"325\" height=\"170\" \/><\/a><figcaption class=\"wp-caption-text\"><strong>REPORTATGE: Com es poden detectar i eliminar<\/strong> <a href=\"http:\/\/canalsalut.gencat.cat\" target=\"_blank\" rel=\"noopener noreferrer\">http:\/\/canalsalut.gencat.cat<\/a><\/figcaption><\/figure>\n<\/td>\n<\/tr>\n<\/tbody>\n<\/table>\n<\/div>\n","protected":false},"excerpt":{"rendered":"<p>Malalties<\/p>\n<p>Febre<br \/>\nDavant d\u2019un infant amb febre, l\u2019escola ha de contactar amb el pare, mare o tutor i demanar-li que el reculli tan aviat com pugui. Mentrestant, si la febre \u00e9s igual o superior a 38\u00baC es recomana administrar un antit\u00e8rmic\/analg\u00e8sic.<br \/>\nEl f\u00e0rmac de refer\u00e8ncia i m\u00e9s utilitzat&hellip;  <a href=\"https:\/\/agora.xtec.cat\/ceiprodoredag\/lescola\/salut\/malalties-febre-medicacio-allergies-polls\/\" title=\"Read Malalties (febre, medicaci\u00f3, al\u00b7l\u00e8rgies, polls&#8230;)\">Llegeix m\u00e9s\u00bb<\/a><\/p>\n","protected":false},"author":1,"featured_media":0,"parent":545,"menu_order":20,"comment_status":"closed","ping_status":"closed","template":"","meta":{"_bbp_topic_count":0,"_bbp_reply_count":0,"_bbp_total_topic_count":0,"_bbp_total_reply_count":0,"_bbp_voice_count":0,"_bbp_anonymous_reply_count":0,"_bbp_topic_count_hidden":0,"_bbp_reply_count_hidden":0,"_bbp_forum_subforum_count":0,"footnotes":""},"class_list":["post-553","page","type-page","status-publish","hentry"],"post_mailing_queue_ids":[],"_links":{"self":[{"href":"https:\/\/agora.xtec.cat\/ceiprodoredag\/wp-json\/wp\/v2\/pages\/553","targetHints":{"allow":["GET"]}}],"collection":[{"href":"https:\/\/agora.xtec.cat\/ceiprodoredag\/wp-json\/wp\/v2\/pages"}],"about":[{"href":"https:\/\/agora.xtec.cat\/ceiprodoredag\/wp-json\/wp\/v2\/types\/page"}],"author":[{"embeddable":true,"href":"https:\/\/agora.xtec.cat\/ceiprodoredag\/wp-json\/wp\/v2\/users\/1"}],"replies":[{"embeddable":true,"href":"https:\/\/agora.xtec.cat\/ceiprodoredag\/wp-json\/wp\/v2\/comments?post=553"}],"version-history":[{"count":5,"href":"https:\/\/agora.xtec.cat\/ceiprodoredag\/wp-json\/wp\/v2\/pages\/553\/revisions"}],"predecessor-version":[{"id":13132,"href":"https:\/\/agora.xtec.cat\/ceiprodoredag\/wp-json\/wp\/v2\/pages\/553\/revisions\/13132"}],"up":[{"embeddable":true,"href":"https:\/\/agora.xtec.cat\/ceiprodoredag\/wp-json\/wp\/v2\/pages\/545"}],"wp:attachment":[{"href":"https:\/\/agora.xtec.cat\/ceiprodoredag\/wp-json\/wp\/v2\/media?parent=553"}],"curies":[{"name":"wp","href":"https:\/\/api.w.org\/{rel}","templated":true}]}}

Malalties (febre, medicació, al·lèrgies, polls&#8230;)

<header class="entry-header">
<h1 class="entry-title"></h1>
</header>
<div class="entry-content">
<p><strong>Malalties</strong></p>
<table style="width: 816px; border-style: double;">
<tbody>
<tr>
<td style="width: 115.75px;">Febre</td>
<td style="width: 692.25px;">Davant d’un infant amb febre, l’escola ha de contactar amb el pare, mare o tutor i demanar-li que el reculli tan aviat com pugui. Mentrestant, si la febre és igual o superior a 38ºC es recomana administrar un antitèrmic/analgèsic.</p>
<p>El fàrmac de referència i més utilitzat arreu és el paracetamol/Apiretal, per la seva bona tolerància i la relativa absència d’efectes secundaris.</p>
<p>Per administrar el paracetamol als infants a les escoles, cal tenir l’autorització signada pel pare, mare o tutor/a, que es realitza a l&#8217;inici de l&#8217;escolaritat en el centre.</td>
</tr>
<tr>
<td style="width: 115.75px;">Medicació</td>
<td style="width: 692.25px;"><em>(Excepte el paracetamol explicat al punt anterior – Febre)</em>Evitar, SEMPRE que sigui possible, haver d’administrar medicaments als/les alumnes en l’horari escolar. Si fos inevitable, s’haurà de complimentar un full d’autorització d’administració de medicaments per part de la família. El full d’autorització el trobareu al taulell de consergeria en format paper, o bé aquí, en format digital (<a href="https://agora.xtec.cat/ceiprodoredag/wp-content/uploads/usu845/2019/07/MEDICAMENTS-CURS-2019.docx">MEDICAMENTS CURS</a>).</p>
<p>Caldrà que vagi SEMPRE acompanyat per la còpia de la recepta mèdica que especifiqui el nom de l’alumne/a, la durada del tractament, l’hora en que l’ha de prendre, la dosificació i altres aspectes que puguin ser d’utilitat.</p>
<p>El medicament ha d’anar marcat amb el nom de l’alumne/a i el grup classe (en dosi individual sempre que sigui possible).</p>
<p>El medicament, el full d’autorització i la recepta mèdica, s’entregaran a la coordinadora de menjador o a la Mònica (conserge) a primera hora del matí i es recolliran, si s’escau, a les 16:30h. No deixeu mai el medicament a la motxilla del vostre fill/a.</p>
<p><strong>NO</strong> <strong>es subministraran, en cap cas, medicaments sense els requisits anteriorment descrits.</strong></td>
</tr>
<tr>
<td style="width: 115.75px;">Al·lèrgies i/o intoleràncies</td>
<td style="width: 692.25px;">Si el vostre fill/a pateix d’alguna al·lèrgia i/o intol·lerància cal que:</p>
<ul>
<li>porteu l’informe mèdic.</li>
<li>informeu al tutor/a de l’alumn@ i a la coordinadora de menjador.</li>
<li>Porteu les possibles necessitats que es puguin derivar de les al·lèrgies o malalties.</li>
</ul>
</td>
</tr>
<tr>
<td style="width: 115.75px;">Polls, llèmenes,..</td>
<td style="width: 692.25px;">Es important que reviseu el cap des vostres nens i nenes, i que ens aviseu en el cas que trobeu llèmenes o polls: als tutors dels alumnes, a la conserge, …Així podem informar a les famílies de la classe per a que facin revisió i apliquin els tractaments corresponents. A més els/les alumnes amb polls no poden assistir a l&#8217;escola com a mesura de prevenció.</p>
<p>Els polls són una de les infeccions més habituals. En cas que els fills n’agafin, és cabdal seguir les recomanacions dels professionals de salut per eliminar-los. A més de fer servir productes específics de seguida que us adoneu de la infecció, cal també passar la llemenera de manera regular i netejar tot allò que està en contacte amb els cabells (raspall, roba de llit, coixins, etc.). La revisió freqüent és la millor estratègia.</p>
<figure class="figure wp-caption aligncenter"><a href="https://www.youtube.com/watch?v=FD4Q64XxnL4" target="_blank" rel="noopener noreferrer"><img loading="lazy" decoding="async" class="wp-image-971" src="http://agora.xtec.cat/ceipauro/wp-content/uploads/usu276/2014/09/Captura-de-pantalla-2018-08-22-a-les-19.41.12-300x157.png" sizes="auto, (max-width: 325px) 100vw, 325px" srcset="https://agora.xtec.cat/ceipauro/wp-content/uploads/usu276/2014/09/Captura-de-pantalla-2018-08-22-a-les-19.41.12-300x157.png 300w, https://agora.xtec.cat/ceipauro/wp-content/uploads/usu276/2014/09/Captura-de-pantalla-2018-08-22-a-les-19.41.12-e1535103127547-150x78.png 150w, https://agora.xtec.cat/ceipauro/wp-content/uploads/usu276/2014/09/Captura-de-pantalla-2018-08-22-a-les-19.41.12.png 618w" alt="" width="325" height="170" /></a><figcaption class="wp-caption-text"><strong>REPORTATGE: Com es poden detectar i eliminar</strong> <a href="http://canalsalut.gencat.cat" target="_blank" rel="noopener noreferrer">http://canalsalut.gencat.cat</a></figcaption></figure>
</td>
</tr>
</tbody>
</table>
</div>

<p>Malalties</p>
<p>Febre<br />
Davant d’un infant amb febre, l’escola ha de contactar amb el pare, mare o tutor i demanar-li que el reculli tan aviat com pugui. Mentrestant, si la febre és igual o superior a 38ºC es recomana administrar un antitèrmic/analgèsic.<br />
El fàrmac de referència i més utilitzat&hellip;  <a href="https://agora.xtec.cat/ceiprodoredag/lescola/salut/malalties-febre-medicacio-allergies-polls/" title="Read Malalties (febre, medicació, al·lèrgies, polls&#8230;)">Llegeix més»</a></p>
