{"id":36,"date":"2014-09-18T12:33:11","date_gmt":"2014-09-18T11:33:11","guid":{"rendered":"http:\/\/agora.xtec.cat\/ceiprocalba\/?page_id=36"},"modified":"2025-07-03T12:23:57","modified_gmt":"2025-07-03T10:23:57","slug":"material-escolar","status":"publish","type":"page","link":"https:\/\/agora.xtec.cat\/ceiprocalba\/lescola\/material-escolar\/","title":{"rendered":"Llibres i material Escolar"},"content":{"rendered":"<p>Benvolgudes fam\u00edlies:<\/p>\n<p>En aquest apartat us podreu descarregar el material escolar per cursos i els llibres o llic\u00e8ncies que s&#8217;utilitzen a cada nivell<\/p>\n<p><strong>Material curs 2025-2026:<\/strong><\/p>\n<p><a href=\"https:\/\/agora.xtec.cat\/ceiprocalba\/wp-content\/uploads\/usu1913\/2025\/07\/MATERIAL-EDUCACIO-INFANTIL-ESCOLA-ROCALBA.pdf\">Material Educaci\u00f3 Infantil<\/a><\/p>\n<p><a href=\"https:\/\/agora.xtec.cat\/ceiprocalba\/wp-content\/uploads\/usu1913\/2025\/07\/Material_1r_curs-25-26.docx.pdf\">Material_1r_curs 25-26.docx<\/a><\/p>\n<p><a href=\"https:\/\/agora.xtec.cat\/ceiprocalba\/wp-content\/uploads\/usu1913\/2025\/07\/Material-2n_curs-25-26.docx.pdf\">Material 2n_curs 25-26.docx<\/a><\/p>\n<p><a href=\"https:\/\/agora.xtec.cat\/ceiprocalba\/wp-content\/uploads\/usu1913\/2025\/07\/Material-3r_curs-25-26.docx.pdf\">Material 3r_curs 25-26.docx<\/a><\/p>\n<p><a href=\"https:\/\/agora.xtec.cat\/ceiprocalba\/wp-content\/uploads\/usu1913\/2025\/07\/Material-4t_curs-25-26.docx.pdf\">Material 4t_curs 25-26.docx<\/a><\/p>\n<p><a href=\"https:\/\/agora.xtec.cat\/ceiprocalba\/wp-content\/uploads\/usu1913\/2025\/07\/Material-5e_curs-25-26.docx.pdf\">Material 5\u00e8_curs 25-26.docx<\/a><\/p>\n<p><a href=\"https:\/\/agora.xtec.cat\/ceiprocalba\/wp-content\/uploads\/usu1913\/2025\/07\/Material-6e_curs-25-26.docx.pdf\">Material 6\u00e8_curs 25-26.docx<\/a><\/p>\n<p><strong>Llibres\/llic\u00e8ncies curs 2025-2026:<\/strong><\/p>\n<p>Llibres (trobareu els ISBN al document de material de cada curs):<\/p>\n<ul>\n<li>Innovamat de 1r a 6\u00e8<\/li>\n<li>All About Us Now (Oxford) de 1r a 6\u00e8<\/li>\n<\/ul>\n<p>Llic\u00e8ncies:<\/p>\n<ul>\n<li>Innovamat de 1r a 6\u00e8<\/li>\n<li>Science Bits a 5\u00e8 i 6\u00e8<\/li>\n<\/ul>\n<p>Com adquirir el Science Bits:<\/p>\n<p><a href=\"https:\/\/agora.xtec.cat\/ceiprocalba\/wp-content\/uploads\/usu1913\/2025\/07\/CA-Guia-de-compra-de-Science-Bits-i-Math-Bits-a-traves-del-web.pdf\">CA &#8211; Guia de compra de Science Bits i Math Bits a trav\u00e9s del web<\/a><\/p>\n<p><a href=\"https:\/\/agora.xtec.cat\/ceiprocalba\/wp-content\/uploads\/usu1913\/2025\/07\/Instruccions-compra-Primaria-Science-Bits-Escola-Rocalba.docx\">Instruccions compra Prim\u00e0ria &#8211; Science Bits Escola Rocalba<\/a><\/p>\n","protected":false},"excerpt":{"rendered":"<p>Benvolgudes fam\u00edlies: En aquest apartat us podreu descarregar el material escolar per cursos i els llibres o llic\u00e8ncies que s&#8217;utilitzen a cada nivell Material curs 2025-2026: Material Educaci\u00f3 Infantil Material_1r_curs 25-26.docx Material 2n_curs 25-26.docx Material 3r_curs 25-26.docx Material 4t_curs 25-26.docx Material 5\u00e8_curs 25-26.docx Material 6\u00e8_curs 25-26.docx Llibres\/llic\u00e8ncies curs 2025-2026: Llibres (trobareu els ISBN al document [&hellip;]<\/p>\n","protected":false},"author":1,"featured_media":0,"parent":22,"menu_order":70,"comment_status":"closed","ping_status":"closed","template":"page-templates\/side-menu.php","meta":{"_bbp_topic_count":0,"_bbp_reply_count":0,"_bbp_total_topic_count":0,"_bbp_total_reply_count":0,"_bbp_voice_count":0,"_bbp_anonymous_reply_count":0,"_bbp_topic_count_hidden":0,"_bbp_reply_count_hidden":0,"_bbp_forum_subforum_count":0,"site-sidebar-layout":"default","site-content-layout":"","ast-site-content-layout":"","site-content-style":"default","site-sidebar-style":"default","ast-global-header-display":"","ast-banner-title-visibility":"","ast-main-header-display":"","ast-hfb-above-header-display":"","ast-hfb-below-header-display":"","ast-hfb-mobile-header-display":"","site-post-title":"","ast-breadcrumbs-content":"","ast-featured-img":"","footer-sml-layout":"","theme-transparent-header-meta":"","adv-header-id-meta":"","stick-header-meta":"","header-above-stick-meta":"","header-main-stick-meta":"","header-below-stick-meta":"","astra-migrate-meta-layouts":"default","ast-page-background-enabled":"default","ast-page-background-meta":{"desktop":{"background-color":"var(--ast-global-color-4)","background-image":"","background-repeat":"repeat","background-position":"center center","background-size":"auto","background-attachment":"scroll","background-type":"","background-media":"","overlay-type":"","overlay-color":"","overlay-opacity":"","overlay-gradient":""},"tablet":{"background-color":"","background-image":"","background-repeat":"repeat","background-position":"center center","background-size":"auto","background-attachment":"scroll","background-type":"","background-media":"","overlay-type":"","overlay-color":"","overlay-opacity":"","overlay-gradient":""},"mobile":{"background-color":"","background-image":"","background-repeat":"repeat","background-position":"center center","background-size":"auto","background-attachment":"scroll","background-type":"","background-media":"","overlay-type":"","overlay-color":"","overlay-opacity":"","overlay-gradient":""}},"ast-content-background-meta":{"desktop":{"background-color":"var(--ast-global-color-5)","background-image":"","background-repeat":"repeat","background-position":"center center","background-size":"auto","background-attachment":"scroll","background-type":"","background-media":"","overlay-type":"","overlay-color":"","overlay-opacity":"","overlay-gradient":""},"tablet":{"background-color":"var(--ast-global-color-5)","background-image":"","background-repeat":"repeat","background-position":"center center","background-size":"auto","background-attachment":"scroll","background-type":"","background-media":"","overlay-type":"","overlay-color":"","overlay-opacity":"","overlay-gradient":""},"mobile":{"background-color":"var(--ast-global-color-5)","background-image":"","background-repeat":"repeat","background-position":"center center","background-size":"auto","background-attachment":"scroll","background-type":"","background-media":"","overlay-type":"","overlay-color":"","overlay-opacity":"","overlay-gradient":""}},"footnotes":""},"class_list":["post-36","page","type-page","status-publish","hentry"],"post_mailing_queue_ids":[],"_links":{"self":[{"href":"https:\/\/agora.xtec.cat\/ceiprocalba\/wp-json\/wp\/v2\/pages\/36","targetHints":{"allow":["GET"]}}],"collection":[{"href":"https:\/\/agora.xtec.cat\/ceiprocalba\/wp-json\/wp\/v2\/pages"}],"about":[{"href":"https:\/\/agora.xtec.cat\/ceiprocalba\/wp-json\/wp\/v2\/types\/page"}],"author":[{"embeddable":true,"href":"https:\/\/agora.xtec.cat\/ceiprocalba\/wp-json\/wp\/v2\/users\/1"}],"replies":[{"embeddable":true,"href":"https:\/\/agora.xtec.cat\/ceiprocalba\/wp-json\/wp\/v2\/comments?post=36"}],"version-history":[{"count":7,"href":"https:\/\/agora.xtec.cat\/ceiprocalba\/wp-json\/wp\/v2\/pages\/36\/revisions"}],"predecessor-version":[{"id":4716,"href":"https:\/\/agora.xtec.cat\/ceiprocalba\/wp-json\/wp\/v2\/pages\/36\/revisions\/4716"}],"up":[{"embeddable":true,"href":"https:\/\/agora.xtec.cat\/ceiprocalba\/wp-json\/wp\/v2\/pages\/22"}],"wp:attachment":[{"href":"https:\/\/agora.xtec.cat\/ceiprocalba\/wp-json\/wp\/v2\/media?parent=36"}],"curies":[{"name":"wp","href":"https:\/\/api.w.org\/{rel}","templated":true}]}}