{"id":22,"date":"2014-09-18T12:19:57","date_gmt":"2014-09-18T11:19:57","guid":{"rendered":"http:\/\/agora.xtec.cat\/ceiprocalba\/?page_id=22"},"modified":"2025-10-20T16:26:41","modified_gmt":"2025-10-20T14:26:41","slug":"lescola","status":"publish","type":"page","link":"https:\/\/agora.xtec.cat\/ceiprocalba\/lescola\/","title":{"rendered":"L&#8217;escola"},"content":{"rendered":"<p>Aquesta secci\u00f3 cont\u00e9 totes les p\u00e0gines necess\u00e0ries per a oferir una descripci\u00f3 general de l&#8217;escola: ubicaci\u00f3, hist\u00f2ria, instal\u00b7lacions, equip docent, consell escolar, calendari, salut, informacions pr\u00e0ctiques, normativa&#8230;<\/p>\n<p><a href=\"https:\/\/agora.xtec.cat\/ceiprocalba\/wp-content\/uploads\/usu1913\/2025\/09\/WhatsApp-Image-2025-09-17-at-19.55.15-scaled.jpeg\"><img loading=\"lazy\" decoding=\"async\" class=\"wp-image-4805 aligncenter\" src=\"https:\/\/agora.xtec.cat\/ceiprocalba\/wp-content\/uploads\/usu1913\/2025\/09\/WhatsApp-Image-2025-09-17-at-19.55.15-768x1024.jpeg\" alt=\"\" width=\"361\" height=\"482\" srcset=\"https:\/\/agora.xtec.cat\/ceiprocalba\/wp-content\/uploads\/usu1913\/2025\/09\/WhatsApp-Image-2025-09-17-at-19.55.15-768x1024.jpeg 768w, https:\/\/agora.xtec.cat\/ceiprocalba\/wp-content\/uploads\/usu1913\/2025\/09\/WhatsApp-Image-2025-09-17-at-19.55.15-225x300.jpeg 225w, https:\/\/agora.xtec.cat\/ceiprocalba\/wp-content\/uploads\/usu1913\/2025\/09\/WhatsApp-Image-2025-09-17-at-19.55.15-1152x1536.jpeg 1152w, https:\/\/agora.xtec.cat\/ceiprocalba\/wp-content\/uploads\/usu1913\/2025\/09\/WhatsApp-Image-2025-09-17-at-19.55.15-1536x2048.jpeg 1536w, https:\/\/agora.xtec.cat\/ceiprocalba\/wp-content\/uploads\/usu1913\/2025\/09\/WhatsApp-Image-2025-09-17-at-19.55.15-scaled.jpeg 1920w\" sizes=\"auto, (max-width: 361px) 100vw, 361px\" \/><\/a><\/p>\n<p>L\u2019equip docent i no docent de l&#8217;escola Rocalba est\u00e0 format per:<\/p>\n<table style=\"height: 1445px; width: 88%;\" width=\"88%\">\n<tbody>\n<tr style=\"height: 33px;\">\n<td style=\"height: 33px; width: 16%;\" width=\"16%\"><\/td>\n<td style=\"height: 33px; width: 21%;\" width=\"21%\"><strong>Nivell<\/strong><\/td>\n<td style=\"height: 33px; width: 18%;\" width=\"18%\"><strong>Nom i cognom<\/strong><\/td>\n<td style=\"height: 33px; width: 43%;\" width=\"43%\"><strong>Contacte<\/strong><\/td>\n<\/tr>\n<tr style=\"height: 33px;\">\n<td style=\"height: 131px; width: 16%;\" rowspan=\"3\" width=\"16%\"><strong>Equip directiu<\/strong><\/td>\n<td style=\"height: 33px; width: 21%;\" width=\"21%\"><strong>Directora<\/strong><\/td>\n<td style=\"height: 33px; width: 18%;\" width=\"18%\">Silvia Barret<\/td>\n<td style=\"height: 131px; width: 43%;\" rowspan=\"3\" width=\"43%\">b7003343@xtec.cat<\/td>\n<\/tr>\n<tr style=\"height: 49px;\">\n<td style=\"height: 49px; width: 21%;\" width=\"21%\"><strong>Cap d\u2019estudis<\/strong><\/td>\n<td style=\"height: 49px; width: 18%;\" width=\"18%\">Georgina Gonzalez<\/td>\n<\/tr>\n<tr style=\"height: 49px;\">\n<td style=\"height: 49px; width: 21%;\" width=\"21%\"><strong>Secret\u00e0ria<\/strong><\/td>\n<td style=\"height: 49px; width: 18%;\" width=\"18%\">Raquel Vilas<\/td>\n<\/tr>\n<tr style=\"height: 33px;\">\n<td style=\"height: 14px; width: 98%;\" colspan=\"4\" width=\"100%\"><\/td>\n<\/tr>\n<tr style=\"height: 33px;\">\n<td style=\"height: 235px; width: 16%;\" rowspan=\"4\" width=\"16%\"><strong>Educaci\u00f3 Infantil<\/strong><\/td>\n<td style=\"height: 66px; width: 21%;\" width=\"21%\"><strong>I3 <\/strong>tutores<\/td>\n<td style=\"height: 66px; width: 18%;\" width=\"18%\">Aida Rich i Eli Caballero<\/td>\n<td style=\"width: 43%; height: 66px;\"><span style=\"font-weight: 400;\">nascuts2022@escolarocalba.cat<\/span><\/td>\n<\/tr>\n<tr style=\"height: 49px;\">\n<td style=\"height: 49px; width: 21%;\" width=\"21%\"><strong>I4 <\/strong>tutora<\/td>\n<td style=\"height: 49px; width: 18%;\" width=\"18%\">Carolina Dalgalarrondo<\/td>\n<td style=\"width: 43%; height: 49px;\"><span style=\"font-weight: 400;\">nascuts2021@escolarocalba.cat<\/span><\/td>\n<\/tr>\n<tr style=\"height: 32px;\">\n<td style=\"height: 32px; width: 21%;\"><strong>I5 <\/strong>tutora<\/td>\n<td style=\"height: 32px; width: 18%;\">Anna Roca<\/td>\n<td style=\"height: 32px; width: 43%;\"><span style=\"font-weight: 400;\">nascuts2020@escolarocalba.cat<\/span><\/td>\n<\/tr>\n<tr style=\"height: 65px;\">\n<td style=\"height: 88px; width: 21%;\" width=\"21%\"><strong>Suports<\/strong><\/td>\n<td style=\"height: 88px; width: 18%;\" width=\"18%\">Raquel Vilas Iba\u00f1ez<\/td>\n<td style=\"height: 88px; width: 43%;\" width=\"43%\">Mitjan\u00e7ant correu d&#8217;aula<\/td>\n<\/tr>\n<tr style=\"height: 33px;\">\n<td style=\"height: 33px; width: 16%;\" width=\"16%\"><strong>\u00a0<\/strong><\/td>\n<td style=\"height: 33px; width: 82%;\" colspan=\"3\" width=\"83%\"><strong>\u00a0<\/strong><\/td>\n<\/tr>\n<tr style=\"height: 33px;\">\n<td style=\"height: 250px; width: 16%;\" rowspan=\"6\" width=\"16%\"><strong>Educaci\u00f3 Prim\u00e0ria<\/strong><\/td>\n<td style=\"height: 33px; width: 21%;\" width=\"21%\"><strong>1r <\/strong>tutora<\/td>\n<td style=\"height: 33px; width: 18%;\" width=\"18%\">Carme Garcia<\/td>\n<td style=\"height: 33px; width: 43%;\" width=\"43%\"><span style=\"font-weight: 400;\">nascuts2019@escolarocalba.cat<\/span><\/td>\n<\/tr>\n<tr style=\"height: 65px;\">\n<td style=\"height: 47px; width: 21%;\" width=\"21%\"><strong>2n <\/strong>tutores<\/td>\n<td style=\"height: 47px; width: 18%;\" width=\"18%\">Raquel Olivera i S\u00edlvia Barret<\/td>\n<td style=\"width: 43%; height: 47px;\"><span style=\"font-weight: 400;\">nascuts2018@escolarocalba.cat<\/span><\/td>\n<\/tr>\n<tr style=\"height: 49px;\">\n<td style=\"height: 49px; width: 21%;\" width=\"21%\"><strong>3r <\/strong>tutora<\/td>\n<td style=\"height: 49px; width: 18%;\" width=\"18%\">Maria Rosa Collell<\/td>\n<td style=\"height: 49px; width: 43%;\" width=\"43%\"><span style=\"font-weight: 400;\">nascuts2017@escolarocalba.cat<\/span><\/td>\n<\/tr>\n<tr style=\"height: 33px;\">\n<td style=\"height: 23px; width: 21%;\" width=\"21%\"><strong>4t <\/strong>tutora<\/td>\n<td style=\"height: 23px; width: 18%;\" width=\"18%\">Ester Masmiquel<\/td>\n<td style=\"width: 43%; height: 23px;\"><span style=\"font-weight: 400;\">nascuts2016@escolarocalba.cat<\/span><\/td>\n<\/tr>\n<tr style=\"height: 49px;\">\n<td style=\"height: 49px; width: 21%;\" width=\"21%\"><strong>5\u00e8 <\/strong>tutora<\/td>\n<td style=\"height: 49px; width: 18%;\" width=\"18%\">Ingrid Campos<\/td>\n<td style=\"width: 43%; height: 49px;\"><span style=\"font-weight: 400;\">nascuts2015@escolarocalba.cat<\/span><\/td>\n<\/tr>\n<tr style=\"height: 49px;\">\n<td style=\"height: 49px; width: 21%;\" width=\"21%\"><strong>6\u00e8 <\/strong>tutors<\/td>\n<td style=\"height: 49px; width: 18%;\" width=\"18%\">Gerard Capdevila i Georgina Gonzalez<\/td>\n<td style=\"width: 43%; height: 49px;\"><span style=\"font-weight: 400;\">nascuts2014@escolarocalba.cat<\/span><\/td>\n<\/tr>\n<tr style=\"height: 33px;\">\n<td style=\"height: 33px; width: 16%;\"><\/td>\n<td style=\"height: 33px; width: 21%;\" width=\"21%\"><strong>Suports<\/strong><\/td>\n<td style=\"height: 33px; width: 18%;\" width=\"18%\">\u00cdngrid Cantalejo, Carla Juvanteny i Raquel Vilas<\/td>\n<td style=\"height: 33px; width: 43%;\" width=\"43%\">Mitjan\u00e7ant correu d&#8217;aula<\/td>\n<\/tr>\n<tr style=\"height: 33px;\">\n<td style=\"height: 33px; width: 16%;\" width=\"16%\"><strong>\u00a0<\/strong><\/td>\n<td style=\"height: 33px; width: 82%;\" colspan=\"3\" width=\"83%\"><strong>\u00a0<\/strong><\/td>\n<\/tr>\n<tr style=\"height: 49px;\">\n<td style=\"height: 198px; width: 16%;\" rowspan=\"5\" width=\"16%\"><strong>Especialistes<\/strong><\/td>\n<td style=\"height: 82px; width: 21%;\" rowspan=\"2\" width=\"21%\"><strong><br \/>\nLlengua anglesa<\/strong><\/td>\n<td style=\"height: 49px; width: 18%;\" width=\"18%\"><span style=\"background-color: #ffffff;\">Mireia Vilalta i Carla Juvanteny<\/span><\/td>\n<td style=\"height: 198px; width: 43%;\" rowspan=\"5\" width=\"43%\">Mitjan\u00e7ant correu d&#8217;aula<\/td>\n<\/tr>\n<tr style=\"height: 33px;\">\n<td style=\"height: 33px; width: 18%;\" width=\"18%\"><\/td>\n<\/tr>\n<tr style=\"height: 33px;\">\n<td style=\"height: 34px; width: 21%;\" width=\"21%\"><strong>Educaci\u00f3 Musical<\/strong><\/td>\n<td style=\"height: 34px; width: 18%;\" width=\"18%\">\u00a0Vanessa Pujol<\/td>\n<\/tr>\n<tr style=\"height: 33px;\">\n<td style=\"height: 33px; width: 21%;\" width=\"21%\"><strong>Educaci\u00f3 F\u00edsica i Piscomotricitat<\/strong><\/td>\n<td style=\"height: 33px; width: 18%;\" width=\"18%\">Gerard Capdevila i\u00a0 Eli Caballero<\/td>\n<\/tr>\n<tr style=\"height: 49px;\">\n<td style=\"height: 49px; width: 21%;\" width=\"21%\"><strong>Educaci\u00f3 especial<\/strong><\/td>\n<td style=\"height: 49px; width: 18%;\" width=\"18%\">Ingrid Campos i S\u00edlvia Barret<\/td>\n<\/tr>\n<tr style=\"height: 49px;\">\n<td style=\"height: 49px; width: 16%;\"><\/td>\n<td style=\"height: 49px; width: 21%;\" width=\"21%\"><strong>Religi\u00f3<\/strong><\/td>\n<td style=\"height: 49px; width: 18%;\" width=\"18%\">Norman Pujolr\u00e0s<\/td>\n<td style=\"height: 49px; width: 43%;\">Mitjan\u00e7ant correu d&#8217;aula<\/td>\n<\/tr>\n<tr style=\"height: 33px;\">\n<td style=\"height: 33px; width: 16%;\" width=\"16%\"><strong>\u00a0<\/strong><\/td>\n<td style=\"height: 33px; width: 82%;\" colspan=\"3\" width=\"83%\"><strong>\u00a0<\/strong><\/td>\n<\/tr>\n<tr style=\"height: 142px;\">\n<td style=\"height: 403px; width: 16%;\" rowspan=\"6\" width=\"16%\"><strong>Personal no docent i serveis<\/strong><\/td>\n<td style=\"height: 142px; width: 21%;\" width=\"21%\"><strong>Administratiu<\/strong><\/td>\n<td style=\"height: 142px; width: 18%;\" width=\"18%\">Toni GuardiaDe dilluns a divendres de 8:40h a 16:30h.<\/td>\n<td style=\"height: 142px; width: 43%;\" width=\"43%\">administracio@escolarocalba.cat<\/td>\n<\/tr>\n<tr style=\"height: 49px;\">\n<td style=\"height: 49px; width: 21%;\" width=\"21%\"><strong>Vetlladores<\/strong><\/td>\n<td style=\"height: 49px; width: 18%;\" width=\"18%\"><\/td>\n<td style=\"height: 261px; width: 43%;\" rowspan=\"5\" width=\"43%\"><\/td>\n<\/tr>\n<tr style=\"height: 97px;\">\n<td style=\"height: 97px; width: 21%;\" width=\"21%\"><strong>Psicopedagoga EAP<\/strong><\/td>\n<td style=\"height: 97px; width: 18%;\" width=\"18%\">(2 dijous al mes)<\/td>\n<\/tr>\n<tr style=\"height: 33px;\">\n<td style=\"height: 33px; width: 21%;\" width=\"21%\"><strong>Serveis socials<\/strong><\/td>\n<td style=\"height: 33px; width: 18%;\" width=\"18%\">Ellanah Sim\u00f3n<\/td>\n<\/tr>\n<tr style=\"height: 33px;\">\n<td style=\"height: 33px; width: 21%;\" width=\"21%\"><strong>Cuinera<\/strong><\/td>\n<td style=\"height: 33px; width: 18%;\" width=\"18%\">Montse i Lola<\/td>\n<\/tr>\n<tr style=\"height: 49px;\">\n<td style=\"height: 49px; width: 21%;\" width=\"21%\"><strong>Monitores de menjador<\/strong><\/td>\n<td style=\"height: 49px; width: 18%;\" width=\"18%\">Ia, Isa,<\/td>\n<\/tr>\n<\/tbody>\n<\/table>\n<p><a href=\"https:\/\/agora.xtec.cat\/ceiprocalba\/wp-content\/uploads\/usu1913\/2024\/02\/Trajectoria-professional_Georgina-1.pdf\">Traject\u00f2ria professional_Georgina<\/a><\/p>\n<p><a href=\"https:\/\/agora.xtec.cat\/ceiprocalba\/wp-content\/uploads\/usu1913\/2024\/02\/Trajectoriaprofessional_Silvia.pdf\">Traject\u00f2ria professional_S\u00edlvia<\/a><\/p>\n<p><a href=\"https:\/\/agora.xtec.cat\/ceiprocalba\/wp-content\/uploads\/usu1913\/2024\/02\/Trajectoria-professional_Raquel.pdf\">Traject\u00f2ria professional_Raquel<\/a><\/p>\n","protected":false},"excerpt":{"rendered":"<p>Aquesta secci\u00f3 cont\u00e9 totes les p\u00e0gines necess\u00e0ries per a oferir una descripci\u00f3 general de l&#8217;escola: ubicaci\u00f3, hist\u00f2ria, instal\u00b7lacions, equip docent, consell escolar, calendari, salut, informacions pr\u00e0ctiques, normativa&#8230; L\u2019equip docent i no docent de l&#8217;escola Rocalba est\u00e0 format per: Nivell Nom i cognom Contacte Equip directiu Directora Silvia Barret b7003343@xtec.cat Cap d\u2019estudis Georgina Gonzalez Secret\u00e0ria Raquel [&hellip;]<\/p>\n","protected":false},"author":1,"featured_media":0,"parent":0,"menu_order":0,"comment_status":"closed","ping_status":"closed","template":"","meta":{"_bbp_topic_count":0,"_bbp_reply_count":0,"_bbp_total_topic_count":0,"_bbp_total_reply_count":0,"_bbp_voice_count":0,"_bbp_anonymous_reply_count":0,"_bbp_topic_count_hidden":0,"_bbp_reply_count_hidden":0,"_bbp_forum_subforum_count":0,"site-sidebar-layout":"default","site-content-layout":"","ast-site-content-layout":"default","site-content-style":"default","site-sidebar-style":"default","ast-global-header-display":"","ast-banner-title-visibility":"","ast-main-header-display":"","ast-hfb-above-header-display":"","ast-hfb-below-header-display":"","ast-hfb-mobile-header-display":"","site-post-title":"","ast-breadcrumbs-content":"","ast-featured-img":"","footer-sml-layout":"","theme-transparent-header-meta":"","adv-header-id-meta":"","stick-header-meta":"","header-above-stick-meta":"","header-main-stick-meta":"","header-below-stick-meta":"","astra-migrate-meta-layouts":"set","ast-page-background-enabled":"default","ast-page-background-meta":{"desktop":{"background-color":"var(--ast-global-color-4)","background-image":"","background-repeat":"repeat","background-position":"center center","background-size":"auto","background-attachment":"scroll","background-type":"","background-media":"","overlay-type":"","overlay-color":"","overlay-opacity":"","overlay-gradient":""},"tablet":{"background-color":"","background-image":"","background-repeat":"repeat","background-position":"center center","background-size":"auto","background-attachment":"scroll","background-type":"","background-media":"","overlay-type":"","overlay-color":"","overlay-opacity":"","overlay-gradient":""},"mobile":{"background-color":"","background-image":"","background-repeat":"repeat","background-position":"center center","background-size":"auto","background-attachment":"scroll","background-type":"","background-media":"","overlay-type":"","overlay-color":"","overlay-opacity":"","overlay-gradient":""}},"ast-content-background-meta":{"desktop":{"background-color":"var(--ast-global-color-5)","background-image":"","background-repeat":"repeat","background-position":"center center","background-size":"auto","background-attachment":"scroll","background-type":"","background-media":"","overlay-type":"","overlay-color":"","overlay-opacity":"","overlay-gradient":""},"tablet":{"background-color":"var(--ast-global-color-5)","background-image":"","background-repeat":"repeat","background-position":"center center","background-size":"auto","background-attachment":"scroll","background-type":"","background-media":"","overlay-type":"","overlay-color":"","overlay-opacity":"","overlay-gradient":""},"mobile":{"background-color":"var(--ast-global-color-5)","background-image":"","background-repeat":"repeat","background-position":"center center","background-size":"auto","background-attachment":"scroll","background-type":"","background-media":"","overlay-type":"","overlay-color":"","overlay-opacity":"","overlay-gradient":""}},"footnotes":""},"class_list":["post-22","page","type-page","status-publish","hentry"],"post_mailing_queue_ids":[],"_links":{"self":[{"href":"https:\/\/agora.xtec.cat\/ceiprocalba\/wp-json\/wp\/v2\/pages\/22","targetHints":{"allow":["GET"]}}],"collection":[{"href":"https:\/\/agora.xtec.cat\/ceiprocalba\/wp-json\/wp\/v2\/pages"}],"about":[{"href":"https:\/\/agora.xtec.cat\/ceiprocalba\/wp-json\/wp\/v2\/types\/page"}],"author":[{"embeddable":true,"href":"https:\/\/agora.xtec.cat\/ceiprocalba\/wp-json\/wp\/v2\/users\/1"}],"replies":[{"embeddable":true,"href":"https:\/\/agora.xtec.cat\/ceiprocalba\/wp-json\/wp\/v2\/comments?post=22"}],"version-history":[{"count":7,"href":"https:\/\/agora.xtec.cat\/ceiprocalba\/wp-json\/wp\/v2\/pages\/22\/revisions"}],"predecessor-version":[{"id":4868,"href":"https:\/\/agora.xtec.cat\/ceiprocalba\/wp-json\/wp\/v2\/pages\/22\/revisions\/4868"}],"wp:attachment":[{"href":"https:\/\/agora.xtec.cat\/ceiprocalba\/wp-json\/wp\/v2\/media?parent=22"}],"curies":[{"name":"wp","href":"https:\/\/api.w.org\/{rel}","templated":true}]}}