{"id":953,"date":"2020-04-08T07:58:28","date_gmt":"2020-04-08T05:58:28","guid":{"rendered":"https:\/\/agora.xtec.cat\/ceiprocafonda\/?page_id=953"},"modified":"2020-04-13T13:32:20","modified_gmt":"2020-04-13T11:32:20","slug":"normes-del-menjador","status":"publish","type":"page","link":"https:\/\/agora.xtec.cat\/ceiprocafonda\/serveis\/menjador-escolar\/normes-del-menjador\/","title":{"rendered":"Normes del menjador"},"content":{"rendered":"<ul>\n<li>S\u2019ha d\u2019haver pagat la quota de l\u2019AFA per a a poder-se quedar a dinar en el servei de menjador.<\/li>\n<li>Tiquets:\u00a0 <strong><u>\u00e9s imprescindible portar el tiquet abans de les 9:30h<\/u><\/strong>.\u00a0 Si per un motiu justificat no es pot portar el mateix dia, s\u2019ha de portar el dia seg\u00fcent.\u00a0 No es permetr\u00e0 utilitzar el servei de menjador si es tenen dos tiquets pendents.<\/li>\n<li>Si algun nen o nena vol sortir de l\u2019escola, haur\u00e0 de lliurar una autoritzaci\u00f3 escrita per la fam\u00edlia a la coordinadora del menjador.<\/li>\n<li>Si s\u2019ha de venir a recollir un nen o nena en horari de menjador, cal fer-ho per la porta del cam\u00ed roig i amb previ av\u00eds a la coordinadora del menjador.<\/li>\n<li>Els nens que prenguin medicaments, han de comunicar-ho a la coordinadora mitjan\u00e7ant una autoritzaci\u00f3 m\u00e8dica que especifiqui la dosi i la durada del tractament.<\/li>\n<li>Si un nen o nena necessita una dieta espec\u00edfica \u00a0ha de dur \u00a0un certificat m\u00e8dic; \u00e9s un requisit indispensable per a modificar la dieta.<\/li>\n<li>En cas de comportament inadequat d\u2019algun nen o nena en l\u2019horari del menjador, es parlar\u00e0 amb el\/la coordinador\/a. \u00a0La gravetat o reiteraci\u00f3 d\u2019aquests comportaments conflictius s\u2019exposaran a la Comissi\u00f3 de menjador que pot decidir l\u2019expulsi\u00f3 parcial o definitiva del menjador.<\/li>\n<li>Els tiquets del menjador es venen en pacs de 10, al preu de 62\u20ac per fixes i 64\u20ac pels espor\u00e0dics. Cal ingressar aquesta quantitat al compte del BBVA o pagar pel TPVescola. S\u2019ha de portar el comprovant de l\u2019ingr\u00e9s a secretaria i se us donar\u00e0 el talonari amb els tiquets. Cal dipositar el tiquet degudament complimentat amb totes les dades a la secretaria de l\u2019escola de 8:55h a 9:30h. No s\u2019acceptar\u00e0 cap sol\u00b7licitud despr\u00e9s de les 9:30h. En casos molt espor\u00e0dics es pot comprar\u00a0 un tiquet de menjador a\u00a0 la secretaria de l\u2019escola, al preu de 6,80 \u20ac.<\/li>\n<\/ul>\n<p><a href=\"https:\/\/agora.xtec.cat\/ceiprocafonda\/wp-content\/uploads\/usu416\/2020\/04\/nensverdures.png\"><img loading=\"lazy\" decoding=\"async\" class=\"alignnone size-large wp-image-1257\" src=\"https:\/\/agora.xtec.cat\/ceiprocafonda\/wp-content\/uploads\/usu416\/2020\/04\/nensverdures-1024x311.png\" alt=\"\" width=\"1024\" height=\"311\" srcset=\"https:\/\/agora.xtec.cat\/ceiprocafonda\/wp-content\/uploads\/usu416\/2020\/04\/nensverdures-1024x311.png 1024w, https:\/\/agora.xtec.cat\/ceiprocafonda\/wp-content\/uploads\/usu416\/2020\/04\/nensverdures-300x91.png 300w, https:\/\/agora.xtec.cat\/ceiprocafonda\/wp-content\/uploads\/usu416\/2020\/04\/nensverdures-768x233.png 768w\" sizes=\"auto, (max-width: 1024px) 100vw, 1024px\" \/><\/a><\/p>\n","protected":false},"excerpt":{"rendered":"<p>S\u2019ha d\u2019haver pagat la quota de l\u2019AFA per a a poder-se quedar a dinar en el servei de menjador. Tiquets:\u00a0 \u00e9s imprescindible portar el tiquet abans de les 9:30h.\u00a0 Si per un motiu justificat no es pot portar el mateix dia, s\u2019ha de portar el dia seg\u00fcent.\u00a0 No es permetr\u00e0 utilitzar el servei de menjador [&hellip;]<\/p>\n","protected":false},"author":1,"featured_media":0,"parent":73,"menu_order":1,"comment_status":"closed","ping_status":"closed","template":"page-templates\/side-menu.php","meta":{"_bbp_topic_count":0,"_bbp_reply_count":0,"_bbp_total_topic_count":0,"_bbp_total_reply_count":0,"_bbp_voice_count":0,"_bbp_anonymous_reply_count":0,"_bbp_topic_count_hidden":0,"_bbp_reply_count_hidden":0,"_bbp_forum_subforum_count":0,"site-sidebar-layout":"default","site-content-layout":"","ast-site-content-layout":"","site-content-style":"default","site-sidebar-style":"default","ast-global-header-display":"","ast-banner-title-visibility":"","ast-main-header-display":"","ast-hfb-above-header-display":"","ast-hfb-below-header-display":"","ast-hfb-mobile-header-display":"","site-post-title":"","ast-breadcrumbs-content":"","ast-featured-img":"","footer-sml-layout":"","theme-transparent-header-meta":"","adv-header-id-meta":"","stick-header-meta":"","header-above-stick-meta":"","header-main-stick-meta":"","header-below-stick-meta":"","astra-migrate-meta-layouts":"default","ast-page-background-enabled":"default","ast-page-background-meta":{"desktop":{"background-color":"var(--ast-global-color-4)","background-image":"","background-repeat":"repeat","background-position":"center center","background-size":"auto","background-attachment":"scroll","background-type":"","background-media":"","overlay-type":"","overlay-color":"","overlay-opacity":"","overlay-gradient":""},"tablet":{"background-color":"","background-image":"","background-repeat":"repeat","background-position":"center center","background-size":"auto","background-attachment":"scroll","background-type":"","background-media":"","overlay-type":"","overlay-color":"","overlay-opacity":"","overlay-gradient":""},"mobile":{"background-color":"","background-image":"","background-repeat":"repeat","background-position":"center center","background-size":"auto","background-attachment":"scroll","background-type":"","background-media":"","overlay-type":"","overlay-color":"","overlay-opacity":"","overlay-gradient":""}},"ast-content-background-meta":{"desktop":{"background-color":"var(--ast-global-color-5)","background-image":"","background-repeat":"repeat","background-position":"center center","background-size":"auto","background-attachment":"scroll","background-type":"","background-media":"","overlay-type":"","overlay-color":"","overlay-opacity":"","overlay-gradient":""},"tablet":{"background-color":"var(--ast-global-color-5)","background-image":"","background-repeat":"repeat","background-position":"center center","background-size":"auto","background-attachment":"scroll","background-type":"","background-media":"","overlay-type":"","overlay-color":"","overlay-opacity":"","overlay-gradient":""},"mobile":{"background-color":"var(--ast-global-color-5)","background-image":"","background-repeat":"repeat","background-position":"center center","background-size":"auto","background-attachment":"scroll","background-type":"","background-media":"","overlay-type":"","overlay-color":"","overlay-opacity":"","overlay-gradient":""}},"footnotes":""},"class_list":["post-953","page","type-page","status-publish","hentry"],"post_mailing_queue_ids":[],"_links":{"self":[{"href":"https:\/\/agora.xtec.cat\/ceiprocafonda\/wp-json\/wp\/v2\/pages\/953","targetHints":{"allow":["GET"]}}],"collection":[{"href":"https:\/\/agora.xtec.cat\/ceiprocafonda\/wp-json\/wp\/v2\/pages"}],"about":[{"href":"https:\/\/agora.xtec.cat\/ceiprocafonda\/wp-json\/wp\/v2\/types\/page"}],"author":[{"embeddable":true,"href":"https:\/\/agora.xtec.cat\/ceiprocafonda\/wp-json\/wp\/v2\/users\/1"}],"replies":[{"embeddable":true,"href":"https:\/\/agora.xtec.cat\/ceiprocafonda\/wp-json\/wp\/v2\/comments?post=953"}],"version-history":[{"count":2,"href":"https:\/\/agora.xtec.cat\/ceiprocafonda\/wp-json\/wp\/v2\/pages\/953\/revisions"}],"predecessor-version":[{"id":1258,"href":"https:\/\/agora.xtec.cat\/ceiprocafonda\/wp-json\/wp\/v2\/pages\/953\/revisions\/1258"}],"up":[{"embeddable":true,"href":"https:\/\/agora.xtec.cat\/ceiprocafonda\/wp-json\/wp\/v2\/pages\/73"}],"wp:attachment":[{"href":"https:\/\/agora.xtec.cat\/ceiprocafonda\/wp-json\/wp\/v2\/media?parent=953"}],"curies":[{"name":"wp","href":"https:\/\/api.w.org\/{rel}","templated":true}]}}