{"id":939,"date":"2020-04-07T20:49:58","date_gmt":"2020-04-07T18:49:58","guid":{"rendered":"https:\/\/agora.xtec.cat\/ceiprocafonda\/?page_id=939"},"modified":"2020-04-12T21:22:16","modified_gmt":"2020-04-12T19:22:16","slug":"caracteristiques-i-historia-de-la-rocaina","status":"publish","type":"page","link":"https:\/\/agora.xtec.cat\/ceiprocafonda\/afa\/rocaina\/caracteristiques-i-historia-de-la-rocaina\/","title":{"rendered":"Caracter\u00edstiques i hist\u00f2ria de la Rocaina"},"content":{"rendered":"<p style=\"margin: 0cm; margin-bottom: .0001pt;\"><b><span style=\"font-family: 'Arial',sans-serif;\">NOM:<\/span><\/b><span style=\"font-family: 'Arial',sans-serif;\"> Rocaina<\/span><\/p>\n<p style=\"margin: 0cm; margin-bottom: .0001pt;\"><b><span style=\"font-family: 'Arial',sans-serif;\">AL\u00c7ADA<\/span><\/b><span style=\"font-family: 'Arial',sans-serif;\">: 3\u201915 m<\/span><\/p>\n<p style=\"margin: 0cm; margin-bottom: .0001pt;\"><b><span style=\"font-family: 'Arial',sans-serif;\">CONSTRUCTOR:<\/span><\/b><span style=\"font-family: 'Arial',sans-serif;\"> Xavier Jordan Medina<\/span><\/p>\n<p style=\"margin: 0cm; margin-bottom: .0001pt;\"><b><span style=\"font-family: 'Arial',sans-serif;\">ANY:<\/span><\/b><span style=\"font-family: 'Arial',sans-serif;\"> 14 de juny de 1998<\/span><\/p>\n<p><span style=\"font-family: 'Arial',sans-serif;\">Aquesta simp\u00e0tica noieta d&#8217;expressi\u00f3 alegre, desperta i amb uns ulls plens de curiositat \u00e9s la Rocaina, que de ben segur \u00e9s l&#8217;alumna m\u00e9s alta i coneguda de l&#8217;escola i del barri de Rocafonda.<a href=\"https:\/\/agora.xtec.cat\/ceiprocafonda\/wp-content\/uploads\/usu416\/2020\/04\/72838531_2429059527159320_7778290948215144448_o-1.jpg\"><img loading=\"lazy\" decoding=\"async\" class=\"wp-image-1224 alignright\" src=\"https:\/\/agora.xtec.cat\/ceiprocafonda\/wp-content\/uploads\/usu416\/2020\/04\/72838531_2429059527159320_7778290948215144448_o-1.jpg\" alt=\"\" width=\"339\" height=\"452\" srcset=\"https:\/\/agora.xtec.cat\/ceiprocafonda\/wp-content\/uploads\/usu416\/2020\/04\/72838531_2429059527159320_7778290948215144448_o-1.jpg 720w, https:\/\/agora.xtec.cat\/ceiprocafonda\/wp-content\/uploads\/usu416\/2020\/04\/72838531_2429059527159320_7778290948215144448_o-1-225x300.jpg 225w\" sizes=\"auto, (max-width: 339px) 100vw, 339px\" \/><\/a><\/span><\/p>\n<p>Aquesta gegantona va sorgir, com tants d&#8217;altres gegants d&#8217;escoles, gr\u00e0cies a la iniciativa pr\u00f2pia i de forma totalment popular dels membres de l&#8217;Associaci\u00f3 de Mares i Pares, els quals veien amb bons ulls tenir un gegant propi que represent\u00e9s l&#8217;escola com ja havien fet altres escoles de Matar\u00f3; aix\u00ed, s&#8217;aconseguia tamb\u00e9 fer participar m\u00e9s la comunitat educativa del CEIP Rocafonda dins la vida popular del barri i del conjunt de la ciutat de Matar\u00f3; i gr\u00e0cies a aix\u00f2, els mataronins vam guanyar una altra figura carism\u00e0tica que es ve a sumar a la gran fam\u00edlia de gegants que disposem.<\/p>\n<p>Els pares primer van organitzar, com \u00e9s ja de costum, un concurs de dibuix, obert als alumnes de l&#8217;escola, per tal que ells mateixos escollissin quin era el gegant o la geganta que volien que els represent\u00e9s; d&#8217;aqu\u00ed va n\u00e9ixer el 14 de juny de 1998 la Rocaina: vestida amb un vestit blau de grans butxaques per els seus llapis i per la seva nina preferida, i uns cabells negres coberts per una gorra; tamb\u00e9 ens mostra una cara divertida i entusiasta, amb uns ulls carregats de curiositat, i un pl\u00e0cid somriure als llavis.<\/p>\n<p>Des d&#8217;aleshores, \u00e9s for\u00e7a com\u00fa veure ballar i saltar alegrament aquesta simp\u00e0tica gegantona per les festes de Rocafonda, i a la d&#8217;altres barris i escoles de Matar\u00f3.<\/p>\n","protected":false},"excerpt":{"rendered":"<p>NOM: Rocaina AL\u00c7ADA: 3\u201915 m CONSTRUCTOR: Xavier Jordan Medina ANY: 14 de juny de 1998 Aquesta simp\u00e0tica noieta d&#8217;expressi\u00f3 alegre, desperta i amb uns ulls plens de curiositat \u00e9s la Rocaina, que de ben segur \u00e9s l&#8217;alumna m\u00e9s alta i coneguda de l&#8217;escola i del barri de Rocafonda. Aquesta gegantona va sorgir, com tants d&#8217;altres [&hellip;]<\/p>\n","protected":false},"author":1,"featured_media":0,"parent":883,"menu_order":0,"comment_status":"closed","ping_status":"closed","template":"page-templates\/side-menu.php","meta":{"_bbp_topic_count":0,"_bbp_reply_count":0,"_bbp_total_topic_count":0,"_bbp_total_reply_count":0,"_bbp_voice_count":0,"_bbp_anonymous_reply_count":0,"_bbp_topic_count_hidden":0,"_bbp_reply_count_hidden":0,"_bbp_forum_subforum_count":0,"site-sidebar-layout":"default","site-content-layout":"","ast-site-content-layout":"","site-content-style":"default","site-sidebar-style":"default","ast-global-header-display":"","ast-banner-title-visibility":"","ast-main-header-display":"","ast-hfb-above-header-display":"","ast-hfb-below-header-display":"","ast-hfb-mobile-header-display":"","site-post-title":"","ast-breadcrumbs-content":"","ast-featured-img":"","footer-sml-layout":"","theme-transparent-header-meta":"","adv-header-id-meta":"","stick-header-meta":"","header-above-stick-meta":"","header-main-stick-meta":"","header-below-stick-meta":"","astra-migrate-meta-layouts":"default","ast-page-background-enabled":"default","ast-page-background-meta":{"desktop":{"background-color":"var(--ast-global-color-4)","background-image":"","background-repeat":"repeat","background-position":"center center","background-size":"auto","background-attachment":"scroll","background-type":"","background-media":"","overlay-type":"","overlay-color":"","overlay-opacity":"","overlay-gradient":""},"tablet":{"background-color":"","background-image":"","background-repeat":"repeat","background-position":"center center","background-size":"auto","background-attachment":"scroll","background-type":"","background-media":"","overlay-type":"","overlay-color":"","overlay-opacity":"","overlay-gradient":""},"mobile":{"background-color":"","background-image":"","background-repeat":"repeat","background-position":"center center","background-size":"auto","background-attachment":"scroll","background-type":"","background-media":"","overlay-type":"","overlay-color":"","overlay-opacity":"","overlay-gradient":""}},"ast-content-background-meta":{"desktop":{"background-color":"var(--ast-global-color-5)","background-image":"","background-repeat":"repeat","background-position":"center center","background-size":"auto","background-attachment":"scroll","background-type":"","background-media":"","overlay-type":"","overlay-color":"","overlay-opacity":"","overlay-gradient":""},"tablet":{"background-color":"var(--ast-global-color-5)","background-image":"","background-repeat":"repeat","background-position":"center center","background-size":"auto","background-attachment":"scroll","background-type":"","background-media":"","overlay-type":"","overlay-color":"","overlay-opacity":"","overlay-gradient":""},"mobile":{"background-color":"var(--ast-global-color-5)","background-image":"","background-repeat":"repeat","background-position":"center center","background-size":"auto","background-attachment":"scroll","background-type":"","background-media":"","overlay-type":"","overlay-color":"","overlay-opacity":"","overlay-gradient":""}},"footnotes":""},"class_list":["post-939","page","type-page","status-publish","hentry"],"post_mailing_queue_ids":[],"_links":{"self":[{"href":"https:\/\/agora.xtec.cat\/ceiprocafonda\/wp-json\/wp\/v2\/pages\/939","targetHints":{"allow":["GET"]}}],"collection":[{"href":"https:\/\/agora.xtec.cat\/ceiprocafonda\/wp-json\/wp\/v2\/pages"}],"about":[{"href":"https:\/\/agora.xtec.cat\/ceiprocafonda\/wp-json\/wp\/v2\/types\/page"}],"author":[{"embeddable":true,"href":"https:\/\/agora.xtec.cat\/ceiprocafonda\/wp-json\/wp\/v2\/users\/1"}],"replies":[{"embeddable":true,"href":"https:\/\/agora.xtec.cat\/ceiprocafonda\/wp-json\/wp\/v2\/comments?post=939"}],"version-history":[{"count":3,"href":"https:\/\/agora.xtec.cat\/ceiprocafonda\/wp-json\/wp\/v2\/pages\/939\/revisions"}],"predecessor-version":[{"id":1225,"href":"https:\/\/agora.xtec.cat\/ceiprocafonda\/wp-json\/wp\/v2\/pages\/939\/revisions\/1225"}],"up":[{"embeddable":true,"href":"https:\/\/agora.xtec.cat\/ceiprocafonda\/wp-json\/wp\/v2\/pages\/883"}],"wp:attachment":[{"href":"https:\/\/agora.xtec.cat\/ceiprocafonda\/wp-json\/wp\/v2\/media?parent=939"}],"curies":[{"name":"wp","href":"https:\/\/api.w.org\/{rel}","templated":true}]}}

Característiques i història de la Rocaina

<p style="margin: 0cm; margin-bottom: .0001pt;"><b><span style="font-family: 'Arial',sans-serif;">NOM:</span></b><span style="font-family: 'Arial',sans-serif;"> Rocaina</span></p>
<p style="margin: 0cm; margin-bottom: .0001pt;"><b><span style="font-family: 'Arial',sans-serif;">ALÇADA</span></b><span style="font-family: 'Arial',sans-serif;">: 3’15 m</span></p>
<p style="margin: 0cm; margin-bottom: .0001pt;"><b><span style="font-family: 'Arial',sans-serif;">CONSTRUCTOR:</span></b><span style="font-family: 'Arial',sans-serif;"> Xavier Jordan Medina</span></p>
<p style="margin: 0cm; margin-bottom: .0001pt;"><b><span style="font-family: 'Arial',sans-serif;">ANY:</span></b><span style="font-family: 'Arial',sans-serif;"> 14 de juny de 1998</span></p>
<p><span style="font-family: 'Arial',sans-serif;">Aquesta simpàtica noieta d&#8217;expressió alegre, desperta i amb uns ulls plens de curiositat és la Rocaina, que de ben segur és l&#8217;alumna més alta i coneguda de l&#8217;escola i del barri de Rocafonda.<a href="https://agora.xtec.cat/ceiprocafonda/wp-content/uploads/usu416/2020/04/72838531_2429059527159320_7778290948215144448_o-1.jpg"><img loading="lazy" decoding="async" class="wp-image-1224 alignright" src="https://agora.xtec.cat/ceiprocafonda/wp-content/uploads/usu416/2020/04/72838531_2429059527159320_7778290948215144448_o-1.jpg" alt="" width="339" height="452" srcset="https://agora.xtec.cat/ceiprocafonda/wp-content/uploads/usu416/2020/04/72838531_2429059527159320_7778290948215144448_o-1.jpg 720w, https://agora.xtec.cat/ceiprocafonda/wp-content/uploads/usu416/2020/04/72838531_2429059527159320_7778290948215144448_o-1-225x300.jpg 225w" sizes="auto, (max-width: 339px) 100vw, 339px" /></a></span></p>
<p>Aquesta gegantona va sorgir, com tants d&#8217;altres gegants d&#8217;escoles, gràcies a la iniciativa pròpia i de forma totalment popular dels membres de l&#8217;Associació de Mares i Pares, els quals veien amb bons ulls tenir un gegant propi que representés l&#8217;escola com ja havien fet altres escoles de Mataró; així, s&#8217;aconseguia també fer participar més la comunitat educativa del CEIP Rocafonda dins la vida popular del barri i del conjunt de la ciutat de Mataró; i gràcies a això, els mataronins vam guanyar una altra figura carismàtica que es ve a sumar a la gran família de gegants que disposem.</p>
<p>Els pares primer van organitzar, com és ja de costum, un concurs de dibuix, obert als alumnes de l&#8217;escola, per tal que ells mateixos escollissin quin era el gegant o la geganta que volien que els representés; d&#8217;aquí va néixer el 14 de juny de 1998 la Rocaina: vestida amb un vestit blau de grans butxaques per els seus llapis i per la seva nina preferida, i uns cabells negres coberts per una gorra; també ens mostra una cara divertida i entusiasta, amb uns ulls carregats de curiositat, i un plàcid somriure als llavis.</p>
<p>Des d&#8217;aleshores, és força comú veure ballar i saltar alegrament aquesta simpàtica gegantona per les festes de Rocafonda, i a la d&#8217;altres barris i escoles de Mataró.</p>

<p>NOM: Rocaina ALÇADA: 3’15 m CONSTRUCTOR: Xavier Jordan Medina ANY: 14 de juny de 1998 Aquesta simpàtica noieta d&#8217;expressió alegre, desperta i amb uns ulls plens de curiositat és la Rocaina, que de ben segur és l&#8217;alumna més alta i coneguda de l&#8217;escola i del barri de Rocafonda. Aquesta gegantona va sorgir, com tants d&#8217;altres [&hellip;]</p>
