{"id":881,"date":"2020-04-07T09:29:04","date_gmt":"2020-04-07T07:29:04","guid":{"rendered":"https:\/\/agora.xtec.cat\/ceiprocafonda\/?page_id=881"},"modified":"2020-04-23T18:40:43","modified_gmt":"2020-04-23T16:40:43","slug":"comissions-de-lafa","status":"publish","type":"page","link":"https:\/\/agora.xtec.cat\/ceiprocafonda\/afa\/comissions-de-lafa\/","title":{"rendered":"Comissions de l&#8217;AFA"},"content":{"rendered":"<p>Les Comissions o Grups de Treball s\u00f3n un grup de pares, mares i\/o tutors que es comprometen a impulsar i organitzar les diferents tasques que l\u2019AFA necessita per acomplir els seus objectius.<\/p>\n<p>Actualment, comptem amb les seg\u00fcents comissions o grups de treball, cada un d\u2019ells coordinat per un responsable, el qual impulsa i gestiona la comissi\u00f3 perqu\u00e8, en equip, es realitzin les tasques <a href=\"https:\/\/agora.xtec.cat\/ceiprocafonda\/wp-content\/uploads\/usu416\/2020\/04\/87208234_2682195128512424_4737921824585678848_n.jpg\"><img loading=\"lazy\" decoding=\"async\" class=\"wp-image-1306 alignright\" src=\"https:\/\/agora.xtec.cat\/ceiprocafonda\/wp-content\/uploads\/usu416\/2020\/04\/87208234_2682195128512424_4737921824585678848_n.jpg\" alt=\"\" width=\"261\" height=\"348\" srcset=\"https:\/\/agora.xtec.cat\/ceiprocafonda\/wp-content\/uploads\/usu416\/2020\/04\/87208234_2682195128512424_4737921824585678848_n.jpg 721w, https:\/\/agora.xtec.cat\/ceiprocafonda\/wp-content\/uploads\/usu416\/2020\/04\/87208234_2682195128512424_4737921824585678848_n-225x300.jpg 225w\" sizes=\"auto, (max-width: 261px) 100vw, 261px\" \/><\/a>corresponents i s\u2019aconsegueixin els objectius establerts.<\/p>\n<ul>\n<li><strong>Comissi\u00f3 econ\u00f2mica<\/strong>: \u00e9s conjunta amb la secret\u00e0ria de l\u2019escola. S\u2019encarreguen de gestionar i portar el control de l\u2019economia de l\u2019AFA i de material de l\u2019escola.<\/li>\n<li><strong>Comissi\u00f3 de menjador:<\/strong> \u00e9s mixta, amb la Direcci\u00f3 de l\u2019escola. S\u2019encarrega de la gesti\u00f3, organitzaci\u00f3 i supervisi\u00f3 del servei de menjador.<\/li>\n<li><strong>Comissi\u00f3 extraescolars:<\/strong> Coordinar i gestionar cada una de les activitats extraescolars, vetllant en tot moment per la seva qualitat i millora continua.<\/li>\n<li><strong>Comissi\u00f3 casal d\u2019estiu:<\/strong> Coordinar el casal d\u2019estiu, vetllant en tot moment per la seva qualitat i millora continua.<\/li>\n<li><strong>Comissi\u00f3 xandalls:<\/strong> Gestionar i organitzar la venda de xandalls o equipaments de vestuari de l\u2019escola<\/li>\n<li><strong>Comissi\u00f3 festa d\u2019escola:<\/strong> \u00e9s mixta amb professorat de l\u2019escola. Coordinar i organitzar la festa de l&#8217;escola de final de curs.<\/li>\n<li><strong>Comissi\u00f3 colla gegantera<\/strong>: Impulsar i coordinar totes aquelles accions necess\u00e0ries perqu\u00e8 la nostra geganta, la Rocaina, juntament amb la batucada participi en diferents esdeveniments. Vetllar per la bona conservaci\u00f3 de tot el material (gegants, timbals).<\/li>\n<li><strong>Comissi\u00f3 creativa<\/strong>: Pensar, gestionar i organitzar com millorar els espais de l\u2019escola.<\/li>\n<\/ul>\n<p style=\"text-align: center;\"><strong>Col\u00b7labora en les activitats que realitza l\u2019AFA!<\/strong><\/p>\n<p><a href=\"https:\/\/agora.xtec.cat\/ceiprocafonda\/wp-content\/uploads\/usu416\/2020\/04\/87477009_2712984228766847_449538249593978880_n.jpg\"><img loading=\"lazy\" decoding=\"async\" class=\"alignnone size-full wp-image-1305\" src=\"https:\/\/agora.xtec.cat\/ceiprocafonda\/wp-content\/uploads\/usu416\/2020\/04\/87477009_2712984228766847_449538249593978880_n.jpg\" alt=\"\" width=\"960\" height=\"721\" srcset=\"https:\/\/agora.xtec.cat\/ceiprocafonda\/wp-content\/uploads\/usu416\/2020\/04\/87477009_2712984228766847_449538249593978880_n.jpg 960w, https:\/\/agora.xtec.cat\/ceiprocafonda\/wp-content\/uploads\/usu416\/2020\/04\/87477009_2712984228766847_449538249593978880_n-300x225.jpg 300w, https:\/\/agora.xtec.cat\/ceiprocafonda\/wp-content\/uploads\/usu416\/2020\/04\/87477009_2712984228766847_449538249593978880_n-768x577.jpg 768w, https:\/\/agora.xtec.cat\/ceiprocafonda\/wp-content\/uploads\/usu416\/2020\/04\/87477009_2712984228766847_449538249593978880_n-200x150.jpg 200w\" sizes=\"auto, (max-width: 960px) 100vw, 960px\" \/><\/a><\/p>\n","protected":false},"excerpt":{"rendered":"<p>Les Comissions o Grups de Treball s\u00f3n un grup de pares, mares i\/o tutors que es comprometen a impulsar i organitzar les diferents tasques que l\u2019AFA necessita per acomplir els seus objectius. Actualment, comptem amb les seg\u00fcents comissions o grups de treball, cada un d\u2019ells coordinat per un responsable, el qual impulsa i gestiona la [&hellip;]<\/p>\n","protected":false},"author":1,"featured_media":0,"parent":877,"menu_order":2,"comment_status":"closed","ping_status":"closed","template":"page-templates\/side-menu.php","meta":{"_bbp_topic_count":0,"_bbp_reply_count":0,"_bbp_total_topic_count":0,"_bbp_total_reply_count":0,"_bbp_voice_count":0,"_bbp_anonymous_reply_count":0,"_bbp_topic_count_hidden":0,"_bbp_reply_count_hidden":0,"_bbp_forum_subforum_count":0,"site-sidebar-layout":"default","site-content-layout":"","ast-site-content-layout":"","site-content-style":"default","site-sidebar-style":"default","ast-global-header-display":"","ast-banner-title-visibility":"","ast-main-header-display":"","ast-hfb-above-header-display":"","ast-hfb-below-header-display":"","ast-hfb-mobile-header-display":"","site-post-title":"","ast-breadcrumbs-content":"","ast-featured-img":"","footer-sml-layout":"","theme-transparent-header-meta":"","adv-header-id-meta":"","stick-header-meta":"","header-above-stick-meta":"","header-main-stick-meta":"","header-below-stick-meta":"","astra-migrate-meta-layouts":"default","ast-page-background-enabled":"default","ast-page-background-meta":{"desktop":{"background-color":"var(--ast-global-color-4)","background-image":"","background-repeat":"repeat","background-position":"center center","background-size":"auto","background-attachment":"scroll","background-type":"","background-media":"","overlay-type":"","overlay-color":"","overlay-opacity":"","overlay-gradient":""},"tablet":{"background-color":"","background-image":"","background-repeat":"repeat","background-position":"center center","background-size":"auto","background-attachment":"scroll","background-type":"","background-media":"","overlay-type":"","overlay-color":"","overlay-opacity":"","overlay-gradient":""},"mobile":{"background-color":"","background-image":"","background-repeat":"repeat","background-position":"center center","background-size":"auto","background-attachment":"scroll","background-type":"","background-media":"","overlay-type":"","overlay-color":"","overlay-opacity":"","overlay-gradient":""}},"ast-content-background-meta":{"desktop":{"background-color":"var(--ast-global-color-5)","background-image":"","background-repeat":"repeat","background-position":"center center","background-size":"auto","background-attachment":"scroll","background-type":"","background-media":"","overlay-type":"","overlay-color":"","overlay-opacity":"","overlay-gradient":""},"tablet":{"background-color":"var(--ast-global-color-5)","background-image":"","background-repeat":"repeat","background-position":"center center","background-size":"auto","background-attachment":"scroll","background-type":"","background-media":"","overlay-type":"","overlay-color":"","overlay-opacity":"","overlay-gradient":""},"mobile":{"background-color":"var(--ast-global-color-5)","background-image":"","background-repeat":"repeat","background-position":"center center","background-size":"auto","background-attachment":"scroll","background-type":"","background-media":"","overlay-type":"","overlay-color":"","overlay-opacity":"","overlay-gradient":""}},"footnotes":""},"class_list":["post-881","page","type-page","status-publish","hentry"],"post_mailing_queue_ids":[],"_links":{"self":[{"href":"https:\/\/agora.xtec.cat\/ceiprocafonda\/wp-json\/wp\/v2\/pages\/881","targetHints":{"allow":["GET"]}}],"collection":[{"href":"https:\/\/agora.xtec.cat\/ceiprocafonda\/wp-json\/wp\/v2\/pages"}],"about":[{"href":"https:\/\/agora.xtec.cat\/ceiprocafonda\/wp-json\/wp\/v2\/types\/page"}],"author":[{"embeddable":true,"href":"https:\/\/agora.xtec.cat\/ceiprocafonda\/wp-json\/wp\/v2\/users\/1"}],"replies":[{"embeddable":true,"href":"https:\/\/agora.xtec.cat\/ceiprocafonda\/wp-json\/wp\/v2\/comments?post=881"}],"version-history":[{"count":3,"href":"https:\/\/agora.xtec.cat\/ceiprocafonda\/wp-json\/wp\/v2\/pages\/881\/revisions"}],"predecessor-version":[{"id":1353,"href":"https:\/\/agora.xtec.cat\/ceiprocafonda\/wp-json\/wp\/v2\/pages\/881\/revisions\/1353"}],"up":[{"embeddable":true,"href":"https:\/\/agora.xtec.cat\/ceiprocafonda\/wp-json\/wp\/v2\/pages\/877"}],"wp:attachment":[{"href":"https:\/\/agora.xtec.cat\/ceiprocafonda\/wp-json\/wp\/v2\/media?parent=881"}],"curies":[{"name":"wp","href":"https:\/\/api.w.org\/{rel}","templated":true}]}}

<p>Les Comissions o Grups de Treball són un grup de pares, mares i/o tutors que es comprometen a impulsar i organitzar les diferents tasques que l’AFA necessita per acomplir els seus objectius.</p>
<p>Actualment, comptem amb les següents comissions o grups de treball, cada un d’ells coordinat per un responsable, el qual impulsa i gestiona la comissió perquè, en equip, es realitzin les tasques <a href="https://agora.xtec.cat/ceiprocafonda/wp-content/uploads/usu416/2020/04/87208234_2682195128512424_4737921824585678848_n.jpg"><img loading="lazy" decoding="async" class="wp-image-1306 alignright" src="https://agora.xtec.cat/ceiprocafonda/wp-content/uploads/usu416/2020/04/87208234_2682195128512424_4737921824585678848_n.jpg" alt="" width="261" height="348" srcset="https://agora.xtec.cat/ceiprocafonda/wp-content/uploads/usu416/2020/04/87208234_2682195128512424_4737921824585678848_n.jpg 721w, https://agora.xtec.cat/ceiprocafonda/wp-content/uploads/usu416/2020/04/87208234_2682195128512424_4737921824585678848_n-225x300.jpg 225w" sizes="auto, (max-width: 261px) 100vw, 261px" /></a>corresponents i s’aconsegueixin els objectius establerts.</p>
<ul>
<li><strong>Comissió econòmica</strong>: és conjunta amb la secretària de l’escola. S’encarreguen de gestionar i portar el control de l’economia de l’AFA i de material de l’escola.</li>
<li><strong>Comissió de menjador:</strong> és mixta, amb la Direcció de l’escola. S’encarrega de la gestió, organització i supervisió del servei de menjador.</li>
<li><strong>Comissió extraescolars:</strong> Coordinar i gestionar cada una de les activitats extraescolars, vetllant en tot moment per la seva qualitat i millora continua.</li>
<li><strong>Comissió casal d’estiu:</strong> Coordinar el casal d’estiu, vetllant en tot moment per la seva qualitat i millora continua.</li>
<li><strong>Comissió xandalls:</strong> Gestionar i organitzar la venda de xandalls o equipaments de vestuari de l’escola</li>
<li><strong>Comissió festa d’escola:</strong> és mixta amb professorat de l’escola. Coordinar i organitzar la festa de l&#8217;escola de final de curs.</li>
<li><strong>Comissió colla gegantera</strong>: Impulsar i coordinar totes aquelles accions necessàries perquè la nostra geganta, la Rocaina, juntament amb la batucada participi en diferents esdeveniments. Vetllar per la bona conservació de tot el material (gegants, timbals).</li>
<li><strong>Comissió creativa</strong>: Pensar, gestionar i organitzar com millorar els espais de l’escola.</li>
</ul>
<p style="text-align: center;"><strong>Col·labora en les activitats que realitza l’AFA!</strong></p>
<p><a href="https://agora.xtec.cat/ceiprocafonda/wp-content/uploads/usu416/2020/04/87477009_2712984228766847_449538249593978880_n.jpg"><img loading="lazy" decoding="async" class="alignnone size-full wp-image-1305" src="https://agora.xtec.cat/ceiprocafonda/wp-content/uploads/usu416/2020/04/87477009_2712984228766847_449538249593978880_n.jpg" alt="" width="960" height="721" srcset="https://agora.xtec.cat/ceiprocafonda/wp-content/uploads/usu416/2020/04/87477009_2712984228766847_449538249593978880_n.jpg 960w, https://agora.xtec.cat/ceiprocafonda/wp-content/uploads/usu416/2020/04/87477009_2712984228766847_449538249593978880_n-300x225.jpg 300w, https://agora.xtec.cat/ceiprocafonda/wp-content/uploads/usu416/2020/04/87477009_2712984228766847_449538249593978880_n-768x577.jpg 768w, https://agora.xtec.cat/ceiprocafonda/wp-content/uploads/usu416/2020/04/87477009_2712984228766847_449538249593978880_n-200x150.jpg 200w" sizes="auto, (max-width: 960px) 100vw, 960px" /></a></p>

<p>Les Comissions o Grups de Treball són un grup de pares, mares i/o tutors que es comprometen a impulsar i organitzar les diferents tasques que l’AFA necessita per acomplir els seus objectius. Actualment, comptem amb les següents comissions o grups de treball, cada un d’ells coordinat per un responsable, el qual impulsa i gestiona la [&hellip;]</p>
