{"id":879,"date":"2020-04-07T09:28:23","date_gmt":"2020-04-07T07:28:23","guid":{"rendered":"https:\/\/agora.xtec.cat\/ceiprocafonda\/?page_id=879"},"modified":"2020-04-23T18:42:40","modified_gmt":"2020-04-23T16:42:40","slug":"delegats-daula","status":"publish","type":"page","link":"https:\/\/agora.xtec.cat\/ceiprocafonda\/afa\/delegats-daula\/","title":{"rendered":"Delegats\/des d&#8217;aula"},"content":{"rendered":"<p><strong>COM PODEN PARTICIPAR, LES FAM\u00cdLIES, EN EL FUNCIONAMENT DEL CENTRE<\/strong>?<\/p>\n<ul>\n<li><strong>Normativa de refer\u00e8ncia (Llei 12\/2009 d\u2019educaci\u00f3, article 26)<\/strong><\/li>\n<li><em>\u201c\u00a0Les fam\u00edlies hi poden participar de diferents maneres: com a delegats\/des de pares i mares de la classe, com a representants dels pares i mares en el consell escolar, com a membres de l\u2019associaci\u00f3 de fam\u00edlies i alumnes (AFA) i de totes aquelles altres maneres que el centre pugui proposar.\u00a0\u201c<\/em><\/li>\n<\/ul>\n<p>El o la delegat\/da d&#8217;aula, \u00e9s una figura que augmenta i millora la xarxa i comunicaci\u00f3 entre l&#8217;escola, AFA i fam\u00edlies.<\/p>\n<p><strong>En qu\u00e8 consisteix?<a href=\"https:\/\/agora.xtec.cat\/ceiprocafonda\/wp-content\/uploads\/usu416\/2020\/04\/70984120_2358384970893443_5078503956540293120_n.jpg\"><img loading=\"lazy\" decoding=\"async\" class=\" wp-image-1302 alignright\" src=\"https:\/\/agora.xtec.cat\/ceiprocafonda\/wp-content\/uploads\/usu416\/2020\/04\/70984120_2358384970893443_5078503956540293120_n.jpg\" alt=\"\" width=\"416\" height=\"312\" srcset=\"https:\/\/agora.xtec.cat\/ceiprocafonda\/wp-content\/uploads\/usu416\/2020\/04\/70984120_2358384970893443_5078503956540293120_n.jpg 960w, https:\/\/agora.xtec.cat\/ceiprocafonda\/wp-content\/uploads\/usu416\/2020\/04\/70984120_2358384970893443_5078503956540293120_n-300x225.jpg 300w, https:\/\/agora.xtec.cat\/ceiprocafonda\/wp-content\/uploads\/usu416\/2020\/04\/70984120_2358384970893443_5078503956540293120_n-768x576.jpg 768w, https:\/\/agora.xtec.cat\/ceiprocafonda\/wp-content\/uploads\/usu416\/2020\/04\/70984120_2358384970893443_5078503956540293120_n-200x150.jpg 200w\" sizes=\"auto, (max-width: 416px) 100vw, 416px\" \/><\/a><\/strong><\/p>\n<p>Consisteix a tenir representants a les aules de pares i mares per poder dialogar, compartir i transmetre opinions que afecten al conjunt de la classe.<\/p>\n<p><strong>Quines funcions tenen els delegats\/delegades d&#8217;aula?<\/strong><\/p>\n<p><strong>Funcions principals: \u00a0<\/strong><\/p>\n<p>Servir d\u2019enlla\u00e7 entre tutor\/es, mestres i pares\/mares:<\/p>\n<ul>\n<li>Informar sobre aspectes de funcionament de l\u2019escola a la resta de fam\u00edlies i explicar les novetats.<\/li>\n<li>Trasp\u00e0s de dubtes i\/o suggeriments de les fam\u00edlies al mestre\/a tutor\/a.<\/li>\n<li>Col\u00b7laborar amb l&#8217;AFA, fomentar i motivar la participaci\u00f3 dels pares i mares.<\/li>\n<li>Col\u00b7laborar amb l&#8217;escola fent difusi\u00f3 de not\u00edcies, o b\u00e9 quan es demana ajuda per festes, excursions, etc.<\/li>\n<li>Impulsar les activitats adre\u00e7ades a les fam\u00edlies que es fan a l\u2019escola.<\/li>\n<li>Actuar com a informador: Essent la persona amb m\u00e9s contacte amb la junta de l&#8217;AFA, podr\u00e0 transmetre moltes informacions d&#8217;inter\u00e8s, com orientar i assessorar a les fam\u00edlies, on rec\u00f3rrer, segons les necessitats dels pares i mares de l&#8217;escola.<\/li>\n<li>Assistir a totes les reunions de l&#8217;AFA.<\/li>\n<\/ul>\n<p><strong>Objectius: <\/strong><\/p>\n<ul>\n<li>Augmentar el nivell de participaci\u00f3 dels pares a l\u2019escola i afavorir la comunicaci\u00f3 amb els tutors\/es per aix\u00ed trobar vies de col\u00b7laboraci\u00f3 a la vida escolar dels nostres fills\/es.<\/li>\n<li>Afavorir la transmissi\u00f3 d\u2019informaci\u00f3 que es genera en el s\u00ed de comunitat educativa.<\/li>\n<li>Potenciar el coneixement, la relaci\u00f3 i la comunicaci\u00f3 entre les fam\u00edlies amb l\u2019objectiu d\u2019afavorir el coneixement mutu i les relacions en el s\u00ed de la comunitat educativa.<\/li>\n<\/ul>\n<p><strong>Els delegats i delegades recolliran l&#8217;opini\u00f3 de la majoria de les fam\u00edlies del centre, per\u00f2 mai seran transmissors de queixes o b\u00e9 de problemes individuals que puguin sorgir.<\/strong><\/p>\n<p><strong>\u00a0<\/strong><strong>Com es gestionen?<\/strong><\/p>\n<p>L\u2019interlocutor del delegat\/da a l\u2019escola \u00e9s el tutor\/a. \u00c9s ell a qui ha d\u2019adre\u00e7ar-se en primer lloc per a fer qualsevol proposta o per a exposar-li alguna preocupaci\u00f3 de la majoria de pares\/mares del grup en relaci\u00f3 al normal funcionament de la vida escolar. En cas de no rebre la resposta adequada o de persistir una situaci\u00f3 conflictiva el\/la delegat\/da ho posar\u00e0 en coneixement de la Direcci\u00f3 de l\u2019escola.<\/p>\n<p><a href=\"https:\/\/agora.xtec.cat\/ceiprocafonda\/wp-content\/uploads\/usu416\/2020\/04\/87611259_2701771986554738_4000009076917403648_o.jpg\"><img loading=\"lazy\" decoding=\"async\" class=\"alignnone size-full wp-image-1303\" src=\"https:\/\/agora.xtec.cat\/ceiprocafonda\/wp-content\/uploads\/usu416\/2020\/04\/87611259_2701771986554738_4000009076917403648_o.jpg\" alt=\"\" width=\"960\" height=\"720\" srcset=\"https:\/\/agora.xtec.cat\/ceiprocafonda\/wp-content\/uploads\/usu416\/2020\/04\/87611259_2701771986554738_4000009076917403648_o.jpg 960w, https:\/\/agora.xtec.cat\/ceiprocafonda\/wp-content\/uploads\/usu416\/2020\/04\/87611259_2701771986554738_4000009076917403648_o-300x225.jpg 300w, https:\/\/agora.xtec.cat\/ceiprocafonda\/wp-content\/uploads\/usu416\/2020\/04\/87611259_2701771986554738_4000009076917403648_o-768x576.jpg 768w, https:\/\/agora.xtec.cat\/ceiprocafonda\/wp-content\/uploads\/usu416\/2020\/04\/87611259_2701771986554738_4000009076917403648_o-200x150.jpg 200w\" sizes=\"auto, (max-width: 960px) 100vw, 960px\" \/><\/a><\/p>\n","protected":false},"excerpt":{"rendered":"<p>COM PODEN PARTICIPAR, LES FAM\u00cdLIES, EN EL FUNCIONAMENT DEL CENTRE? Normativa de refer\u00e8ncia (Llei 12\/2009 d\u2019educaci\u00f3, article 26) \u201c\u00a0Les fam\u00edlies hi poden participar de diferents maneres: com a delegats\/des de pares i mares de la classe, com a representants dels pares i mares en el consell escolar, com a membres de l\u2019associaci\u00f3 de fam\u00edlies i [&hellip;]<\/p>\n","protected":false},"author":1,"featured_media":0,"parent":877,"menu_order":1,"comment_status":"closed","ping_status":"closed","template":"page-templates\/side-menu.php","meta":{"_bbp_topic_count":0,"_bbp_reply_count":0,"_bbp_total_topic_count":0,"_bbp_total_reply_count":0,"_bbp_voice_count":0,"_bbp_anonymous_reply_count":0,"_bbp_topic_count_hidden":0,"_bbp_reply_count_hidden":0,"_bbp_forum_subforum_count":0,"site-sidebar-layout":"default","site-content-layout":"","ast-site-content-layout":"","site-content-style":"default","site-sidebar-style":"default","ast-global-header-display":"","ast-banner-title-visibility":"","ast-main-header-display":"","ast-hfb-above-header-display":"","ast-hfb-below-header-display":"","ast-hfb-mobile-header-display":"","site-post-title":"","ast-breadcrumbs-content":"","ast-featured-img":"","footer-sml-layout":"","theme-transparent-header-meta":"","adv-header-id-meta":"","stick-header-meta":"","header-above-stick-meta":"","header-main-stick-meta":"","header-below-stick-meta":"","astra-migrate-meta-layouts":"default","ast-page-background-enabled":"default","ast-page-background-meta":{"desktop":{"background-color":"var(--ast-global-color-4)","background-image":"","background-repeat":"repeat","background-position":"center center","background-size":"auto","background-attachment":"scroll","background-type":"","background-media":"","overlay-type":"","overlay-color":"","overlay-opacity":"","overlay-gradient":""},"tablet":{"background-color":"","background-image":"","background-repeat":"repeat","background-position":"center center","background-size":"auto","background-attachment":"scroll","background-type":"","background-media":"","overlay-type":"","overlay-color":"","overlay-opacity":"","overlay-gradient":""},"mobile":{"background-color":"","background-image":"","background-repeat":"repeat","background-position":"center center","background-size":"auto","background-attachment":"scroll","background-type":"","background-media":"","overlay-type":"","overlay-color":"","overlay-opacity":"","overlay-gradient":""}},"ast-content-background-meta":{"desktop":{"background-color":"var(--ast-global-color-5)","background-image":"","background-repeat":"repeat","background-position":"center center","background-size":"auto","background-attachment":"scroll","background-type":"","background-media":"","overlay-type":"","overlay-color":"","overlay-opacity":"","overlay-gradient":""},"tablet":{"background-color":"var(--ast-global-color-5)","background-image":"","background-repeat":"repeat","background-position":"center center","background-size":"auto","background-attachment":"scroll","background-type":"","background-media":"","overlay-type":"","overlay-color":"","overlay-opacity":"","overlay-gradient":""},"mobile":{"background-color":"var(--ast-global-color-5)","background-image":"","background-repeat":"repeat","background-position":"center center","background-size":"auto","background-attachment":"scroll","background-type":"","background-media":"","overlay-type":"","overlay-color":"","overlay-opacity":"","overlay-gradient":""}},"footnotes":""},"class_list":["post-879","page","type-page","status-publish","hentry"],"post_mailing_queue_ids":[],"_links":{"self":[{"href":"https:\/\/agora.xtec.cat\/ceiprocafonda\/wp-json\/wp\/v2\/pages\/879","targetHints":{"allow":["GET"]}}],"collection":[{"href":"https:\/\/agora.xtec.cat\/ceiprocafonda\/wp-json\/wp\/v2\/pages"}],"about":[{"href":"https:\/\/agora.xtec.cat\/ceiprocafonda\/wp-json\/wp\/v2\/types\/page"}],"author":[{"embeddable":true,"href":"https:\/\/agora.xtec.cat\/ceiprocafonda\/wp-json\/wp\/v2\/users\/1"}],"replies":[{"embeddable":true,"href":"https:\/\/agora.xtec.cat\/ceiprocafonda\/wp-json\/wp\/v2\/comments?post=879"}],"version-history":[{"count":3,"href":"https:\/\/agora.xtec.cat\/ceiprocafonda\/wp-json\/wp\/v2\/pages\/879\/revisions"}],"predecessor-version":[{"id":1304,"href":"https:\/\/agora.xtec.cat\/ceiprocafonda\/wp-json\/wp\/v2\/pages\/879\/revisions\/1304"}],"up":[{"embeddable":true,"href":"https:\/\/agora.xtec.cat\/ceiprocafonda\/wp-json\/wp\/v2\/pages\/877"}],"wp:attachment":[{"href":"https:\/\/agora.xtec.cat\/ceiprocafonda\/wp-json\/wp\/v2\/media?parent=879"}],"curies":[{"name":"wp","href":"https:\/\/api.w.org\/{rel}","templated":true}]}}

<p><strong>COM PODEN PARTICIPAR, LES FAMÍLIES, EN EL FUNCIONAMENT DEL CENTRE</strong>?</p>
<ul>
<li><strong>Normativa de referència (Llei 12/2009 d’educació, article 26)</strong></li>
<li><em>“ Les famílies hi poden participar de diferents maneres: com a delegats/des de pares i mares de la classe, com a representants dels pares i mares en el consell escolar, com a membres de l’associació de famílies i alumnes (AFA) i de totes aquelles altres maneres que el centre pugui proposar. “</em></li>
</ul>
<p>El o la delegat/da d&#8217;aula, és una figura que augmenta i millora la xarxa i comunicació entre l&#8217;escola, AFA i famílies.</p>
<p><strong>En què consisteix?<a href="https://agora.xtec.cat/ceiprocafonda/wp-content/uploads/usu416/2020/04/70984120_2358384970893443_5078503956540293120_n.jpg"><img loading="lazy" decoding="async" class=" wp-image-1302 alignright" src="https://agora.xtec.cat/ceiprocafonda/wp-content/uploads/usu416/2020/04/70984120_2358384970893443_5078503956540293120_n.jpg" alt="" width="416" height="312" srcset="https://agora.xtec.cat/ceiprocafonda/wp-content/uploads/usu416/2020/04/70984120_2358384970893443_5078503956540293120_n.jpg 960w, https://agora.xtec.cat/ceiprocafonda/wp-content/uploads/usu416/2020/04/70984120_2358384970893443_5078503956540293120_n-300x225.jpg 300w, https://agora.xtec.cat/ceiprocafonda/wp-content/uploads/usu416/2020/04/70984120_2358384970893443_5078503956540293120_n-768x576.jpg 768w, https://agora.xtec.cat/ceiprocafonda/wp-content/uploads/usu416/2020/04/70984120_2358384970893443_5078503956540293120_n-200x150.jpg 200w" sizes="auto, (max-width: 416px) 100vw, 416px" /></a></strong></p>
<p>Consisteix a tenir representants a les aules de pares i mares per poder dialogar, compartir i transmetre opinions que afecten al conjunt de la classe.</p>
<p><strong>Quines funcions tenen els delegats/delegades d&#8217;aula?</strong></p>
<p><strong>Funcions principals:  </strong></p>
<p>Servir d’enllaç entre tutor/es, mestres i pares/mares:</p>
<ul>
<li>Informar sobre aspectes de funcionament de l’escola a la resta de famílies i explicar les novetats.</li>
<li>Traspàs de dubtes i/o suggeriments de les famílies al mestre/a tutor/a.</li>
<li>Col·laborar amb l&#8217;AFA, fomentar i motivar la participació dels pares i mares.</li>
<li>Col·laborar amb l&#8217;escola fent difusió de notícies, o bé quan es demana ajuda per festes, excursions, etc.</li>
<li>Impulsar les activitats adreçades a les famílies que es fan a l’escola.</li>
<li>Actuar com a informador: Essent la persona amb més contacte amb la junta de l&#8217;AFA, podrà transmetre moltes informacions d&#8217;interès, com orientar i assessorar a les famílies, on recórrer, segons les necessitats dels pares i mares de l&#8217;escola.</li>
<li>Assistir a totes les reunions de l&#8217;AFA.</li>
</ul>
<p><strong>Objectius: </strong></p>
<ul>
<li>Augmentar el nivell de participació dels pares a l’escola i afavorir la comunicació amb els tutors/es per així trobar vies de col·laboració a la vida escolar dels nostres fills/es.</li>
<li>Afavorir la transmissió d’informació que es genera en el sí de comunitat educativa.</li>
<li>Potenciar el coneixement, la relació i la comunicació entre les famílies amb l’objectiu d’afavorir el coneixement mutu i les relacions en el sí de la comunitat educativa.</li>
</ul>
<p><strong>Els delegats i delegades recolliran l&#8217;opinió de la majoria de les famílies del centre, però mai seran transmissors de queixes o bé de problemes individuals que puguin sorgir.</strong></p>
<p><strong> </strong><strong>Com es gestionen?</strong></p>
<p>L’interlocutor del delegat/da a l’escola és el tutor/a. És ell a qui ha d’adreçar-se en primer lloc per a fer qualsevol proposta o per a exposar-li alguna preocupació de la majoria de pares/mares del grup en relació al normal funcionament de la vida escolar. En cas de no rebre la resposta adequada o de persistir una situació conflictiva el/la delegat/da ho posarà en coneixement de la Direcció de l’escola.</p>
<p><a href="https://agora.xtec.cat/ceiprocafonda/wp-content/uploads/usu416/2020/04/87611259_2701771986554738_4000009076917403648_o.jpg"><img loading="lazy" decoding="async" class="alignnone size-full wp-image-1303" src="https://agora.xtec.cat/ceiprocafonda/wp-content/uploads/usu416/2020/04/87611259_2701771986554738_4000009076917403648_o.jpg" alt="" width="960" height="720" srcset="https://agora.xtec.cat/ceiprocafonda/wp-content/uploads/usu416/2020/04/87611259_2701771986554738_4000009076917403648_o.jpg 960w, https://agora.xtec.cat/ceiprocafonda/wp-content/uploads/usu416/2020/04/87611259_2701771986554738_4000009076917403648_o-300x225.jpg 300w, https://agora.xtec.cat/ceiprocafonda/wp-content/uploads/usu416/2020/04/87611259_2701771986554738_4000009076917403648_o-768x576.jpg 768w, https://agora.xtec.cat/ceiprocafonda/wp-content/uploads/usu416/2020/04/87611259_2701771986554738_4000009076917403648_o-200x150.jpg 200w" sizes="auto, (max-width: 960px) 100vw, 960px" /></a></p>

<p>COM PODEN PARTICIPAR, LES FAMÍLIES, EN EL FUNCIONAMENT DEL CENTRE? Normativa de referència (Llei 12/2009 d’educació, article 26) “ Les famílies hi poden participar de diferents maneres: com a delegats/des de pares i mares de la classe, com a representants dels pares i mares en el consell escolar, com a membres de l’associació de famílies i [&hellip;]</p>
