{"id":856,"date":"2020-04-06T22:54:52","date_gmt":"2020-04-06T20:54:52","guid":{"rendered":"https:\/\/agora.xtec.cat\/ceiprocafonda\/?page_id=856"},"modified":"2025-12-10T13:44:04","modified_gmt":"2025-12-10T12:44:04","slug":"us-social-de-lescola","status":"publish","type":"page","link":"https:\/\/agora.xtec.cat\/ceiprocafonda\/serveis\/us-social-de-lescola\/","title":{"rendered":"\u00das social de l\u2019escola"},"content":{"rendered":"<p><a href=\"https:\/\/agora.xtec.cat\/ceiprocafonda\/wp-content\/uploads\/usu416\/2020\/04\/Inkedus-esperem-amb-bra\u00e7os-oberts-volem-acollir_LI.jpg\"><img loading=\"lazy\" decoding=\"async\" class=\"wp-image-1262 alignleft\" src=\"https:\/\/agora.xtec.cat\/ceiprocafonda\/wp-content\/uploads\/usu416\/2020\/04\/Inkedus-esperem-amb-bra\u00e7os-oberts-volem-acollir_LI-1024x992.jpg\" alt=\"\" width=\"272\" height=\"263\" srcset=\"https:\/\/agora.xtec.cat\/ceiprocafonda\/wp-content\/uploads\/usu416\/2020\/04\/Inkedus-esperem-amb-bra\u00e7os-oberts-volem-acollir_LI-1024x992.jpg 1024w, https:\/\/agora.xtec.cat\/ceiprocafonda\/wp-content\/uploads\/usu416\/2020\/04\/Inkedus-esperem-amb-bra\u00e7os-oberts-volem-acollir_LI-300x291.jpg 300w, https:\/\/agora.xtec.cat\/ceiprocafonda\/wp-content\/uploads\/usu416\/2020\/04\/Inkedus-esperem-amb-bra\u00e7os-oberts-volem-acollir_LI-768x744.jpg 768w, https:\/\/agora.xtec.cat\/ceiprocafonda\/wp-content\/uploads\/usu416\/2020\/04\/Inkedus-esperem-amb-bra\u00e7os-oberts-volem-acollir_LI.jpg 1171w\" sizes=\"auto, (max-width: 272px) 100vw, 272px\" \/><\/a>En els nostres trets d\u2019identitat ens definim com a Escola Oberta, integradora i lligada a l\u2019entorn. Aix\u00ed, el centre, com a servei p\u00fablic, s&#8217;integra i participa activament en la vida social i cultural de la ciutat, superant, dins les seves possibilitats, els l\u00edmits de l&#8217;espai f\u00edsic i del temps dels seus horaris.<\/p>\n<p>Facilitem i promocionem, dins les nostres possibilitats, una utilitzaci\u00f3 \u00f2ptima de les seves instal\u00b7lacions, afavorint qualsevol iniciativa social. No obstant, la responsabilitat de les activitats que s&#8217;hi realitzin s\u00f3n compet\u00e8ncia de l&#8217;Ajuntament de Matar\u00f3, ja que \u00e9s qui d\u00f3na el perm\u00eds final d&#8217;\u00fas.<\/p>\n<p>Les activitats socials, culturals i esportives i molt especialment les adre\u00e7ades a la franja d&#8217;edat dels alumnes tenen ress\u00f2 al centre i vetllem perqu\u00e8 hi siguin presents.<\/p>\n<p>Les activitats que actualment si realitzen s\u00f3n:<\/p>\n<p><strong>Refor\u00e7 escolar<\/strong><\/p>\n<p>\u00c9s un programa de car\u00e0cter preventiu que pret\u00e9n millorar l\u2019\u00e8xit escolar, afavorir l\u2019obtenci\u00f3 de les habilitats i eines necess\u00e0ries per a assolir els aprenentatges, i oferir a l\u2019alumnat suport per tal d\u2019incidir sobre les seves dificultats d\u2019aprenentatge, les actituds i els h\u00e0bits d\u2019estudi.<\/p>\n<p>En aquest proc\u00e9s \u00e9s cabdal la tasca d\u2019acompanyament que\u00a0duu a terme\u00a0el monitor o monitora\u00a0i la coordinaci\u00f3 entre el tutor\/a i el monitor\/a per tal de fer un seguiment m\u00e9s acurat de l\u2019evoluci\u00f3 de l\u2019alumnat mentre assisteix al refor\u00e7. L\u2019horari \u00e9s de <strong>17h a 18h<\/strong> tots els dies de la setmana.<\/p>\n<p><strong>\u00a0<\/strong>Objectius de l&#8217;activitat:<\/p>\n<ul>\n<li>Oferir als alumnes un espai favorable per a l\u2019estudi.<\/li>\n<li>Ajudar aquells alumnes amb dificultats en el seu proc\u00e9s d\u2019ensenyament aprenentatge<\/li>\n<li>Procurar una millora en els resultats finals de l\u2019aprenentatge; dels participants a l\u2019activitat.<\/li>\n<li>Potenciar la integraci\u00f3 i l\u2019equitat escolars.<\/li>\n<\/ul>\n<p><strong>\u00a0<\/strong><\/p>\n<p><strong>POEFE<\/strong><\/p>\n<p>L\u2019escola participa d\u2019un programa co-finan\u00e7at pel Ministeri d\u2019Educaci\u00f3 i Formaci\u00f3 Professional i el Fons Social Europeu 2014-2020. Concretament, en el <strong>Programa d\u2019orientaci\u00f3 i refor\u00e7 per a l\u2019avan\u00e7 i suport a l\u2019educaci\u00f3 (POEFE).<\/strong><\/p>\n<p>Aquest programa es concreta en l\u2019organitzaci\u00f3 d\u2019un\u00a0<strong>Taller de programaci\u00f3 i rob\u00f2tica<\/strong>\u00a0dirigit a alguns alumnes de 5\u00e8 i 6\u00e8. Es realitza en horari de 17:00h a 18:30h els dimarts i dijous pels alumnes de 5\u00e8 i dimecres de 17h a 18:30h pels alumnes de 6\u00e8.<\/p>\n<p><strong> <a href=\"https:\/\/agora.xtec.cat\/ceiprocafonda\/wp-content\/uploads\/usu416\/2020\/04\/logo-uni\u00f3-europea.png\"><img loading=\"lazy\" decoding=\"async\" class=\"alignnone wp-image-858\" src=\"https:\/\/agora.xtec.cat\/ceiprocafonda\/wp-content\/uploads\/usu416\/2020\/04\/logo-uni\u00f3-europea.png\" alt=\"\" width=\"297\" height=\"69\" srcset=\"https:\/\/agora.xtec.cat\/ceiprocafonda\/wp-content\/uploads\/usu416\/2020\/04\/logo-uni\u00f3-europea.png 500w, https:\/\/agora.xtec.cat\/ceiprocafonda\/wp-content\/uploads\/usu416\/2020\/04\/logo-uni\u00f3-europea-300x70.png 300w\" sizes=\"auto, (max-width: 297px) 100vw, 297px\" \/><\/a> <a href=\"https:\/\/agora.xtec.cat\/ceiprocafonda\/wp-content\/uploads\/usu416\/2020\/04\/logo-ministerio.png\"><img loading=\"lazy\" decoding=\"async\" class=\"alignnone wp-image-857\" src=\"https:\/\/agora.xtec.cat\/ceiprocafonda\/wp-content\/uploads\/usu416\/2020\/04\/logo-ministerio.png\" alt=\"\" width=\"299\" height=\"75\" srcset=\"https:\/\/agora.xtec.cat\/ceiprocafonda\/wp-content\/uploads\/usu416\/2020\/04\/logo-ministerio.png 689w, https:\/\/agora.xtec.cat\/ceiprocafonda\/wp-content\/uploads\/usu416\/2020\/04\/logo-ministerio-300x75.png 300w\" sizes=\"auto, (max-width: 299px) 100vw, 299px\" \/><\/a> <\/strong><\/p>\n<p><a href=\"https:\/\/www.mataro.cat\/ca\/temes\/educacio\/16\/pla-educatiu\/patis-oberts\"><strong>Patis oberts<\/strong><\/a><\/p>\n<p>Els patis escolars de la ciutat s\u2019obren com a espai d\u2019\u00fas p\u00fablic per a infants i adolescents fora d\u2019horari escolar, de <strong>18:30 a 20h<\/strong>.<\/p>\n<p>Cada pati escolar obert compta amb un servei de monitoratge que obre i tanca el pati escolar dins els horaris previstos, vetlla pel bon \u00fas de les instal\u00b7lacions i procura establir din\u00e0miques de relaci\u00f3 entre els infants i joves. Tamb\u00e9 es realitzen activitats de dinamitzaci\u00f3 educativa de tipus esportiu i art\u00edstic. Aquestes activitats s\u00f3n obertes i gratu\u00eftes a la ciutat<\/p>\n<p>Els objectius principals de l\u2019obertura dels patis escolars s\u00f3n:<\/p>\n<ul>\n<li>Optimitzar l\u2019\u00fas dels centres escolars potenciant la seva vessant educativa i social, fent possible un \u00fas del pati entre els col\u00b7lectius i\/o activitats que es puguin realitzar sense interfer\u00e8ncies tot potenciant la seva interrelaci\u00f3.<\/li>\n<li>Donar una alternativa de lleure als infants i joves que s\u2019exerceix de forma aut\u00f2noma en un context segur i de proximitat.<\/li>\n<\/ul>\n<p>&nbsp;<\/p>\n<p><strong><a href=\"https:\/\/espaijoaomarti.org\/que-fem\/arrels\/del-futbol-a-la-vida\/\">\u00a0<\/a><a href=\"https:\/\/espaijoaomarti.org\/que-fem\/arrels\/del-futbol-a-la-vida\/\">Equip de futbol Joa\u00f6 Mart\u00ed<\/a><\/strong><\/p>\n<p>L\u2019escola cedeix els espais exteriors per a poder realitzar aquesta activitat de Futbol a l\u2019entitat Joa\u00f6 Mart\u00ed.<\/p>\n<p>El Projecte \u201cDel futbol a la vida\u201d\u00a0\u00e9s un taller on es treballa la conviv\u00e8ncia, els valors i les emocions a trav\u00e9s del futbol. Aquesta activitat es va iniciar el curs 2013\/14 amb els nens\/es de C\u00e0rites Matar\u00f3 i des d\u2019aleshores que segueix en funcionament.<\/p>\n<p>Els Equips de Futbol de Jo\u00e4o Mart\u00ed, \u00e9s un projecte educatiu on el futbol s\u2019utilitza com una eina d\u2019intervenci\u00f3 social i educativa. El futbol \u00e9s un esport que necessita del treball en equip per aconseguir uns bons resultats. Per aix\u00f2, valors com el respecte mutu, l\u2019esfor\u00e7 i la humilitat milloren les possibilitats de que l\u2019equip se\u2019n surti i s\u00f3n claus per als que practiquen aquest esport\u00a0.Els Equips de Futbol de Jo\u00e4o Mart\u00ed possibilita l\u2019opci\u00f3 de participar a la lliga escolar de Matar\u00f3 per aquells infants \u00a0 amb pocs recursos i que volen gaudir de l\u2019esport.<\/p>\n<p style=\"text-align: center;\"><strong><a href=\"https:\/\/agora.xtec.cat\/ceiprocafonda\/wp-content\/uploads\/usu416\/2020\/04\/logo-joao-marti.png\"><img loading=\"lazy\" decoding=\"async\" class=\"alignnone wp-image-859\" src=\"https:\/\/agora.xtec.cat\/ceiprocafonda\/wp-content\/uploads\/usu416\/2020\/04\/logo-joao-marti.png\" alt=\"\" width=\"157\" height=\"127\" \/>\u00a0 <\/a> <\/strong><\/p>\n<p><strong>\u00a0<\/strong><strong>Juguem Plegats<\/strong><\/p>\n<p><strong>Juguem Plegats<\/strong> \u00e9s una jornada en format l\u00fadico- festiu\u00a0que t\u00e9 per objecte donar a con\u00e8ixer el ventall de recursos socioeducatius per a infants i joves\u00a0al territori de Rocafonda- El Palau i L&#8217;Escorxador.<\/p>\n<p>En aquesta l\u00ednia, un conjunt de serveis i entitats ens apleguem i duem a terme diverses activitats, tallers o demostracions al\u00a0<strong>Pati Escolar de l&#8217;Escola Rocafonda <\/strong><\/p>\n<p>&nbsp;<\/p>\n<p><strong>\u00a0<\/strong><strong>Cursos de catal\u00e0 per a pares i mares<\/strong><\/p>\n<p>La idea principal per els cursos de catal\u00e0 b\u00e0sic \u00e9s que les fam\u00edlies tinguin un primer contacte amb la llengua i donar-los recursos per poder ampliar els coneixements . Els cursos de catal\u00e0 es programen en horari escolar, les tardes de dilluns i dijous de 15:15 a 16:30, mentre els fills\/es estan a l\u2019aula.. Es porten a terme cursos de nivells b\u00e0sics, elementals i m\u00e9s avan\u00e7ats<\/p>\n<p>Objectius de l&#8217;activitat:<\/p>\n<ul>\n<li>Con\u00e8ixer el marc hist\u00f2ric i social del catal\u00e0: assolir coneixements (de contingut i de procediment) relatius a la realitat socioling\u00fc\u00edstica, cultural i dialectal del catal\u00e0.<\/li>\n<li>Iniciaci\u00f3 de la comprensi\u00f3 i expressi\u00f3 oral del catal\u00e0 b\u00e0sic.<\/li>\n<li>Iniciaci\u00f3 de la comprensi\u00f3 i expressi\u00f3 escrita del catal\u00e0 b\u00e0sic.<\/li>\n<li>Oferir un espai per a les fam\u00edlies d\u2019aprenentatge de la llengua catalana.<\/li>\n<\/ul>\n","protected":false},"excerpt":{"rendered":"<p>En els nostres trets d\u2019identitat ens definim com a Escola Oberta, integradora i lligada a l\u2019entorn. Aix\u00ed, el centre, com a servei p\u00fablic, s&#8217;integra i participa activament en la vida social i cultural de la ciutat, superant, dins les seves possibilitats, els l\u00edmits de l&#8217;espai f\u00edsic i del temps dels seus horaris. Facilitem i promocionem, [&hellip;]<\/p>\n","protected":false},"author":1,"featured_media":0,"parent":66,"menu_order":7,"comment_status":"closed","ping_status":"closed","template":"page-templates\/side-menu.php","meta":{"_bbp_topic_count":0,"_bbp_reply_count":0,"_bbp_total_topic_count":0,"_bbp_total_reply_count":0,"_bbp_voice_count":0,"_bbp_anonymous_reply_count":0,"_bbp_topic_count_hidden":0,"_bbp_reply_count_hidden":0,"_bbp_forum_subforum_count":0,"site-sidebar-layout":"default","site-content-layout":"","ast-site-content-layout":"","site-content-style":"default","site-sidebar-style":"default","ast-global-header-display":"","ast-banner-title-visibility":"","ast-main-header-display":"","ast-hfb-above-header-display":"","ast-hfb-below-header-display":"","ast-hfb-mobile-header-display":"","site-post-title":"","ast-breadcrumbs-content":"","ast-featured-img":"","footer-sml-layout":"","theme-transparent-header-meta":"","adv-header-id-meta":"","stick-header-meta":"","header-above-stick-meta":"","header-main-stick-meta":"","header-below-stick-meta":"","astra-migrate-meta-layouts":"default","ast-page-background-enabled":"default","ast-page-background-meta":{"desktop":{"background-color":"var(--ast-global-color-4)","background-image":"","background-repeat":"repeat","background-position":"center center","background-size":"auto","background-attachment":"scroll","background-type":"","background-media":"","overlay-type":"","overlay-color":"","overlay-opacity":"","overlay-gradient":""},"tablet":{"background-color":"","background-image":"","background-repeat":"repeat","background-position":"center center","background-size":"auto","background-attachment":"scroll","background-type":"","background-media":"","overlay-type":"","overlay-color":"","overlay-opacity":"","overlay-gradient":""},"mobile":{"background-color":"","background-image":"","background-repeat":"repeat","background-position":"center center","background-size":"auto","background-attachment":"scroll","background-type":"","background-media":"","overlay-type":"","overlay-color":"","overlay-opacity":"","overlay-gradient":""}},"ast-content-background-meta":{"desktop":{"background-color":"var(--ast-global-color-5)","background-image":"","background-repeat":"repeat","background-position":"center center","background-size":"auto","background-attachment":"scroll","background-type":"","background-media":"","overlay-type":"","overlay-color":"","overlay-opacity":"","overlay-gradient":""},"tablet":{"background-color":"var(--ast-global-color-5)","background-image":"","background-repeat":"repeat","background-position":"center center","background-size":"auto","background-attachment":"scroll","background-type":"","background-media":"","overlay-type":"","overlay-color":"","overlay-opacity":"","overlay-gradient":""},"mobile":{"background-color":"var(--ast-global-color-5)","background-image":"","background-repeat":"repeat","background-position":"center center","background-size":"auto","background-attachment":"scroll","background-type":"","background-media":"","overlay-type":"","overlay-color":"","overlay-opacity":"","overlay-gradient":""}},"footnotes":""},"class_list":["post-856","page","type-page","status-publish","hentry"],"post_mailing_queue_ids":[],"_links":{"self":[{"href":"https:\/\/agora.xtec.cat\/ceiprocafonda\/wp-json\/wp\/v2\/pages\/856","targetHints":{"allow":["GET"]}}],"collection":[{"href":"https:\/\/agora.xtec.cat\/ceiprocafonda\/wp-json\/wp\/v2\/pages"}],"about":[{"href":"https:\/\/agora.xtec.cat\/ceiprocafonda\/wp-json\/wp\/v2\/types\/page"}],"author":[{"embeddable":true,"href":"https:\/\/agora.xtec.cat\/ceiprocafonda\/wp-json\/wp\/v2\/users\/1"}],"replies":[{"embeddable":true,"href":"https:\/\/agora.xtec.cat\/ceiprocafonda\/wp-json\/wp\/v2\/comments?post=856"}],"version-history":[{"count":4,"href":"https:\/\/agora.xtec.cat\/ceiprocafonda\/wp-json\/wp\/v2\/pages\/856\/revisions"}],"predecessor-version":[{"id":18707,"href":"https:\/\/agora.xtec.cat\/ceiprocafonda\/wp-json\/wp\/v2\/pages\/856\/revisions\/18707"}],"up":[{"embeddable":true,"href":"https:\/\/agora.xtec.cat\/ceiprocafonda\/wp-json\/wp\/v2\/pages\/66"}],"wp:attachment":[{"href":"https:\/\/agora.xtec.cat\/ceiprocafonda\/wp-json\/wp\/v2\/media?parent=856"}],"curies":[{"name":"wp","href":"https:\/\/api.w.org\/{rel}","templated":true}]}}