{"id":82,"date":"2014-09-18T14:10:51","date_gmt":"2014-09-18T13:10:51","guid":{"rendered":"http:\/\/agora.xtec.cat\/ceiprocafonda\/?page_id=82"},"modified":"2020-04-08T08:02:38","modified_gmt":"2020-04-08T06:02:38","slug":"casal-destiu","status":"publish","type":"page","link":"https:\/\/agora.xtec.cat\/ceiprocafonda\/serveis\/casal-destiu\/","title":{"rendered":"Casal d&#8217;estiu"},"content":{"rendered":"<p>Durant les vacances escolars del mes de juliol, l\u2019AFA \u00a0amb el suport de l\u2019Ajuntament organitza casals d\u2019estiu a l\u2019escola, a trav\u00e9s de l\u2019empresa Esplais l\u00fadics.<\/p>\n<p>En el casal d\u2019estiu s\u2019organitzen activitats d\u2019oci i de lleure, en que els infants fomenten una s\u00e8rie de valors humans mitjan\u00e7ant el joc i la conviv\u00e8ncia. Tot el casal t\u00e9 un centre d\u2019inter\u00e8s que varia cada any, com a fil conductor de totes les propostes.<\/p>\n<p><u>Els horaris s\u00f3n:<\/u><\/p>\n<p>De dilluns a divendres \u00a0de 9:00 a 13:00h i de\u00a0 15:00 a 17:00h<\/p>\n<p>Hi ha disponibilitat de\u00a0 servei de menjador,\u00a0 acollida matinal\u00a0 i de tarda.<\/p>\n<p><a href=\"https:\/\/agora.xtec.cat\/ceiprocafonda\/wp-content\/uploads\/usu416\/2020\/04\/imatge-estiu-actiu.png\"><img loading=\"lazy\" decoding=\"async\" class=\"alignnone size-full wp-image-956\" src=\"https:\/\/agora.xtec.cat\/ceiprocafonda\/wp-content\/uploads\/usu416\/2020\/04\/imatge-estiu-actiu.png\" alt=\"\" width=\"768\" height=\"81\" srcset=\"https:\/\/agora.xtec.cat\/ceiprocafonda\/wp-content\/uploads\/usu416\/2020\/04\/imatge-estiu-actiu.png 768w, https:\/\/agora.xtec.cat\/ceiprocafonda\/wp-content\/uploads\/usu416\/2020\/04\/imatge-estiu-actiu-300x32.png 300w\" sizes=\"auto, (max-width: 768px) 100vw, 768px\" \/><\/a><\/p>\n","protected":false},"excerpt":{"rendered":"<p>Durant les vacances escolars del mes de juliol, l\u2019AFA \u00a0amb el suport de l\u2019Ajuntament organitza casals d\u2019estiu a l\u2019escola, a trav\u00e9s de l\u2019empresa Esplais l\u00fadics. En el casal d\u2019estiu s\u2019organitzen activitats d\u2019oci i de lleure, en que els infants fomenten una s\u00e8rie de valors humans mitjan\u00e7ant el joc i la conviv\u00e8ncia. Tot el casal t\u00e9 [&hellip;]<\/p>\n","protected":false},"author":1,"featured_media":0,"parent":66,"menu_order":6,"comment_status":"closed","ping_status":"closed","template":"page-templates\/side-menu.php","meta":{"_bbp_topic_count":0,"_bbp_reply_count":0,"_bbp_total_topic_count":0,"_bbp_total_reply_count":0,"_bbp_voice_count":0,"_bbp_anonymous_reply_count":0,"_bbp_topic_count_hidden":0,"_bbp_reply_count_hidden":0,"_bbp_forum_subforum_count":0,"site-sidebar-layout":"default","site-content-layout":"","ast-site-content-layout":"","site-content-style":"default","site-sidebar-style":"default","ast-global-header-display":"","ast-banner-title-visibility":"","ast-main-header-display":"","ast-hfb-above-header-display":"","ast-hfb-below-header-display":"","ast-hfb-mobile-header-display":"","site-post-title":"","ast-breadcrumbs-content":"","ast-featured-img":"","footer-sml-layout":"","theme-transparent-header-meta":"","adv-header-id-meta":"","stick-header-meta":"","header-above-stick-meta":"","header-main-stick-meta":"","header-below-stick-meta":"","astra-migrate-meta-layouts":"default","ast-page-background-enabled":"default","ast-page-background-meta":{"desktop":{"background-color":"var(--ast-global-color-4)","background-image":"","background-repeat":"repeat","background-position":"center center","background-size":"auto","background-attachment":"scroll","background-type":"","background-media":"","overlay-type":"","overlay-color":"","overlay-opacity":"","overlay-gradient":""},"tablet":{"background-color":"","background-image":"","background-repeat":"repeat","background-position":"center center","background-size":"auto","background-attachment":"scroll","background-type":"","background-media":"","overlay-type":"","overlay-color":"","overlay-opacity":"","overlay-gradient":""},"mobile":{"background-color":"","background-image":"","background-repeat":"repeat","background-position":"center center","background-size":"auto","background-attachment":"scroll","background-type":"","background-media":"","overlay-type":"","overlay-color":"","overlay-opacity":"","overlay-gradient":""}},"ast-content-background-meta":{"desktop":{"background-color":"var(--ast-global-color-5)","background-image":"","background-repeat":"repeat","background-position":"center center","background-size":"auto","background-attachment":"scroll","background-type":"","background-media":"","overlay-type":"","overlay-color":"","overlay-opacity":"","overlay-gradient":""},"tablet":{"background-color":"var(--ast-global-color-5)","background-image":"","background-repeat":"repeat","background-position":"center center","background-size":"auto","background-attachment":"scroll","background-type":"","background-media":"","overlay-type":"","overlay-color":"","overlay-opacity":"","overlay-gradient":""},"mobile":{"background-color":"var(--ast-global-color-5)","background-image":"","background-repeat":"repeat","background-position":"center center","background-size":"auto","background-attachment":"scroll","background-type":"","background-media":"","overlay-type":"","overlay-color":"","overlay-opacity":"","overlay-gradient":""}},"footnotes":""},"class_list":["post-82","page","type-page","status-publish","hentry"],"post_mailing_queue_ids":[],"_links":{"self":[{"href":"https:\/\/agora.xtec.cat\/ceiprocafonda\/wp-json\/wp\/v2\/pages\/82","targetHints":{"allow":["GET"]}}],"collection":[{"href":"https:\/\/agora.xtec.cat\/ceiprocafonda\/wp-json\/wp\/v2\/pages"}],"about":[{"href":"https:\/\/agora.xtec.cat\/ceiprocafonda\/wp-json\/wp\/v2\/types\/page"}],"author":[{"embeddable":true,"href":"https:\/\/agora.xtec.cat\/ceiprocafonda\/wp-json\/wp\/v2\/users\/1"}],"replies":[{"embeddable":true,"href":"https:\/\/agora.xtec.cat\/ceiprocafonda\/wp-json\/wp\/v2\/comments?post=82"}],"version-history":[{"count":3,"href":"https:\/\/agora.xtec.cat\/ceiprocafonda\/wp-json\/wp\/v2\/pages\/82\/revisions"}],"predecessor-version":[{"id":957,"href":"https:\/\/agora.xtec.cat\/ceiprocafonda\/wp-json\/wp\/v2\/pages\/82\/revisions\/957"}],"up":[{"embeddable":true,"href":"https:\/\/agora.xtec.cat\/ceiprocafonda\/wp-json\/wp\/v2\/pages\/66"}],"wp:attachment":[{"href":"https:\/\/agora.xtec.cat\/ceiprocafonda\/wp-json\/wp\/v2\/media?parent=82"}],"curies":[{"name":"wp","href":"https:\/\/api.w.org\/{rel}","templated":true}]}}

<p>Durant les vacances escolars del mes de juliol, l’AFA  amb el suport de l’Ajuntament organitza casals d’estiu a l’escola, a través de l’empresa Esplais lúdics.</p>
<p>En el casal d’estiu s’organitzen activitats d’oci i de lleure, en que els infants fomenten una sèrie de valors humans mitjançant el joc i la convivència. Tot el casal té un centre d’interès que varia cada any, com a fil conductor de totes les propostes.</p>
<p><u>Els horaris són:</u></p>
<p>De dilluns a divendres  de 9:00 a 13:00h i de  15:00 a 17:00h</p>
<p>Hi ha disponibilitat de  servei de menjador,  acollida matinal  i de tarda.</p>
<p><a href="https://agora.xtec.cat/ceiprocafonda/wp-content/uploads/usu416/2020/04/imatge-estiu-actiu.png"><img loading="lazy" decoding="async" class="alignnone size-full wp-image-956" src="https://agora.xtec.cat/ceiprocafonda/wp-content/uploads/usu416/2020/04/imatge-estiu-actiu.png" alt="" width="768" height="81" srcset="https://agora.xtec.cat/ceiprocafonda/wp-content/uploads/usu416/2020/04/imatge-estiu-actiu.png 768w, https://agora.xtec.cat/ceiprocafonda/wp-content/uploads/usu416/2020/04/imatge-estiu-actiu-300x32.png 300w" sizes="auto, (max-width: 768px) 100vw, 768px" /></a></p>

<p>Durant les vacances escolars del mes de juliol, l’AFA  amb el suport de l’Ajuntament organitza casals d’estiu a l’escola, a través de l’empresa Esplais lúdics. En el casal d’estiu s’organitzen activitats d’oci i de lleure, en que els infants fomenten una sèrie de valors humans mitjançant el joc i la convivència. Tot el casal té [&hellip;]</p>
