{"id":773,"date":"2020-04-06T21:11:13","date_gmt":"2020-04-06T19:11:13","guid":{"rendered":"https:\/\/agora.xtec.cat\/ceiprocafonda\/?page_id=773"},"modified":"2023-02-16T12:40:19","modified_gmt":"2023-02-16T11:40:19","slug":"curriculum-i-criteris-davaluacio","status":"publish","type":"page","link":"https:\/\/agora.xtec.cat\/ceiprocafonda\/projecte-educatiu-2\/curriculum-i-criteris-davaluacio\/","title":{"rendered":"Curr\u00edculum i Criteris d&#8217;avaluaci\u00f3"},"content":{"rendered":"<p>A Catalunya entenem el curr\u00edculum com un instrument per avan\u00e7ar cap a la societat que volem i donar resposta als reptes que tenim al davant. En aquests moments s&#8217;han aprovat els tres decrets de l\u2019educaci\u00f3 infantil, l\u2019educaci\u00f3 b\u00e0sica i el batxillerat.<\/p>\n<p>Els elements del nou curr\u00edculum s\u00f3n les compet\u00e8ncies clau i el perfil competencial de sortida, les compet\u00e8ncies espec\u00edfiques de les \u00e0rees o mat\u00e8ries, els criteris d\u2019avaluaci\u00f3, els sabers i les situacions d\u2019aprenentatge. Un aspecte important a destacar del nou curr\u00edculum \u00e9s la vinculaci\u00f3 directa entre els criteris d\u2019avaluaci\u00f3 i les compet\u00e8ncies espec\u00edfiques de les \u00e0rees i mat\u00e8ries. Aquests criteris indiquen l\u2019assoliment dels aprenentatges de l\u2019alumnat desenvolupats en les diferents situacions d\u2019aprenentatge i s\u00f3n el referent de l\u2019avaluaci\u00f3.<\/p>\n<p>Per a saber-ne m\u00e9s del nou curr\u00edculum podeu visitar la seg\u00fcent p\u00e0gina web: <a href=\"https:\/\/projectes.xtec.cat\/nou-curriculum\/\">https:\/\/projectes.xtec.cat\/nou-curriculum\/<\/a><\/p>\n<ul>\n<li>Les Compet\u00e8ncies espec\u00edfiques i Criteris d&#8217;avaluaci\u00f3 per cicles s\u00f3n:<\/li>\n<\/ul>\n<p><a href=\"https:\/\/agora.xtec.cat\/ceiprocafonda\/wp-content\/uploads\/usu416\/2023\/02\/Criteris-davaluacio-Infantil.pdf\">Criteris d&#8217;avaluaci\u00f3 Infantil<\/a><\/p>\n<p><a href=\"https:\/\/agora.xtec.cat\/ceiprocafonda\/wp-content\/uploads\/usu416\/2023\/02\/Criteris-davaluacio-Inicial.pdf\">Criteris d&#8217;avaluaci\u00f3 Inicial<\/a><\/p>\n<p><a href=\"https:\/\/agora.xtec.cat\/ceiprocafonda\/wp-content\/uploads\/usu416\/2023\/02\/Criteris-davaluacio-Mitja.pdf\">Criteris d&#8217;avaluaci\u00f3 Mitja<\/a><\/p>\n<p><a href=\"https:\/\/agora.xtec.cat\/ceiprocafonda\/wp-content\/uploads\/usu416\/2023\/02\/Criteris-davaluacio-Superior.pdf\">Criteris d&#8217;avaluaci\u00f3 Superior<\/a><\/p>\n","protected":false},"excerpt":{"rendered":"<p>A Catalunya entenem el curr\u00edculum com un instrument per avan\u00e7ar cap a la societat que volem i donar resposta als reptes que tenim al davant. En aquests moments s&#8217;han aprovat els tres decrets de l\u2019educaci\u00f3 infantil, l\u2019educaci\u00f3 b\u00e0sica i el batxillerat. Els elements del nou curr\u00edculum s\u00f3n les compet\u00e8ncies clau i el perfil competencial de [&hellip;]<\/p>\n","protected":false},"author":1,"featured_media":0,"parent":727,"menu_order":12,"comment_status":"closed","ping_status":"closed","template":"page-templates\/side-menu.php","meta":{"_bbp_topic_count":0,"_bbp_reply_count":0,"_bbp_total_topic_count":0,"_bbp_total_reply_count":0,"_bbp_voice_count":0,"_bbp_anonymous_reply_count":0,"_bbp_topic_count_hidden":0,"_bbp_reply_count_hidden":0,"_bbp_forum_subforum_count":0,"site-sidebar-layout":"default","site-content-layout":"","ast-site-content-layout":"","site-content-style":"default","site-sidebar-style":"default","ast-global-header-display":"","ast-banner-title-visibility":"","ast-main-header-display":"","ast-hfb-above-header-display":"","ast-hfb-below-header-display":"","ast-hfb-mobile-header-display":"","site-post-title":"","ast-breadcrumbs-content":"","ast-featured-img":"","footer-sml-layout":"","theme-transparent-header-meta":"","adv-header-id-meta":"","stick-header-meta":"","header-above-stick-meta":"","header-main-stick-meta":"","header-below-stick-meta":"","astra-migrate-meta-layouts":"default","ast-page-background-enabled":"default","ast-page-background-meta":{"desktop":{"background-color":"var(--ast-global-color-4)","background-image":"","background-repeat":"repeat","background-position":"center center","background-size":"auto","background-attachment":"scroll","background-type":"","background-media":"","overlay-type":"","overlay-color":"","overlay-opacity":"","overlay-gradient":""},"tablet":{"background-color":"","background-image":"","background-repeat":"repeat","background-position":"center center","background-size":"auto","background-attachment":"scroll","background-type":"","background-media":"","overlay-type":"","overlay-color":"","overlay-opacity":"","overlay-gradient":""},"mobile":{"background-color":"","background-image":"","background-repeat":"repeat","background-position":"center center","background-size":"auto","background-attachment":"scroll","background-type":"","background-media":"","overlay-type":"","overlay-color":"","overlay-opacity":"","overlay-gradient":""}},"ast-content-background-meta":{"desktop":{"background-color":"var(--ast-global-color-5)","background-image":"","background-repeat":"repeat","background-position":"center center","background-size":"auto","background-attachment":"scroll","background-type":"","background-media":"","overlay-type":"","overlay-color":"","overlay-opacity":"","overlay-gradient":""},"tablet":{"background-color":"var(--ast-global-color-5)","background-image":"","background-repeat":"repeat","background-position":"center center","background-size":"auto","background-attachment":"scroll","background-type":"","background-media":"","overlay-type":"","overlay-color":"","overlay-opacity":"","overlay-gradient":""},"mobile":{"background-color":"var(--ast-global-color-5)","background-image":"","background-repeat":"repeat","background-position":"center center","background-size":"auto","background-attachment":"scroll","background-type":"","background-media":"","overlay-type":"","overlay-color":"","overlay-opacity":"","overlay-gradient":""}},"footnotes":""},"class_list":["post-773","page","type-page","status-publish","hentry"],"post_mailing_queue_ids":[],"_links":{"self":[{"href":"https:\/\/agora.xtec.cat\/ceiprocafonda\/wp-json\/wp\/v2\/pages\/773","targetHints":{"allow":["GET"]}}],"collection":[{"href":"https:\/\/agora.xtec.cat\/ceiprocafonda\/wp-json\/wp\/v2\/pages"}],"about":[{"href":"https:\/\/agora.xtec.cat\/ceiprocafonda\/wp-json\/wp\/v2\/types\/page"}],"author":[{"embeddable":true,"href":"https:\/\/agora.xtec.cat\/ceiprocafonda\/wp-json\/wp\/v2\/users\/1"}],"replies":[{"embeddable":true,"href":"https:\/\/agora.xtec.cat\/ceiprocafonda\/wp-json\/wp\/v2\/comments?post=773"}],"version-history":[{"count":3,"href":"https:\/\/agora.xtec.cat\/ceiprocafonda\/wp-json\/wp\/v2\/pages\/773\/revisions"}],"predecessor-version":[{"id":10643,"href":"https:\/\/agora.xtec.cat\/ceiprocafonda\/wp-json\/wp\/v2\/pages\/773\/revisions\/10643"}],"up":[{"embeddable":true,"href":"https:\/\/agora.xtec.cat\/ceiprocafonda\/wp-json\/wp\/v2\/pages\/727"}],"wp:attachment":[{"href":"https:\/\/agora.xtec.cat\/ceiprocafonda\/wp-json\/wp\/v2\/media?parent=773"}],"curies":[{"name":"wp","href":"https:\/\/api.w.org\/{rel}","templated":true}]}}

Currículum i Criteris d&#8217;avaluació

<p>A Catalunya entenem el currículum com un instrument per avançar cap a la societat que volem i donar resposta als reptes que tenim al davant. En aquests moments s&#8217;han aprovat els tres decrets de l’educació infantil, l’educació bàsica i el batxillerat.</p>
<p>Els elements del nou currículum són les competències clau i el perfil competencial de sortida, les competències específiques de les àrees o matèries, els criteris d’avaluació, els sabers i les situacions d’aprenentatge. Un aspecte important a destacar del nou currículum és la vinculació directa entre els criteris d’avaluació i les competències específiques de les àrees i matèries. Aquests criteris indiquen l’assoliment dels aprenentatges de l’alumnat desenvolupats en les diferents situacions d’aprenentatge i són el referent de l’avaluació.</p>
<p>Per a saber-ne més del nou currículum podeu visitar la següent pàgina web: <a href="https://projectes.xtec.cat/nou-curriculum/">https://projectes.xtec.cat/nou-curriculum/</a></p>
<ul>
<li>Les Competències específiques i Criteris d&#8217;avaluació per cicles són:</li>
</ul>
<p><a href="https://agora.xtec.cat/ceiprocafonda/wp-content/uploads/usu416/2023/02/Criteris-davaluacio-Infantil.pdf">Criteris d&#8217;avaluació Infantil</a></p>
<p><a href="https://agora.xtec.cat/ceiprocafonda/wp-content/uploads/usu416/2023/02/Criteris-davaluacio-Inicial.pdf">Criteris d&#8217;avaluació Inicial</a></p>
<p><a href="https://agora.xtec.cat/ceiprocafonda/wp-content/uploads/usu416/2023/02/Criteris-davaluacio-Mitja.pdf">Criteris d&#8217;avaluació Mitja</a></p>
<p><a href="https://agora.xtec.cat/ceiprocafonda/wp-content/uploads/usu416/2023/02/Criteris-davaluacio-Superior.pdf">Criteris d&#8217;avaluació Superior</a></p>

<p>A Catalunya entenem el currículum com un instrument per avançar cap a la societat que volem i donar resposta als reptes que tenim al davant. En aquests moments s&#8217;han aprovat els tres decrets de l’educació infantil, l’educació bàsica i el batxillerat. Els elements del nou currículum són les competències clau i el perfil competencial de [&hellip;]</p>
