{"id":754,"date":"2020-04-06T20:52:59","date_gmt":"2020-04-06T18:52:59","guid":{"rendered":"https:\/\/agora.xtec.cat\/ceiprocafonda\/?page_id=754"},"modified":"2025-12-16T12:31:08","modified_gmt":"2025-12-16T11:31:08","slug":"pla-de-convivencia","status":"publish","type":"page","link":"https:\/\/agora.xtec.cat\/ceiprocafonda\/projecte-educatiu-2\/pla-de-convivencia\/","title":{"rendered":"Pla de conviv\u00e8ncia"},"content":{"rendered":"<p>Un dels objectius del nostre Projecte educatiu es basa en la creaci\u00f3 d\u2019un entorn on s\u2019afavoreixi i garanteixi el creixement de tot l\u2019alumnat des del respecte envers un mateix i a l\u2019altre aix\u00ed com la llibertat i la responsabilitat de crear una societat m\u00e9s acollidora i plural.<a href=\"https:\/\/agora.xtec.cat\/ceiprocafonda\/wp-content\/uploads\/usu416\/2020\/04\/FB_IMG_1518992141268-1.jpg\"><img loading=\"lazy\" decoding=\"async\" class=\"wp-image-1251 alignright\" src=\"https:\/\/agora.xtec.cat\/ceiprocafonda\/wp-content\/uploads\/usu416\/2020\/04\/FB_IMG_1518992141268-1.jpg\" alt=\"\" width=\"482\" height=\"331\" srcset=\"https:\/\/agora.xtec.cat\/ceiprocafonda\/wp-content\/uploads\/usu416\/2020\/04\/FB_IMG_1518992141268-1.jpg 848w, https:\/\/agora.xtec.cat\/ceiprocafonda\/wp-content\/uploads\/usu416\/2020\/04\/FB_IMG_1518992141268-1-300x206.jpg 300w, https:\/\/agora.xtec.cat\/ceiprocafonda\/wp-content\/uploads\/usu416\/2020\/04\/FB_IMG_1518992141268-1-768x527.jpg 768w\" sizes=\"auto, (max-width: 482px) 100vw, 482px\" \/><\/a><\/p>\n<p>La conviv\u00e8ncia implica la participaci\u00f3 de tota la comunitat educativa per aprendre a conviure de manera positiva, amb respecte i amb di\u00e0leg i integrant visions i sensibilitats diferents. S\u00f3n base del Projecte de conviv\u00e8ncia el respecte, la llibertat, la democr\u00e0cia, el di\u00e0leg, la comunicaci\u00f3, el treball conjunt entre fam\u00edlia i escola, el coneixement d\u2019un mateix i dels altres, l\u2019expressi\u00f3 de forma variada, l\u2019esfor\u00e7, l\u2019acollida, entre d\u2019altres.<\/p>\n<p>A continuaci\u00f3, presentem el Projecte de <a href=\"https:\/\/agora.xtec.cat\/ceiprocafonda\/wp-content\/uploads\/usu416\/2023\/12\/Convivencia.pdf\">Conviv\u00e8ncia<\/a> de l\u2019escola Rocafonda, que \u00e9s el document que engloba el conjunt d\u2019accions encaminades a la millora de la conviv\u00e8ncia i recull les intervencions que el centre desenvolupa per tal de capacitat tot l\u2019alumnat i la resta de la comunitat educativa per a la conviv\u00e8ncia i la gesti\u00f3 positiva de conflictes per tal de crear una atmosfera de treball i una conviv\u00e8ncia segura i saludable. \u00c9s una eina oberta que haur\u00e0 de ser avaluada i enriquida segons les circumst\u00e0ncies i l\u2019efectivitat de les mesures previstes per a la seva aplicaci\u00f3.<\/p>\n<p style=\"text-align: center;\"><a href=\"https:\/\/agora.xtec.cat\/ceiprocafonda\/wp-content\/uploads\/usu416\/2024\/01\/Infografia.jpg\"><img loading=\"lazy\" decoding=\"async\" class=\"alignnone size-full wp-image-13444\" src=\"https:\/\/agora.xtec.cat\/ceiprocafonda\/wp-content\/uploads\/usu416\/2024\/01\/Infografia.jpg\" alt=\"\" width=\"302\" height=\"727\" srcset=\"https:\/\/agora.xtec.cat\/ceiprocafonda\/wp-content\/uploads\/usu416\/2024\/01\/Infografia.jpg 302w, https:\/\/agora.xtec.cat\/ceiprocafonda\/wp-content\/uploads\/usu416\/2024\/01\/Infografia-125x300.jpg 125w\" sizes=\"auto, (max-width: 302px) 100vw, 302px\" \/><\/a><\/p>\n<p>&nbsp;<\/p>\n","protected":false},"excerpt":{"rendered":"<p>Un dels objectius del nostre Projecte educatiu es basa en la creaci\u00f3 d\u2019un entorn on s\u2019afavoreixi i garanteixi el creixement de tot l\u2019alumnat des del respecte envers un mateix i a l\u2019altre aix\u00ed com la llibertat i la responsabilitat de crear una societat m\u00e9s acollidora i plural. La conviv\u00e8ncia implica la participaci\u00f3 de tota la [&hellip;]<\/p>\n","protected":false},"author":1,"featured_media":0,"parent":727,"menu_order":7,"comment_status":"closed","ping_status":"closed","template":"","meta":{"_bbp_topic_count":0,"_bbp_reply_count":0,"_bbp_total_topic_count":0,"_bbp_total_reply_count":0,"_bbp_voice_count":0,"_bbp_anonymous_reply_count":0,"_bbp_topic_count_hidden":0,"_bbp_reply_count_hidden":0,"_bbp_forum_subforum_count":0,"site-sidebar-layout":"default","site-content-layout":"","ast-site-content-layout":"default","site-content-style":"default","site-sidebar-style":"default","ast-global-header-display":"","ast-banner-title-visibility":"","ast-main-header-display":"","ast-hfb-above-header-display":"","ast-hfb-below-header-display":"","ast-hfb-mobile-header-display":"","site-post-title":"","ast-breadcrumbs-content":"","ast-featured-img":"","footer-sml-layout":"","theme-transparent-header-meta":"default","adv-header-id-meta":"","stick-header-meta":"","header-above-stick-meta":"","header-main-stick-meta":"","header-below-stick-meta":"","astra-migrate-meta-layouts":"set","ast-page-background-enabled":"default","ast-page-background-meta":{"desktop":{"background-color":"var(--ast-global-color-4)","background-image":"","background-repeat":"repeat","background-position":"center center","background-size":"auto","background-attachment":"scroll","background-type":"","background-media":"","overlay-type":"","overlay-color":"","overlay-opacity":"","overlay-gradient":""},"tablet":{"background-color":"","background-image":"","background-repeat":"repeat","background-position":"center center","background-size":"auto","background-attachment":"scroll","background-type":"","background-media":"","overlay-type":"","overlay-color":"","overlay-opacity":"","overlay-gradient":""},"mobile":{"background-color":"","background-image":"","background-repeat":"repeat","background-position":"center center","background-size":"auto","background-attachment":"scroll","background-type":"","background-media":"","overlay-type":"","overlay-color":"","overlay-opacity":"","overlay-gradient":""}},"ast-content-background-meta":{"desktop":{"background-color":"var(--ast-global-color-5)","background-image":"","background-repeat":"repeat","background-position":"center center","background-size":"auto","background-attachment":"scroll","background-type":"","background-media":"","overlay-type":"","overlay-color":"","overlay-opacity":"","overlay-gradient":""},"tablet":{"background-color":"var(--ast-global-color-5)","background-image":"","background-repeat":"repeat","background-position":"center center","background-size":"auto","background-attachment":"scroll","background-type":"","background-media":"","overlay-type":"","overlay-color":"","overlay-opacity":"","overlay-gradient":""},"mobile":{"background-color":"var(--ast-global-color-5)","background-image":"","background-repeat":"repeat","background-position":"center center","background-size":"auto","background-attachment":"scroll","background-type":"","background-media":"","overlay-type":"","overlay-color":"","overlay-opacity":"","overlay-gradient":""}},"footnotes":""},"class_list":["post-754","page","type-page","status-publish","hentry"],"post_mailing_queue_ids":[],"_links":{"self":[{"href":"https:\/\/agora.xtec.cat\/ceiprocafonda\/wp-json\/wp\/v2\/pages\/754","targetHints":{"allow":["GET"]}}],"collection":[{"href":"https:\/\/agora.xtec.cat\/ceiprocafonda\/wp-json\/wp\/v2\/pages"}],"about":[{"href":"https:\/\/agora.xtec.cat\/ceiprocafonda\/wp-json\/wp\/v2\/types\/page"}],"author":[{"embeddable":true,"href":"https:\/\/agora.xtec.cat\/ceiprocafonda\/wp-json\/wp\/v2\/users\/1"}],"replies":[{"embeddable":true,"href":"https:\/\/agora.xtec.cat\/ceiprocafonda\/wp-json\/wp\/v2\/comments?post=754"}],"version-history":[{"count":6,"href":"https:\/\/agora.xtec.cat\/ceiprocafonda\/wp-json\/wp\/v2\/pages\/754\/revisions"}],"predecessor-version":[{"id":18800,"href":"https:\/\/agora.xtec.cat\/ceiprocafonda\/wp-json\/wp\/v2\/pages\/754\/revisions\/18800"}],"up":[{"embeddable":true,"href":"https:\/\/agora.xtec.cat\/ceiprocafonda\/wp-json\/wp\/v2\/pages\/727"}],"wp:attachment":[{"href":"https:\/\/agora.xtec.cat\/ceiprocafonda\/wp-json\/wp\/v2\/media?parent=754"}],"curies":[{"name":"wp","href":"https:\/\/api.w.org\/{rel}","templated":true}]}}