{"id":745,"date":"2020-04-06T20:46:30","date_gmt":"2020-04-06T18:46:30","guid":{"rendered":"https:\/\/agora.xtec.cat\/ceiprocafonda\/?page_id=745"},"modified":"2020-04-10T06:46:08","modified_gmt":"2020-04-10T04:46:08","slug":"carta-de-compromis","status":"publish","type":"page","link":"https:\/\/agora.xtec.cat\/ceiprocafonda\/projecte-educatiu-2\/carta-de-compromis\/","title":{"rendered":"Carta de comprom\u00eds"},"content":{"rendered":"<p>Som conscients que l\u2019educaci\u00f3 dels infants implica l\u2019acci\u00f3 conjunta de la fam\u00edlia i l\u2019escola. La coher\u00e8ncia educativa de tots els agents implicats en l\u2019educaci\u00f3 exigeix la relaci\u00f3 i el di\u00e0leg entre les fam\u00edlies de l\u2019alumnat i els professionals de l\u2019educaci\u00f3, amb la finalitat d\u2019afavorir l\u2019\u00e8xit educatiu.<\/p>\n<p>Per aquest motiu signem aquesta <a href=\"https:\/\/agora.xtec.cat\/ceiprocafonda\/wp-content\/uploads\/usu416\/2020\/04\/Carta-comprom\u00eds-definitiva.pdf\">Carta comprom\u00eds <\/a>, la qual comporta tot un seguit de compromisos per part de l\u2019escola i les fam\u00edlies.<\/p>\n<p style=\"text-align: center;\"><a href=\"http:\/\/familiaiescola.gencat.cat\/ca\"><img loading=\"lazy\" decoding=\"async\" class=\"alignnone size-large wp-image-746\" src=\"https:\/\/agora.xtec.cat\/ceiprocafonda\/wp-content\/uploads\/usu416\/2020\/04\/familia-i-escola-1024x85.jpg\" alt=\"\" width=\"1024\" height=\"85\" srcset=\"https:\/\/agora.xtec.cat\/ceiprocafonda\/wp-content\/uploads\/usu416\/2020\/04\/familia-i-escola-1024x85.jpg 1024w, https:\/\/agora.xtec.cat\/ceiprocafonda\/wp-content\/uploads\/usu416\/2020\/04\/familia-i-escola-300x25.jpg 300w, https:\/\/agora.xtec.cat\/ceiprocafonda\/wp-content\/uploads\/usu416\/2020\/04\/familia-i-escola-768x64.jpg 768w, https:\/\/agora.xtec.cat\/ceiprocafonda\/wp-content\/uploads\/usu416\/2020\/04\/familia-i-escola.jpg 1435w\" sizes=\"auto, (max-width: 1024px) 100vw, 1024px\" \/><\/a><\/p>\n","protected":false},"excerpt":{"rendered":"<p>Som conscients que l\u2019educaci\u00f3 dels infants implica l\u2019acci\u00f3 conjunta de la fam\u00edlia i l\u2019escola. La coher\u00e8ncia educativa de tots els agents implicats en l\u2019educaci\u00f3 exigeix la relaci\u00f3 i el di\u00e0leg entre les fam\u00edlies de l\u2019alumnat i els professionals de l\u2019educaci\u00f3, amb la finalitat d\u2019afavorir l\u2019\u00e8xit educatiu. Per aquest motiu signem aquesta Carta comprom\u00eds , la [&hellip;]<\/p>\n","protected":false},"author":1,"featured_media":0,"parent":727,"menu_order":4,"comment_status":"closed","ping_status":"closed","template":"page-templates\/side-menu.php","meta":{"_bbp_topic_count":0,"_bbp_reply_count":0,"_bbp_total_topic_count":0,"_bbp_total_reply_count":0,"_bbp_voice_count":0,"_bbp_anonymous_reply_count":0,"_bbp_topic_count_hidden":0,"_bbp_reply_count_hidden":0,"_bbp_forum_subforum_count":0,"site-sidebar-layout":"default","site-content-layout":"","ast-site-content-layout":"","site-content-style":"default","site-sidebar-style":"default","ast-global-header-display":"","ast-banner-title-visibility":"","ast-main-header-display":"","ast-hfb-above-header-display":"","ast-hfb-below-header-display":"","ast-hfb-mobile-header-display":"","site-post-title":"","ast-breadcrumbs-content":"","ast-featured-img":"","footer-sml-layout":"","theme-transparent-header-meta":"","adv-header-id-meta":"","stick-header-meta":"","header-above-stick-meta":"","header-main-stick-meta":"","header-below-stick-meta":"","astra-migrate-meta-layouts":"default","ast-page-background-enabled":"default","ast-page-background-meta":{"desktop":{"background-color":"var(--ast-global-color-4)","background-image":"","background-repeat":"repeat","background-position":"center center","background-size":"auto","background-attachment":"scroll","background-type":"","background-media":"","overlay-type":"","overlay-color":"","overlay-opacity":"","overlay-gradient":""},"tablet":{"background-color":"","background-image":"","background-repeat":"repeat","background-position":"center center","background-size":"auto","background-attachment":"scroll","background-type":"","background-media":"","overlay-type":"","overlay-color":"","overlay-opacity":"","overlay-gradient":""},"mobile":{"background-color":"","background-image":"","background-repeat":"repeat","background-position":"center center","background-size":"auto","background-attachment":"scroll","background-type":"","background-media":"","overlay-type":"","overlay-color":"","overlay-opacity":"","overlay-gradient":""}},"ast-content-background-meta":{"desktop":{"background-color":"var(--ast-global-color-5)","background-image":"","background-repeat":"repeat","background-position":"center center","background-size":"auto","background-attachment":"scroll","background-type":"","background-media":"","overlay-type":"","overlay-color":"","overlay-opacity":"","overlay-gradient":""},"tablet":{"background-color":"var(--ast-global-color-5)","background-image":"","background-repeat":"repeat","background-position":"center center","background-size":"auto","background-attachment":"scroll","background-type":"","background-media":"","overlay-type":"","overlay-color":"","overlay-opacity":"","overlay-gradient":""},"mobile":{"background-color":"var(--ast-global-color-5)","background-image":"","background-repeat":"repeat","background-position":"center center","background-size":"auto","background-attachment":"scroll","background-type":"","background-media":"","overlay-type":"","overlay-color":"","overlay-opacity":"","overlay-gradient":""}},"footnotes":""},"class_list":["post-745","page","type-page","status-publish","hentry"],"post_mailing_queue_ids":[],"_links":{"self":[{"href":"https:\/\/agora.xtec.cat\/ceiprocafonda\/wp-json\/wp\/v2\/pages\/745","targetHints":{"allow":["GET"]}}],"collection":[{"href":"https:\/\/agora.xtec.cat\/ceiprocafonda\/wp-json\/wp\/v2\/pages"}],"about":[{"href":"https:\/\/agora.xtec.cat\/ceiprocafonda\/wp-json\/wp\/v2\/types\/page"}],"author":[{"embeddable":true,"href":"https:\/\/agora.xtec.cat\/ceiprocafonda\/wp-json\/wp\/v2\/users\/1"}],"replies":[{"embeddable":true,"href":"https:\/\/agora.xtec.cat\/ceiprocafonda\/wp-json\/wp\/v2\/comments?post=745"}],"version-history":[{"count":3,"href":"https:\/\/agora.xtec.cat\/ceiprocafonda\/wp-json\/wp\/v2\/pages\/745\/revisions"}],"predecessor-version":[{"id":977,"href":"https:\/\/agora.xtec.cat\/ceiprocafonda\/wp-json\/wp\/v2\/pages\/745\/revisions\/977"}],"up":[{"embeddable":true,"href":"https:\/\/agora.xtec.cat\/ceiprocafonda\/wp-json\/wp\/v2\/pages\/727"}],"wp:attachment":[{"href":"https:\/\/agora.xtec.cat\/ceiprocafonda\/wp-json\/wp\/v2\/media?parent=745"}],"curies":[{"name":"wp","href":"https:\/\/api.w.org\/{rel}","templated":true}]}}

Carta de compromís

<p>Som conscients que l’educació dels infants implica l’acció conjunta de la família i l’escola. La coherència educativa de tots els agents implicats en l’educació exigeix la relació i el diàleg entre les famílies de l’alumnat i els professionals de l’educació, amb la finalitat d’afavorir l’èxit educatiu.</p>
<p>Per aquest motiu signem aquesta <a href="https://agora.xtec.cat/ceiprocafonda/wp-content/uploads/usu416/2020/04/Carta-compromís-definitiva.pdf">Carta compromís </a>, la qual comporta tot un seguit de compromisos per part de l’escola i les famílies.</p>
<p style="text-align: center;"><a href="http://familiaiescola.gencat.cat/ca"><img loading="lazy" decoding="async" class="alignnone size-large wp-image-746" src="https://agora.xtec.cat/ceiprocafonda/wp-content/uploads/usu416/2020/04/familia-i-escola-1024x85.jpg" alt="" width="1024" height="85" srcset="https://agora.xtec.cat/ceiprocafonda/wp-content/uploads/usu416/2020/04/familia-i-escola-1024x85.jpg 1024w, https://agora.xtec.cat/ceiprocafonda/wp-content/uploads/usu416/2020/04/familia-i-escola-300x25.jpg 300w, https://agora.xtec.cat/ceiprocafonda/wp-content/uploads/usu416/2020/04/familia-i-escola-768x64.jpg 768w, https://agora.xtec.cat/ceiprocafonda/wp-content/uploads/usu416/2020/04/familia-i-escola.jpg 1435w" sizes="auto, (max-width: 1024px) 100vw, 1024px" /></a></p>

<p>Som conscients que l’educació dels infants implica l’acció conjunta de la família i l’escola. La coherència educativa de tots els agents implicats en l’educació exigeix la relació i el diàleg entre les famílies de l’alumnat i els professionals de l’educació, amb la finalitat d’afavorir l’èxit educatiu. Per aquest motiu signem aquesta Carta compromís , la [&hellip;]</p>
