{"id":727,"date":"2020-04-06T20:08:15","date_gmt":"2020-04-06T18:08:15","guid":{"rendered":"https:\/\/agora.xtec.cat\/ceiprocafonda\/?page_id=727"},"modified":"2025-01-21T09:22:12","modified_gmt":"2025-01-21T08:22:12","slug":"projecte-educatiu-2","status":"publish","type":"page","link":"https:\/\/agora.xtec.cat\/ceiprocafonda\/projecte-educatiu-2\/","title":{"rendered":"Projecte Educatiu"},"content":{"rendered":"<p>El <a href=\"https:\/\/agora.xtec.cat\/ceiprocafonda\/wp-content\/uploads\/usu416\/2025\/01\/PEC-revisio-2016.pdf\">Projecte Educatiu de Centre (revisi\u00f3 2016; cal actualitzar)<\/a><strong>\u00a0<\/strong> \u00e9s el document que sintetitza la nostra proposta d\u2019actuaci\u00f3 a l\u2019escola, recull els <a href=\"https:\/\/agora.xtec.cat\/ceiprocafonda\/wp-content\/uploads\/usu416\/2020\/04\/20200108_164442.jpg\"><img loading=\"lazy\" decoding=\"async\" class=\"wp-image-1217 alignright\" src=\"https:\/\/agora.xtec.cat\/ceiprocafonda\/wp-content\/uploads\/usu416\/2020\/04\/20200108_164442.jpg\" alt=\"\" width=\"143\" height=\"238\" srcset=\"https:\/\/agora.xtec.cat\/ceiprocafonda\/wp-content\/uploads\/usu416\/2020\/04\/20200108_164442.jpg 529w, https:\/\/agora.xtec.cat\/ceiprocafonda\/wp-content\/uploads\/usu416\/2020\/04\/20200108_164442-180x300.jpg 180w\" sizes=\"auto, (max-width: 143px) 100vw, 143px\" \/><\/a>principals trets d\u2019identitat, els objectius que pretenem aconseguir i l\u2019estructura organitzativa que tenim amb la finalitat d\u2019acompanyar les fam\u00edlies en l\u2019educaci\u00f3 dels seus fills i filles, tenint en compte la nostra realitat dins el context socioecon\u00f2mic i cultural de les fam\u00edlies i alumnes que en formen part.<\/p>\n<p>Explicita els objectius, orienta l\u2019activitat i t\u00e9 com a finalitat que el nostre alumnat assoleixi les compet\u00e8ncies b\u00e0siques.<\/p>\n<p>L&#8217;elaboraci\u00f3 del projecte educatiu del centre \u00e9s un proc\u00e9s fruit del treball i el debat col\u00b7lectiu. Un proc\u00e9s de sistematitzaci\u00f3 i formulaci\u00f3 escrita d&#8217;all\u00f2 que ja \u00e9s una pr\u00e0ctica comuna del centre.<\/p>\n<p><a href=\"https:\/\/agora.xtec.cat\/ceiprocafonda\/wp-content\/uploads\/usu416\/2020\/04\/IMG-20200129-WA0037.jpg\"><img loading=\"lazy\" decoding=\"async\" class=\"alignnone wp-image-1215\" src=\"https:\/\/agora.xtec.cat\/ceiprocafonda\/wp-content\/uploads\/usu416\/2020\/04\/IMG-20200129-WA0037-1024x717.jpg\" alt=\"\" width=\"241\" height=\"169\" srcset=\"https:\/\/agora.xtec.cat\/ceiprocafonda\/wp-content\/uploads\/usu416\/2020\/04\/IMG-20200129-WA0037-1024x717.jpg 1024w, https:\/\/agora.xtec.cat\/ceiprocafonda\/wp-content\/uploads\/usu416\/2020\/04\/IMG-20200129-WA0037-300x210.jpg 300w, https:\/\/agora.xtec.cat\/ceiprocafonda\/wp-content\/uploads\/usu416\/2020\/04\/IMG-20200129-WA0037-768x538.jpg 768w, https:\/\/agora.xtec.cat\/ceiprocafonda\/wp-content\/uploads\/usu416\/2020\/04\/IMG-20200129-WA0037.jpg 1600w\" sizes=\"auto, (max-width: 241px) 100vw, 241px\" \/><\/a><a href=\"https:\/\/agora.xtec.cat\/ceiprocafonda\/wp-content\/uploads\/usu416\/2020\/04\/2019-04-12-17.03.56.jpg\"><img loading=\"lazy\" decoding=\"async\" class=\"alignnone wp-image-1216\" src=\"https:\/\/agora.xtec.cat\/ceiprocafonda\/wp-content\/uploads\/usu416\/2020\/04\/2019-04-12-17.03.56-1024x615.jpg\" alt=\"\" width=\"271\" height=\"163\" srcset=\"https:\/\/agora.xtec.cat\/ceiprocafonda\/wp-content\/uploads\/usu416\/2020\/04\/2019-04-12-17.03.56-1024x615.jpg 1024w, https:\/\/agora.xtec.cat\/ceiprocafonda\/wp-content\/uploads\/usu416\/2020\/04\/2019-04-12-17.03.56-300x180.jpg 300w, https:\/\/agora.xtec.cat\/ceiprocafonda\/wp-content\/uploads\/usu416\/2020\/04\/2019-04-12-17.03.56-768x461.jpg 768w\" sizes=\"auto, (max-width: 271px) 100vw, 271px\" \/><\/a><a href=\"https:\/\/agora.xtec.cat\/ceiprocafonda\/wp-content\/uploads\/usu416\/2020\/04\/IMG-20200410-WA0030.jpg\"><img loading=\"lazy\" decoding=\"async\" class=\"alignnone wp-image-1218\" src=\"https:\/\/agora.xtec.cat\/ceiprocafonda\/wp-content\/uploads\/usu416\/2020\/04\/IMG-20200410-WA0030-1024x768.jpg\" alt=\"\" width=\"215\" height=\"161\" srcset=\"https:\/\/agora.xtec.cat\/ceiprocafonda\/wp-content\/uploads\/usu416\/2020\/04\/IMG-20200410-WA0030-1024x768.jpg 1024w, https:\/\/agora.xtec.cat\/ceiprocafonda\/wp-content\/uploads\/usu416\/2020\/04\/IMG-20200410-WA0030-300x225.jpg 300w, https:\/\/agora.xtec.cat\/ceiprocafonda\/wp-content\/uploads\/usu416\/2020\/04\/IMG-20200410-WA0030-768x576.jpg 768w, https:\/\/agora.xtec.cat\/ceiprocafonda\/wp-content\/uploads\/usu416\/2020\/04\/IMG-20200410-WA0030-200x150.jpg 200w, https:\/\/agora.xtec.cat\/ceiprocafonda\/wp-content\/uploads\/usu416\/2020\/04\/IMG-20200410-WA0030.jpg 2016w\" sizes=\"auto, (max-width: 215px) 100vw, 215px\" \/><\/a><\/p>\n","protected":false},"excerpt":{"rendered":"<p>El Projecte Educatiu de Centre (revisi\u00f3 2016; cal actualitzar)\u00a0 \u00e9s el document que sintetitza la nostra proposta d\u2019actuaci\u00f3 a l\u2019escola, recull els principals trets d\u2019identitat, els objectius que pretenem aconseguir i l\u2019estructura organitzativa que tenim amb la finalitat d\u2019acompanyar les fam\u00edlies en l\u2019educaci\u00f3 dels seus fills i filles, tenint en compte la nostra realitat dins [&hellip;]<\/p>\n","protected":false},"author":1,"featured_media":0,"parent":0,"menu_order":0,"comment_status":"closed","ping_status":"closed","template":"page-templates\/side-menu.php","meta":{"_bbp_topic_count":0,"_bbp_reply_count":0,"_bbp_total_topic_count":0,"_bbp_total_reply_count":0,"_bbp_voice_count":0,"_bbp_anonymous_reply_count":0,"_bbp_topic_count_hidden":0,"_bbp_reply_count_hidden":0,"_bbp_forum_subforum_count":0,"site-sidebar-layout":"default","site-content-layout":"","ast-site-content-layout":"","site-content-style":"default","site-sidebar-style":"default","ast-global-header-display":"","ast-banner-title-visibility":"","ast-main-header-display":"","ast-hfb-above-header-display":"","ast-hfb-below-header-display":"","ast-hfb-mobile-header-display":"","site-post-title":"","ast-breadcrumbs-content":"","ast-featured-img":"","footer-sml-layout":"","theme-transparent-header-meta":"","adv-header-id-meta":"","stick-header-meta":"","header-above-stick-meta":"","header-main-stick-meta":"","header-below-stick-meta":"","astra-migrate-meta-layouts":"default","ast-page-background-enabled":"default","ast-page-background-meta":{"desktop":{"background-color":"var(--ast-global-color-4)","background-image":"","background-repeat":"repeat","background-position":"center center","background-size":"auto","background-attachment":"scroll","background-type":"","background-media":"","overlay-type":"","overlay-color":"","overlay-opacity":"","overlay-gradient":""},"tablet":{"background-color":"","background-image":"","background-repeat":"repeat","background-position":"center center","background-size":"auto","background-attachment":"scroll","background-type":"","background-media":"","overlay-type":"","overlay-color":"","overlay-opacity":"","overlay-gradient":""},"mobile":{"background-color":"","background-image":"","background-repeat":"repeat","background-position":"center center","background-size":"auto","background-attachment":"scroll","background-type":"","background-media":"","overlay-type":"","overlay-color":"","overlay-opacity":"","overlay-gradient":""}},"ast-content-background-meta":{"desktop":{"background-color":"var(--ast-global-color-5)","background-image":"","background-repeat":"repeat","background-position":"center center","background-size":"auto","background-attachment":"scroll","background-type":"","background-media":"","overlay-type":"","overlay-color":"","overlay-opacity":"","overlay-gradient":""},"tablet":{"background-color":"var(--ast-global-color-5)","background-image":"","background-repeat":"repeat","background-position":"center center","background-size":"auto","background-attachment":"scroll","background-type":"","background-media":"","overlay-type":"","overlay-color":"","overlay-opacity":"","overlay-gradient":""},"mobile":{"background-color":"var(--ast-global-color-5)","background-image":"","background-repeat":"repeat","background-position":"center center","background-size":"auto","background-attachment":"scroll","background-type":"","background-media":"","overlay-type":"","overlay-color":"","overlay-opacity":"","overlay-gradient":""}},"footnotes":""},"class_list":["post-727","page","type-page","status-publish","hentry"],"post_mailing_queue_ids":[],"_links":{"self":[{"href":"https:\/\/agora.xtec.cat\/ceiprocafonda\/wp-json\/wp\/v2\/pages\/727","targetHints":{"allow":["GET"]}}],"collection":[{"href":"https:\/\/agora.xtec.cat\/ceiprocafonda\/wp-json\/wp\/v2\/pages"}],"about":[{"href":"https:\/\/agora.xtec.cat\/ceiprocafonda\/wp-json\/wp\/v2\/types\/page"}],"author":[{"embeddable":true,"href":"https:\/\/agora.xtec.cat\/ceiprocafonda\/wp-json\/wp\/v2\/users\/1"}],"replies":[{"embeddable":true,"href":"https:\/\/agora.xtec.cat\/ceiprocafonda\/wp-json\/wp\/v2\/comments?post=727"}],"version-history":[{"count":4,"href":"https:\/\/agora.xtec.cat\/ceiprocafonda\/wp-json\/wp\/v2\/pages\/727\/revisions"}],"predecessor-version":[{"id":16862,"href":"https:\/\/agora.xtec.cat\/ceiprocafonda\/wp-json\/wp\/v2\/pages\/727\/revisions\/16862"}],"wp:attachment":[{"href":"https:\/\/agora.xtec.cat\/ceiprocafonda\/wp-json\/wp\/v2\/media?parent=727"}],"curies":[{"name":"wp","href":"https:\/\/api.w.org\/{rel}","templated":true}]}}

<p>El <a href="https://agora.xtec.cat/ceiprocafonda/wp-content/uploads/usu416/2025/01/PEC-revisio-2016.pdf">Projecte Educatiu de Centre (revisió 2016; cal actualitzar)</a><strong> </strong> és el document que sintetitza la nostra proposta d’actuació a l’escola, recull els <a href="https://agora.xtec.cat/ceiprocafonda/wp-content/uploads/usu416/2020/04/20200108_164442.jpg"><img loading="lazy" decoding="async" class="wp-image-1217 alignright" src="https://agora.xtec.cat/ceiprocafonda/wp-content/uploads/usu416/2020/04/20200108_164442.jpg" alt="" width="143" height="238" srcset="https://agora.xtec.cat/ceiprocafonda/wp-content/uploads/usu416/2020/04/20200108_164442.jpg 529w, https://agora.xtec.cat/ceiprocafonda/wp-content/uploads/usu416/2020/04/20200108_164442-180x300.jpg 180w" sizes="auto, (max-width: 143px) 100vw, 143px" /></a>principals trets d’identitat, els objectius que pretenem aconseguir i l’estructura organitzativa que tenim amb la finalitat d’acompanyar les famílies en l’educació dels seus fills i filles, tenint en compte la nostra realitat dins el context socioeconòmic i cultural de les famílies i alumnes que en formen part.</p>
<p>Explicita els objectius, orienta l’activitat i té com a finalitat que el nostre alumnat assoleixi les competències bàsiques.</p>
<p>L&#8217;elaboració del projecte educatiu del centre és un procés fruit del treball i el debat col·lectiu. Un procés de sistematització i formulació escrita d&#8217;allò que ja és una pràctica comuna del centre.</p>
<p><a href="https://agora.xtec.cat/ceiprocafonda/wp-content/uploads/usu416/2020/04/IMG-20200129-WA0037.jpg"><img loading="lazy" decoding="async" class="alignnone wp-image-1215" src="https://agora.xtec.cat/ceiprocafonda/wp-content/uploads/usu416/2020/04/IMG-20200129-WA0037-1024x717.jpg" alt="" width="241" height="169" srcset="https://agora.xtec.cat/ceiprocafonda/wp-content/uploads/usu416/2020/04/IMG-20200129-WA0037-1024x717.jpg 1024w, https://agora.xtec.cat/ceiprocafonda/wp-content/uploads/usu416/2020/04/IMG-20200129-WA0037-300x210.jpg 300w, https://agora.xtec.cat/ceiprocafonda/wp-content/uploads/usu416/2020/04/IMG-20200129-WA0037-768x538.jpg 768w, https://agora.xtec.cat/ceiprocafonda/wp-content/uploads/usu416/2020/04/IMG-20200129-WA0037.jpg 1600w" sizes="auto, (max-width: 241px) 100vw, 241px" /></a><a href="https://agora.xtec.cat/ceiprocafonda/wp-content/uploads/usu416/2020/04/2019-04-12-17.03.56.jpg"><img loading="lazy" decoding="async" class="alignnone wp-image-1216" src="https://agora.xtec.cat/ceiprocafonda/wp-content/uploads/usu416/2020/04/2019-04-12-17.03.56-1024x615.jpg" alt="" width="271" height="163" srcset="https://agora.xtec.cat/ceiprocafonda/wp-content/uploads/usu416/2020/04/2019-04-12-17.03.56-1024x615.jpg 1024w, https://agora.xtec.cat/ceiprocafonda/wp-content/uploads/usu416/2020/04/2019-04-12-17.03.56-300x180.jpg 300w, https://agora.xtec.cat/ceiprocafonda/wp-content/uploads/usu416/2020/04/2019-04-12-17.03.56-768x461.jpg 768w" sizes="auto, (max-width: 271px) 100vw, 271px" /></a><a href="https://agora.xtec.cat/ceiprocafonda/wp-content/uploads/usu416/2020/04/IMG-20200410-WA0030.jpg"><img loading="lazy" decoding="async" class="alignnone wp-image-1218" src="https://agora.xtec.cat/ceiprocafonda/wp-content/uploads/usu416/2020/04/IMG-20200410-WA0030-1024x768.jpg" alt="" width="215" height="161" srcset="https://agora.xtec.cat/ceiprocafonda/wp-content/uploads/usu416/2020/04/IMG-20200410-WA0030-1024x768.jpg 1024w, https://agora.xtec.cat/ceiprocafonda/wp-content/uploads/usu416/2020/04/IMG-20200410-WA0030-300x225.jpg 300w, https://agora.xtec.cat/ceiprocafonda/wp-content/uploads/usu416/2020/04/IMG-20200410-WA0030-768x576.jpg 768w, https://agora.xtec.cat/ceiprocafonda/wp-content/uploads/usu416/2020/04/IMG-20200410-WA0030-200x150.jpg 200w, https://agora.xtec.cat/ceiprocafonda/wp-content/uploads/usu416/2020/04/IMG-20200410-WA0030.jpg 2016w" sizes="auto, (max-width: 215px) 100vw, 215px" /></a></p>

<p>El Projecte Educatiu de Centre (revisió 2016; cal actualitzar)  és el document que sintetitza la nostra proposta d’actuació a l’escola, recull els principals trets d’identitat, els objectius que pretenem aconseguir i l’estructura organitzativa que tenim amb la finalitat d’acompanyar les famílies en l’educació dels seus fills i filles, tenint en compte la nostra realitat dins [&hellip;]</p>
