{"id":685,"date":"2020-03-16T10:05:33","date_gmt":"2020-03-16T09:05:33","guid":{"rendered":"https:\/\/agora.xtec.cat\/ceiprocafonda\/?page_id=685"},"modified":"2025-12-10T13:27:47","modified_gmt":"2025-12-10T12:27:47","slug":"consell-escolar","status":"publish","type":"page","link":"https:\/\/agora.xtec.cat\/ceiprocafonda\/lescola\/historia\/consell-escolar\/","title":{"rendered":"Consell Escolar"},"content":{"rendered":"<h3 style=\"text-align: center;\"><img loading=\"lazy\" decoding=\"async\" class=\"size-full wp-image-687 alignright\" src=\"https:\/\/agora.xtec.cat\/ceiprocafonda\/wp-content\/uploads\/usu416\/2020\/03\/consell-escolar.png\" alt=\"\" width=\"184\" height=\"144\" \/><b> <\/b><\/h3>\n<p>&nbsp;<\/p>\n<ul>\n<li><b>Qu\u00e8 \u00e9s el consell escolar?<\/b><\/li>\n<\/ul>\n<p><span style=\"font-weight: 400;\">El consell escolar \u00e9s l&#8217;\u00f2rgan de participaci\u00f3 dels diferents sectors de la comunitat educativa en el govern dels centres,\u00a0 la programaci\u00f3, seguiment i avaluaci\u00f3 general de les activitats de l\u2019escola.\u00a0<\/span><\/p>\n<ul>\n<li><b>Qui forma el consell escolar?<\/b><\/li>\n<\/ul>\n<p><span style=\"font-weight: 400;\">El formen els representants de tota la comunitat educativa, \u00e9s a dir, direcci\u00f3, professors, fam\u00edlies, personal d&#8217;administraci\u00f3 i serveis, representant de l&#8217;administraci\u00f3 local i altres persones que el mateix consell consideri necess\u00e0ries.<\/span><\/p>\n<ul>\n<li><b>Quina \u00e9s la funci\u00f3 del consell escolar?<\/b><\/li>\n<\/ul>\n<p><span style=\"font-weight: 400;\">La funci\u00f3 principal del consell escolar \u00e9s la de debatre i participar en la presa de decisions en relaci\u00f3 amb aquells temes importants per al funcionament i l\u2019organitzaci\u00f3 del centre: el projecte educatiu, la programaci\u00f3 general i la mem\u00f2ria anuals de centre, la carta de comprom\u00eds, les normes d&#8217;organitzaci\u00f3 i funcionament, la gesti\u00f3 econ\u00f2mica, etc.<\/span><\/p>\n<ul>\n<li><b>Composici\u00f3:<\/b><\/li>\n<\/ul>\n<table>\n<tbody>\n<tr>\n<td><b>\u00a0Directora del Centre que actua com a presidenta<\/b><\/td>\n<td><\/td>\n<\/tr>\n<tr>\n<td><b>\u00a0Cap d\u2019estudis<\/b><\/td>\n<td><\/td>\n<\/tr>\n<tr>\n<td><b>\u00a0Representants de mestres elegits pel Claustre<\/b><\/td>\n<td><\/td>\n<\/tr>\n<tr>\n<td><b>\u00a0Representants sector fam\u00edlies dels alumnes<\/b><\/td>\n<td><\/td>\n<\/tr>\n<tr>\n<td><b>\u00a0Representant del PAS<\/b><\/td>\n<td><\/td>\n<\/tr>\n<tr>\n<td><b>\u00a0Representant de l\u2019AFA<\/b><\/td>\n<td><\/td>\n<\/tr>\n<tr>\n<td><b>\u00a0Representant de l\u2019Ajuntament<\/b><\/td>\n<td><\/td>\n<\/tr>\n<tr>\n<td><b>\u00a0Secret\u00e0ria<\/b><\/td>\n<td><\/td>\n<\/tr>\n<\/tbody>\n<\/table>\n<p>&nbsp;<\/p>\n<ul style=\"list-style-type: disc;\">\n<li><b>Per qu\u00e8 \u00e9s important que les fam\u00edlies participin en el consell escolar?\u00a0<\/b><\/li>\n<\/ul>\n<p><span style=\"font-weight: 400;\">Els professionals dels centres i les fam\u00edlies compartim un objectiu: l\u2019\u00e8xit educatiu dels fills. Les decisions que es prenen al consell escolar s\u00f3n decisives per al funcionament i la millora del centre i, per tant, tamb\u00e9 per a l\u2019\u00e8xit educatiu de tots els alumnes. \u00c9s per aquest motiu que la participaci\u00f3 i implicaci\u00f3 de les fam\u00edlies en el consell escolar \u00e9s tan important.<\/span><\/p>\n<ul style=\"list-style-type: disc;\">\n<li><b>Qu\u00e8 vol dir ser representant dels pares i mares al consell escolar?\u00a0<\/b><\/li>\n<\/ul>\n<p><span style=\"font-weight: 400;\">Els consells escolars de centre permeten la participaci\u00f3 de les fam\u00edlies en el govern dels centres.<\/span><\/p>\n<p><span style=\"font-weight: 400;\">Les mares i pares representants al consell opinen, aproven, avaluen i elaboren propostes per a la millora del funcionament del centre educatiu.<\/span><\/p>\n<p><span style=\"font-weight: 400;\">La seva participaci\u00f3 en el consell escolar vol dir, tamb\u00e9, fer una tasca de representaci\u00f3. Aix\u00f2 significa que, com a membres del consell, la seva participaci\u00f3 no \u00e9s a t\u00edtol individual sin\u00f3 en representaci\u00f3 de totes les fam\u00edlies, donant veu a les seves peticions, preocupacions i iniciatives.<\/span><\/p>\n<p><span style=\"font-weight: 400;\">Per aquest motiu han d\u2019informar la resta de mares i pares o tutors legals sobre tots els assumptes que es tracten en el consell, per\u00f2 tamb\u00e9 han de recollir les propostes i opinions de la resta de fam\u00edlies i portar-les al consell escolar.<\/span><\/p>\n<ul>\n<li><b>Acords del consell escolar<\/b><\/li>\n<\/ul>\n<table style=\"border-collapse: collapse; width: 100%;\">\n<tbody>\n<tr>\n<td style=\"width: 13.3793%;\"><strong>DATA<\/strong><\/td>\n<td style=\"width: 86.6207%;\"><strong>ACORDS<\/strong><\/td>\n<\/tr>\n<tr>\n<td style=\"width: 13.3793%;\"><strong>13 de gener del 2025<\/strong><\/td>\n<td style=\"width: 86.6207%;\">\n<ul>\n<li>Aprovaci\u00f3 de la Liquidaci\u00f3 de l&#8217;exercici 2023<\/li>\n<li>Aprovaci\u00f3 del Pressupost de l&#8217;exercici 2024<\/li>\n<li>Aprovaci\u00f3 de les NOFC 2024-25<\/li>\n<li>Informaci\u00f3 sobre les diferents activitats festives del 2n trimestre i la jornada de portes obertes<\/li>\n<\/ul>\n<\/td>\n<\/tr>\n<tr>\n<td style=\"width: 13.3793%;\"><strong>14 d&#8217;octubre del 2024<\/strong><\/td>\n<td style=\"width: 86.6207%;\">\n<ul>\n<li>Informacions i novetats del curs 2024-25<\/li>\n<li>Informaci\u00f3 matr\u00edcula<\/li>\n<li>Aprovaci\u00f3 mem\u00f2ria Anual 2023-24<\/li>\n<li>Aprovaci\u00f3 PGA 2024-25<\/li>\n<\/ul>\n<\/td>\n<\/tr>\n<tr>\n<td style=\"width: 13.3793%;\"><strong>17 de\u00a0 juny del 2024<\/strong><\/td>\n<td style=\"width: 86.6207%;\">\n<ul>\n<li>Valoracions activitats 3r trimestre<\/li>\n<li>Calendari escolar 24-25 i aprovaci\u00f3 jornada intensiva i entrada esglaonada I3<\/li>\n<li>Informaci\u00f3 &#8220;val escolar&#8221;<\/li>\n<li>Informacions Casal d&#8217;estiu<\/li>\n<\/ul>\n<\/td>\n<\/tr>\n<tr>\n<td style=\"width: 13.3793%;\"><strong>8 d&#8217;abril del 2024<\/strong><\/td>\n<td style=\"width: 86.6207%;\">\n<ul>\n<li>Valoraci\u00f3 de les activitats per festivitats del 2n trimestre<\/li>\n<li>Valoraci\u00f3 i dades de portes obertes i preinscripcions<\/li>\n<\/ul>\n<\/td>\n<\/tr>\n<tr>\n<td style=\"width: 13.3793%;\"><strong>15 de gener del 2024<\/strong><\/td>\n<td style=\"width: 86.6207%;\">\n<ul>\n<li>Aprovaci\u00f3 de la Liquidaci\u00f3 de l&#8217;exercici 2023<\/li>\n<li>Aprovaci\u00f3 del Pressupost de l&#8217;exercici 2024<\/li>\n<li>Informaci\u00f3 sobre la jornada de portes obertes<\/li>\n<li>Informaci\u00f3 sobre la fireta &#8220;un tomb pel m\u00f3n&#8221;<\/li>\n<\/ul>\n<\/td>\n<\/tr>\n<\/tbody>\n<\/table>\n<p>&nbsp;<\/p>\n","protected":false},"excerpt":{"rendered":"<p>&nbsp; Qu\u00e8 \u00e9s el consell escolar? El consell escolar \u00e9s l&#8217;\u00f2rgan de participaci\u00f3 dels diferents sectors de la comunitat educativa en el govern dels centres,\u00a0 la programaci\u00f3, seguiment i avaluaci\u00f3 general de les activitats de l\u2019escola.\u00a0 Qui forma el consell escolar? El formen els representants de tota la comunitat educativa, \u00e9s a dir, direcci\u00f3, professors, [&hellip;]<\/p>\n","protected":false},"author":1,"featured_media":0,"parent":26,"menu_order":4,"comment_status":"closed","ping_status":"closed","template":"page-templates\/side-menu.php","meta":{"_bbp_topic_count":0,"_bbp_reply_count":0,"_bbp_total_topic_count":0,"_bbp_total_reply_count":0,"_bbp_voice_count":0,"_bbp_anonymous_reply_count":0,"_bbp_topic_count_hidden":0,"_bbp_reply_count_hidden":0,"_bbp_forum_subforum_count":0,"site-sidebar-layout":"default","site-content-layout":"","ast-site-content-layout":"","site-content-style":"default","site-sidebar-style":"default","ast-global-header-display":"","ast-banner-title-visibility":"","ast-main-header-display":"","ast-hfb-above-header-display":"","ast-hfb-below-header-display":"","ast-hfb-mobile-header-display":"","site-post-title":"","ast-breadcrumbs-content":"","ast-featured-img":"","footer-sml-layout":"","theme-transparent-header-meta":"","adv-header-id-meta":"","stick-header-meta":"","header-above-stick-meta":"","header-main-stick-meta":"","header-below-stick-meta":"","astra-migrate-meta-layouts":"default","ast-page-background-enabled":"default","ast-page-background-meta":{"desktop":{"background-color":"var(--ast-global-color-4)","background-image":"","background-repeat":"repeat","background-position":"center center","background-size":"auto","background-attachment":"scroll","background-type":"","background-media":"","overlay-type":"","overlay-color":"","overlay-opacity":"","overlay-gradient":""},"tablet":{"background-color":"","background-image":"","background-repeat":"repeat","background-position":"center center","background-size":"auto","background-attachment":"scroll","background-type":"","background-media":"","overlay-type":"","overlay-color":"","overlay-opacity":"","overlay-gradient":""},"mobile":{"background-color":"","background-image":"","background-repeat":"repeat","background-position":"center center","background-size":"auto","background-attachment":"scroll","background-type":"","background-media":"","overlay-type":"","overlay-color":"","overlay-opacity":"","overlay-gradient":""}},"ast-content-background-meta":{"desktop":{"background-color":"var(--ast-global-color-5)","background-image":"","background-repeat":"repeat","background-position":"center center","background-size":"auto","background-attachment":"scroll","background-type":"","background-media":"","overlay-type":"","overlay-color":"","overlay-opacity":"","overlay-gradient":""},"tablet":{"background-color":"var(--ast-global-color-5)","background-image":"","background-repeat":"repeat","background-position":"center center","background-size":"auto","background-attachment":"scroll","background-type":"","background-media":"","overlay-type":"","overlay-color":"","overlay-opacity":"","overlay-gradient":""},"mobile":{"background-color":"var(--ast-global-color-5)","background-image":"","background-repeat":"repeat","background-position":"center center","background-size":"auto","background-attachment":"scroll","background-type":"","background-media":"","overlay-type":"","overlay-color":"","overlay-opacity":"","overlay-gradient":""}},"footnotes":""},"class_list":["post-685","page","type-page","status-publish","hentry"],"post_mailing_queue_ids":[],"_links":{"self":[{"href":"https:\/\/agora.xtec.cat\/ceiprocafonda\/wp-json\/wp\/v2\/pages\/685","targetHints":{"allow":["GET"]}}],"collection":[{"href":"https:\/\/agora.xtec.cat\/ceiprocafonda\/wp-json\/wp\/v2\/pages"}],"about":[{"href":"https:\/\/agora.xtec.cat\/ceiprocafonda\/wp-json\/wp\/v2\/types\/page"}],"author":[{"embeddable":true,"href":"https:\/\/agora.xtec.cat\/ceiprocafonda\/wp-json\/wp\/v2\/users\/1"}],"replies":[{"embeddable":true,"href":"https:\/\/agora.xtec.cat\/ceiprocafonda\/wp-json\/wp\/v2\/comments?post=685"}],"version-history":[{"count":6,"href":"https:\/\/agora.xtec.cat\/ceiprocafonda\/wp-json\/wp\/v2\/pages\/685\/revisions"}],"predecessor-version":[{"id":18692,"href":"https:\/\/agora.xtec.cat\/ceiprocafonda\/wp-json\/wp\/v2\/pages\/685\/revisions\/18692"}],"up":[{"embeddable":true,"href":"https:\/\/agora.xtec.cat\/ceiprocafonda\/wp-json\/wp\/v2\/pages\/26"}],"wp:attachment":[{"href":"https:\/\/agora.xtec.cat\/ceiprocafonda\/wp-json\/wp\/v2\/media?parent=685"}],"curies":[{"name":"wp","href":"https:\/\/api.w.org\/{rel}","templated":true}]}}

<h3 style="text-align: center;"><img loading="lazy" decoding="async" class="size-full wp-image-687 alignright" src="https://agora.xtec.cat/ceiprocafonda/wp-content/uploads/usu416/2020/03/consell-escolar.png" alt="" width="184" height="144" /><b> </b></h3>
<p>&nbsp;</p>
<ul>
<li><b>Què és el consell escolar?</b></li>
</ul>
<p><span style="font-weight: 400;">El consell escolar és l&#8217;òrgan de participació dels diferents sectors de la comunitat educativa en el govern dels centres,  la programació, seguiment i avaluació general de les activitats de l’escola. </span></p>
<ul>
<li><b>Qui forma el consell escolar?</b></li>
</ul>
<p><span style="font-weight: 400;">El formen els representants de tota la comunitat educativa, és a dir, direcció, professors, famílies, personal d&#8217;administració i serveis, representant de l&#8217;administració local i altres persones que el mateix consell consideri necessàries.</span></p>
<ul>
<li><b>Quina és la funció del consell escolar?</b></li>
</ul>
<p><span style="font-weight: 400;">La funció principal del consell escolar és la de debatre i participar en la presa de decisions en relació amb aquells temes importants per al funcionament i l’organització del centre: el projecte educatiu, la programació general i la memòria anuals de centre, la carta de compromís, les normes d&#8217;organització i funcionament, la gestió econòmica, etc.</span></p>
<ul>
<li><b>Composició:</b></li>
</ul>
<table>
<tbody>
<tr>
<td><b> Directora del Centre que actua com a presidenta</b></td>
<td></td>
</tr>
<tr>
<td><b> Cap d’estudis</b></td>
<td></td>
</tr>
<tr>
<td><b> Representants de mestres elegits pel Claustre</b></td>
<td></td>
</tr>
<tr>
<td><b> Representants sector famílies dels alumnes</b></td>
<td></td>
</tr>
<tr>
<td><b> Representant del PAS</b></td>
<td></td>
</tr>
<tr>
<td><b> Representant de l’AFA</b></td>
<td></td>
</tr>
<tr>
<td><b> Representant de l’Ajuntament</b></td>
<td></td>
</tr>
<tr>
<td><b> Secretària</b></td>
<td></td>
</tr>
</tbody>
</table>
<p>&nbsp;</p>
<ul style="list-style-type: disc;">
<li><b>Per què és important que les famílies participin en el consell escolar? </b></li>
</ul>
<p><span style="font-weight: 400;">Els professionals dels centres i les famílies compartim un objectiu: l’èxit educatiu dels fills. Les decisions que es prenen al consell escolar són decisives per al funcionament i la millora del centre i, per tant, també per a l’èxit educatiu de tots els alumnes. És per aquest motiu que la participació i implicació de les famílies en el consell escolar és tan important.</span></p>
<ul style="list-style-type: disc;">
<li><b>Què vol dir ser representant dels pares i mares al consell escolar? </b></li>
</ul>
<p><span style="font-weight: 400;">Els consells escolars de centre permeten la participació de les famílies en el govern dels centres.</span></p>
<p><span style="font-weight: 400;">Les mares i pares representants al consell opinen, aproven, avaluen i elaboren propostes per a la millora del funcionament del centre educatiu.</span></p>
<p><span style="font-weight: 400;">La seva participació en el consell escolar vol dir, també, fer una tasca de representació. Això significa que, com a membres del consell, la seva participació no és a títol individual sinó en representació de totes les famílies, donant veu a les seves peticions, preocupacions i iniciatives.</span></p>
<p><span style="font-weight: 400;">Per aquest motiu han d’informar la resta de mares i pares o tutors legals sobre tots els assumptes que es tracten en el consell, però també han de recollir les propostes i opinions de la resta de famílies i portar-les al consell escolar.</span></p>
<ul>
<li><b>Acords del consell escolar</b></li>
</ul>
<table style="border-collapse: collapse; width: 100%;">
<tbody>
<tr>
<td style="width: 13.3793%;"><strong>DATA</strong></td>
<td style="width: 86.6207%;"><strong>ACORDS</strong></td>
</tr>
<tr>
<td style="width: 13.3793%;"><strong>13 de gener del 2025</strong></td>
<td style="width: 86.6207%;">
<ul>
<li>Aprovació de la Liquidació de l&#8217;exercici 2023</li>
<li>Aprovació del Pressupost de l&#8217;exercici 2024</li>
<li>Aprovació de les NOFC 2024-25</li>
<li>Informació sobre les diferents activitats festives del 2n trimestre i la jornada de portes obertes</li>
</ul>
</td>
</tr>
<tr>
<td style="width: 13.3793%;"><strong>14 d&#8217;octubre del 2024</strong></td>
<td style="width: 86.6207%;">
<ul>
<li>Informacions i novetats del curs 2024-25</li>
<li>Informació matrícula</li>
<li>Aprovació memòria Anual 2023-24</li>
<li>Aprovació PGA 2024-25</li>
</ul>
</td>
</tr>
<tr>
<td style="width: 13.3793%;"><strong>17 de  juny del 2024</strong></td>
<td style="width: 86.6207%;">
<ul>
<li>Valoracions activitats 3r trimestre</li>
<li>Calendari escolar 24-25 i aprovació jornada intensiva i entrada esglaonada I3</li>
<li>Informació &#8220;val escolar&#8221;</li>
<li>Informacions Casal d&#8217;estiu</li>
</ul>
</td>
</tr>
<tr>
<td style="width: 13.3793%;"><strong>8 d&#8217;abril del 2024</strong></td>
<td style="width: 86.6207%;">
<ul>
<li>Valoració de les activitats per festivitats del 2n trimestre</li>
<li>Valoració i dades de portes obertes i preinscripcions</li>
</ul>
</td>
</tr>
<tr>
<td style="width: 13.3793%;"><strong>15 de gener del 2024</strong></td>
<td style="width: 86.6207%;">
<ul>
<li>Aprovació de la Liquidació de l&#8217;exercici 2023</li>
<li>Aprovació del Pressupost de l&#8217;exercici 2024</li>
<li>Informació sobre la jornada de portes obertes</li>
<li>Informació sobre la fireta &#8220;un tomb pel món&#8221;</li>
</ul>
</td>
</tr>
</tbody>
</table>
<p>&nbsp;</p>

<p>&nbsp; Què és el consell escolar? El consell escolar és l&#8217;òrgan de participació dels diferents sectors de la comunitat educativa en el govern dels centres,  la programació, seguiment i avaluació general de les activitats de l’escola.  Qui forma el consell escolar? El formen els representants de tota la comunitat educativa, és a dir, direcció, professors, [&hellip;]</p>
