{"id":562,"date":"2019-05-08T16:29:19","date_gmt":"2019-05-08T14:29:19","guid":{"rendered":"https:\/\/agora.xtec.cat\/ceiprocafonda\/?page_id=562"},"modified":"2023-02-06T11:02:06","modified_gmt":"2023-02-06T10:02:06","slug":"oferta-educativa-2","status":"publish","type":"page","link":"https:\/\/agora.xtec.cat\/ceiprocafonda\/lescola\/oferta-educativa-2\/","title":{"rendered":"Oferta educativa"},"content":{"rendered":"<p>L\u2019escola \u00e9s de titularitat p\u00fablica, depenent del Departament d&#8217;Educaci\u00f3 de la Generalitat de Catalunya i catalogada com a centre de m\u00e0xima complexitat (tipologia C).<\/p>\n<p>Pel que fa al manteniment, \u00e9s l&#8217;Ajuntament qui en t\u00e9 la responsabilitat. L&#8217;escola est\u00e0 situada a Matar\u00f3, carrer ciutat de T\u00e0rrega, 41 i acull dos etapes educatives: infantil i prim\u00e0ria, de 3 a 12 anys.<\/p>\n<p>L&#8217;escola consta de 18 unitats, dues l\u00ednies des d&#8217;Educaci\u00f3 Infantil fins a sis\u00e8 de Prim\u00e0ria. Internament ens organitzem en 3 cicles: Educaci\u00f3 Infantil (I3, I4, I5), Inicial i mitj\u00e0 (1r, 2n, 3r) i Superior (4t, 5\u00e8, 6\u00e8), per tal de facilitar la coordinaci\u00f3 i el treball en grup.<\/p>\n<p>&nbsp;<\/p>\n<p><a href=\"https:\/\/agora.xtec.cat\/ceiprocafonda\/wp-content\/uploads\/usu416\/2020\/04\/IMG-20190912-WA0000.jpg\"><img loading=\"lazy\" decoding=\"async\" class=\"alignnone size-large wp-image-1248\" src=\"https:\/\/agora.xtec.cat\/ceiprocafonda\/wp-content\/uploads\/usu416\/2020\/04\/IMG-20190912-WA0000-1024x724.jpg\" alt=\"\" width=\"1024\" height=\"724\" srcset=\"https:\/\/agora.xtec.cat\/ceiprocafonda\/wp-content\/uploads\/usu416\/2020\/04\/IMG-20190912-WA0000-1024x724.jpg 1024w, https:\/\/agora.xtec.cat\/ceiprocafonda\/wp-content\/uploads\/usu416\/2020\/04\/IMG-20190912-WA0000-300x212.jpg 300w, https:\/\/agora.xtec.cat\/ceiprocafonda\/wp-content\/uploads\/usu416\/2020\/04\/IMG-20190912-WA0000-768x543.jpg 768w, https:\/\/agora.xtec.cat\/ceiprocafonda\/wp-content\/uploads\/usu416\/2020\/04\/IMG-20190912-WA0000.jpg 1357w\" sizes=\"auto, (max-width: 1024px) 100vw, 1024px\" \/><\/a><\/p>\n<p>&nbsp;<\/p>\n","protected":false},"excerpt":{"rendered":"<p>L\u2019escola \u00e9s de titularitat p\u00fablica, depenent del Departament d&#8217;Educaci\u00f3 de la Generalitat de Catalunya i catalogada com a centre de m\u00e0xima complexitat (tipologia C). Pel que fa al manteniment, \u00e9s l&#8217;Ajuntament qui en t\u00e9 la responsabilitat. L&#8217;escola est\u00e0 situada a Matar\u00f3, carrer ciutat de T\u00e0rrega, 41 i acull dos etapes educatives: infantil i prim\u00e0ria, de [&hellip;]<\/p>\n","protected":false},"author":1,"featured_media":0,"parent":22,"menu_order":7,"comment_status":"closed","ping_status":"closed","template":"page-templates\/side-menu.php","meta":{"_bbp_topic_count":0,"_bbp_reply_count":0,"_bbp_total_topic_count":0,"_bbp_total_reply_count":0,"_bbp_voice_count":0,"_bbp_anonymous_reply_count":0,"_bbp_topic_count_hidden":0,"_bbp_reply_count_hidden":0,"_bbp_forum_subforum_count":0,"site-sidebar-layout":"default","site-content-layout":"","ast-site-content-layout":"","site-content-style":"default","site-sidebar-style":"default","ast-global-header-display":"","ast-banner-title-visibility":"","ast-main-header-display":"","ast-hfb-above-header-display":"","ast-hfb-below-header-display":"","ast-hfb-mobile-header-display":"","site-post-title":"","ast-breadcrumbs-content":"","ast-featured-img":"","footer-sml-layout":"","theme-transparent-header-meta":"","adv-header-id-meta":"","stick-header-meta":"","header-above-stick-meta":"","header-main-stick-meta":"","header-below-stick-meta":"","astra-migrate-meta-layouts":"default","ast-page-background-enabled":"default","ast-page-background-meta":{"desktop":{"background-color":"var(--ast-global-color-4)","background-image":"","background-repeat":"repeat","background-position":"center center","background-size":"auto","background-attachment":"scroll","background-type":"","background-media":"","overlay-type":"","overlay-color":"","overlay-opacity":"","overlay-gradient":""},"tablet":{"background-color":"","background-image":"","background-repeat":"repeat","background-position":"center center","background-size":"auto","background-attachment":"scroll","background-type":"","background-media":"","overlay-type":"","overlay-color":"","overlay-opacity":"","overlay-gradient":""},"mobile":{"background-color":"","background-image":"","background-repeat":"repeat","background-position":"center center","background-size":"auto","background-attachment":"scroll","background-type":"","background-media":"","overlay-type":"","overlay-color":"","overlay-opacity":"","overlay-gradient":""}},"ast-content-background-meta":{"desktop":{"background-color":"var(--ast-global-color-5)","background-image":"","background-repeat":"repeat","background-position":"center center","background-size":"auto","background-attachment":"scroll","background-type":"","background-media":"","overlay-type":"","overlay-color":"","overlay-opacity":"","overlay-gradient":""},"tablet":{"background-color":"var(--ast-global-color-5)","background-image":"","background-repeat":"repeat","background-position":"center center","background-size":"auto","background-attachment":"scroll","background-type":"","background-media":"","overlay-type":"","overlay-color":"","overlay-opacity":"","overlay-gradient":""},"mobile":{"background-color":"var(--ast-global-color-5)","background-image":"","background-repeat":"repeat","background-position":"center center","background-size":"auto","background-attachment":"scroll","background-type":"","background-media":"","overlay-type":"","overlay-color":"","overlay-opacity":"","overlay-gradient":""}},"footnotes":""},"class_list":["post-562","page","type-page","status-publish","hentry"],"post_mailing_queue_ids":[],"_links":{"self":[{"href":"https:\/\/agora.xtec.cat\/ceiprocafonda\/wp-json\/wp\/v2\/pages\/562","targetHints":{"allow":["GET"]}}],"collection":[{"href":"https:\/\/agora.xtec.cat\/ceiprocafonda\/wp-json\/wp\/v2\/pages"}],"about":[{"href":"https:\/\/agora.xtec.cat\/ceiprocafonda\/wp-json\/wp\/v2\/types\/page"}],"author":[{"embeddable":true,"href":"https:\/\/agora.xtec.cat\/ceiprocafonda\/wp-json\/wp\/v2\/users\/1"}],"replies":[{"embeddable":true,"href":"https:\/\/agora.xtec.cat\/ceiprocafonda\/wp-json\/wp\/v2\/comments?post=562"}],"version-history":[{"count":3,"href":"https:\/\/agora.xtec.cat\/ceiprocafonda\/wp-json\/wp\/v2\/pages\/562\/revisions"}],"predecessor-version":[{"id":10434,"href":"https:\/\/agora.xtec.cat\/ceiprocafonda\/wp-json\/wp\/v2\/pages\/562\/revisions\/10434"}],"up":[{"embeddable":true,"href":"https:\/\/agora.xtec.cat\/ceiprocafonda\/wp-json\/wp\/v2\/pages\/22"}],"wp:attachment":[{"href":"https:\/\/agora.xtec.cat\/ceiprocafonda\/wp-json\/wp\/v2\/media?parent=562"}],"curies":[{"name":"wp","href":"https:\/\/api.w.org\/{rel}","templated":true}]}}

<p>L’escola és de titularitat pública, depenent del Departament d&#8217;Educació de la Generalitat de Catalunya i catalogada com a centre de màxima complexitat (tipologia C).</p>
<p>Pel que fa al manteniment, és l&#8217;Ajuntament qui en té la responsabilitat. L&#8217;escola està situada a Mataró, carrer ciutat de Tàrrega, 41 i acull dos etapes educatives: infantil i primària, de 3 a 12 anys.</p>
<p>L&#8217;escola consta de 18 unitats, dues línies des d&#8217;Educació Infantil fins a sisè de Primària. Internament ens organitzem en 3 cicles: Educació Infantil (I3, I4, I5), Inicial i mitjà (1r, 2n, 3r) i Superior (4t, 5è, 6è), per tal de facilitar la coordinació i el treball en grup.</p>
<p>&nbsp;</p>
<p><a href="https://agora.xtec.cat/ceiprocafonda/wp-content/uploads/usu416/2020/04/IMG-20190912-WA0000.jpg"><img loading="lazy" decoding="async" class="alignnone size-large wp-image-1248" src="https://agora.xtec.cat/ceiprocafonda/wp-content/uploads/usu416/2020/04/IMG-20190912-WA0000-1024x724.jpg" alt="" width="1024" height="724" srcset="https://agora.xtec.cat/ceiprocafonda/wp-content/uploads/usu416/2020/04/IMG-20190912-WA0000-1024x724.jpg 1024w, https://agora.xtec.cat/ceiprocafonda/wp-content/uploads/usu416/2020/04/IMG-20190912-WA0000-300x212.jpg 300w, https://agora.xtec.cat/ceiprocafonda/wp-content/uploads/usu416/2020/04/IMG-20190912-WA0000-768x543.jpg 768w, https://agora.xtec.cat/ceiprocafonda/wp-content/uploads/usu416/2020/04/IMG-20190912-WA0000.jpg 1357w" sizes="auto, (max-width: 1024px) 100vw, 1024px" /></a></p>
<p>&nbsp;</p>

<p>L’escola és de titularitat pública, depenent del Departament d&#8217;Educació de la Generalitat de Catalunya i catalogada com a centre de màxima complexitat (tipologia C). Pel que fa al manteniment, és l&#8217;Ajuntament qui en té la responsabilitat. L&#8217;escola està situada a Mataró, carrer ciutat de Tàrrega, 41 i acull dos etapes educatives: infantil i primària, de [&hellip;]</p>
