{"id":38,"date":"2014-09-18T12:34:08","date_gmt":"2014-09-18T10:34:08","guid":{"rendered":"http:\/\/agora.xtec.cat\/ceiprocafonda\/?page_id=38"},"modified":"2025-12-03T13:34:13","modified_gmt":"2025-12-03T12:34:13","slug":"equip-huma","status":"publish","type":"page","link":"https:\/\/agora.xtec.cat\/ceiprocafonda\/lescola\/historia\/equip-huma\/","title":{"rendered":"Equip Hum\u00e0"},"content":{"rendered":"<h3 style=\"text-align: center;\"><strong>EQUIP DE MESTRES CURS 2025-2026<\/strong><\/h3>\n<p>&nbsp;<\/p>\n<p><span style=\"font-weight: 400;\">El nostre equip hum\u00e0, est\u00e0 format per personal qualificat i plenament implicat a la seva pr\u00e0ctica educativa, tot respectant i potenciant el proc\u00e9s personal de cada alumne per ajudar-los a desenvolupar-se de forma integral.<\/span><\/p>\n<p><span style=\"font-weight: 400;\">Fidels al seu comprom\u00eds, col\u00b7laboren amb les fam\u00edlies, ajuden als alumnes a ser persones cr\u00edtiques vers al seu entorn i participen en la formaci\u00f3 de persones solid\u00e0ries i defensores dels drets humans.<\/span><\/p>\n<p>&nbsp;<\/p>\n<p><a style=\"font-family: inherit; font-size: 1.375em; font-weight: bold;\" href=\"https:\/\/agora.xtec.cat\/ceiprocafonda\/wp-content\/uploads\/usu416\/2023\/10\/Organigrama-ESCOLA.pdf\">Organigrama de l&#8217;ESCOLA<\/a><\/p>\n<h3><\/h3>\n<p>&nbsp;<\/p>\n<h3><b>Equip Directiu<\/b><\/h3>\n<p><span style=\"font-weight: 400;\">L\u2019equip directiu\u00a0el componen la directora, la secret\u00e0ria i la cap d\u2019estudis.\u00a0<\/span><\/p>\n<ul>\n<li style=\"font-weight: 400;\"><b>La Directora<\/b><span style=\"font-weight: 400;\"> \u00e9s l\u2019encarregada del funcionament i organitzaci\u00f3 del centre educatiu i de la gesti\u00f3 del projecte de direcci\u00f3.<\/span><\/li>\n<li style=\"font-weight: 400;\"><b>La cap d\u2019estudis<\/b><span style=\"font-weight: 400;\"> \u00c9s la persona responsable de planificar i gestionar les activitats del centre, com poden ser l\u2019elaboraci\u00f3 dels horaris, la planificaci\u00f3 dels processos d\u2019acollida i altres activitats del centre i d\u2019atenci\u00f3 als alumnes.<\/span><\/li>\n<li style=\"font-weight: 400;\"><b>La secret\u00e0ria<\/b><span style=\"font-weight: 400;\"> \u00c9s la persona responsable de les tasques relacionades amb la gesti\u00f3 econ\u00f2mica del centre, de la documentaci\u00f3 acad\u00e8mica i administrativa i dels recursos materials.<\/span><\/li>\n<\/ul>\n<p>&nbsp;<\/p>\n","protected":false},"excerpt":{"rendered":"<p>EQUIP DE MESTRES CURS 2025-2026 &nbsp; El nostre equip hum\u00e0, est\u00e0 format per personal qualificat i plenament implicat a la seva pr\u00e0ctica educativa, tot respectant i potenciant el proc\u00e9s personal de cada alumne per ajudar-los a desenvolupar-se de forma integral. Fidels al seu comprom\u00eds, col\u00b7laboren amb les fam\u00edlies, ajuden als alumnes a ser persones cr\u00edtiques [&hellip;]<\/p>\n","protected":false},"author":1,"featured_media":0,"parent":26,"menu_order":3,"comment_status":"closed","ping_status":"closed","template":"page-templates\/side-menu.php","meta":{"_bbp_topic_count":0,"_bbp_reply_count":0,"_bbp_total_topic_count":0,"_bbp_total_reply_count":0,"_bbp_voice_count":0,"_bbp_anonymous_reply_count":0,"_bbp_topic_count_hidden":0,"_bbp_reply_count_hidden":0,"_bbp_forum_subforum_count":0,"site-sidebar-layout":"default","site-content-layout":"","ast-site-content-layout":"","site-content-style":"default","site-sidebar-style":"default","ast-global-header-display":"","ast-banner-title-visibility":"","ast-main-header-display":"","ast-hfb-above-header-display":"","ast-hfb-below-header-display":"","ast-hfb-mobile-header-display":"","site-post-title":"","ast-breadcrumbs-content":"","ast-featured-img":"","footer-sml-layout":"","theme-transparent-header-meta":"","adv-header-id-meta":"","stick-header-meta":"","header-above-stick-meta":"","header-main-stick-meta":"","header-below-stick-meta":"","astra-migrate-meta-layouts":"default","ast-page-background-enabled":"default","ast-page-background-meta":{"desktop":{"background-color":"var(--ast-global-color-4)","background-image":"","background-repeat":"repeat","background-position":"center center","background-size":"auto","background-attachment":"scroll","background-type":"","background-media":"","overlay-type":"","overlay-color":"","overlay-opacity":"","overlay-gradient":""},"tablet":{"background-color":"","background-image":"","background-repeat":"repeat","background-position":"center center","background-size":"auto","background-attachment":"scroll","background-type":"","background-media":"","overlay-type":"","overlay-color":"","overlay-opacity":"","overlay-gradient":""},"mobile":{"background-color":"","background-image":"","background-repeat":"repeat","background-position":"center center","background-size":"auto","background-attachment":"scroll","background-type":"","background-media":"","overlay-type":"","overlay-color":"","overlay-opacity":"","overlay-gradient":""}},"ast-content-background-meta":{"desktop":{"background-color":"var(--ast-global-color-5)","background-image":"","background-repeat":"repeat","background-position":"center center","background-size":"auto","background-attachment":"scroll","background-type":"","background-media":"","overlay-type":"","overlay-color":"","overlay-opacity":"","overlay-gradient":""},"tablet":{"background-color":"var(--ast-global-color-5)","background-image":"","background-repeat":"repeat","background-position":"center center","background-size":"auto","background-attachment":"scroll","background-type":"","background-media":"","overlay-type":"","overlay-color":"","overlay-opacity":"","overlay-gradient":""},"mobile":{"background-color":"var(--ast-global-color-5)","background-image":"","background-repeat":"repeat","background-position":"center center","background-size":"auto","background-attachment":"scroll","background-type":"","background-media":"","overlay-type":"","overlay-color":"","overlay-opacity":"","overlay-gradient":""}},"footnotes":""},"class_list":["post-38","page","type-page","status-publish","hentry"],"post_mailing_queue_ids":[],"_links":{"self":[{"href":"https:\/\/agora.xtec.cat\/ceiprocafonda\/wp-json\/wp\/v2\/pages\/38","targetHints":{"allow":["GET"]}}],"collection":[{"href":"https:\/\/agora.xtec.cat\/ceiprocafonda\/wp-json\/wp\/v2\/pages"}],"about":[{"href":"https:\/\/agora.xtec.cat\/ceiprocafonda\/wp-json\/wp\/v2\/types\/page"}],"author":[{"embeddable":true,"href":"https:\/\/agora.xtec.cat\/ceiprocafonda\/wp-json\/wp\/v2\/users\/1"}],"replies":[{"embeddable":true,"href":"https:\/\/agora.xtec.cat\/ceiprocafonda\/wp-json\/wp\/v2\/comments?post=38"}],"version-history":[{"count":6,"href":"https:\/\/agora.xtec.cat\/ceiprocafonda\/wp-json\/wp\/v2\/pages\/38\/revisions"}],"predecessor-version":[{"id":18684,"href":"https:\/\/agora.xtec.cat\/ceiprocafonda\/wp-json\/wp\/v2\/pages\/38\/revisions\/18684"}],"up":[{"embeddable":true,"href":"https:\/\/agora.xtec.cat\/ceiprocafonda\/wp-json\/wp\/v2\/pages\/26"}],"wp:attachment":[{"href":"https:\/\/agora.xtec.cat\/ceiprocafonda\/wp-json\/wp\/v2\/media?parent=38"}],"curies":[{"name":"wp","href":"https:\/\/api.w.org\/{rel}","templated":true}]}}

Equip Humà

<h3 style="text-align: center;"><strong>EQUIP DE MESTRES CURS 2025-2026</strong></h3>
<p>&nbsp;</p>
<p><span style="font-weight: 400;">El nostre equip humà, està format per personal qualificat i plenament implicat a la seva pràctica educativa, tot respectant i potenciant el procés personal de cada alumne per ajudar-los a desenvolupar-se de forma integral.</span></p>
<p><span style="font-weight: 400;">Fidels al seu compromís, col·laboren amb les famílies, ajuden als alumnes a ser persones crítiques vers al seu entorn i participen en la formació de persones solidàries i defensores dels drets humans.</span></p>
<p>&nbsp;</p>
<p><a style="font-family: inherit; font-size: 1.375em; font-weight: bold;" href="https://agora.xtec.cat/ceiprocafonda/wp-content/uploads/usu416/2023/10/Organigrama-ESCOLA.pdf">Organigrama de l&#8217;ESCOLA</a></p>
<h3></h3>
<p>&nbsp;</p>
<h3><b>Equip Directiu</b></h3>
<p><span style="font-weight: 400;">L’equip directiu el componen la directora, la secretària i la cap d’estudis. </span></p>
<ul>
<li style="font-weight: 400;"><b>La Directora</b><span style="font-weight: 400;"> és l’encarregada del funcionament i organització del centre educatiu i de la gestió del projecte de direcció.</span></li>
<li style="font-weight: 400;"><b>La cap d’estudis</b><span style="font-weight: 400;"> És la persona responsable de planificar i gestionar les activitats del centre, com poden ser l’elaboració dels horaris, la planificació dels processos d’acollida i altres activitats del centre i d’atenció als alumnes.</span></li>
<li style="font-weight: 400;"><b>La secretària</b><span style="font-weight: 400;"> És la persona responsable de les tasques relacionades amb la gestió econòmica del centre, de la documentació acadèmica i administrativa i dels recursos materials.</span></li>
</ul>
<p>&nbsp;</p>

<p>EQUIP DE MESTRES CURS 2025-2026 &nbsp; El nostre equip humà, està format per personal qualificat i plenament implicat a la seva pràctica educativa, tot respectant i potenciant el procés personal de cada alumne per ajudar-los a desenvolupar-se de forma integral. Fidels al seu compromís, col·laboren amb les famílies, ajuden als alumnes a ser persones crítiques [&hellip;]</p>
