{"id":32,"date":"2014-09-18T12:31:33","date_gmt":"2014-09-18T10:31:33","guid":{"rendered":"http:\/\/agora.xtec.cat\/ceiprocafonda\/?page_id=32"},"modified":"2025-06-17T10:59:47","modified_gmt":"2025-06-17T08:59:47","slug":"calendari-del-curs","status":"publish","type":"page","link":"https:\/\/agora.xtec.cat\/ceiprocafonda\/lescola\/calendari-del-curs\/","title":{"rendered":"Calendari del curs"},"content":{"rendered":"<h4><strong>Inici de curs: 8<\/strong> de setembre de 2025<\/h4>\n<p><a href=\"https:\/\/agora.xtec.cat\/ceiprocafonda\/wp-content\/uploads\/usu416\/2025\/06\/calendari-25-26.jpg\"><img loading=\"lazy\" decoding=\"async\" class=\"alignnone size-full wp-image-18615\" src=\"https:\/\/agora.xtec.cat\/ceiprocafonda\/wp-content\/uploads\/usu416\/2025\/06\/calendari-25-26.jpg\" alt=\"\" width=\"483\" height=\"723\" srcset=\"https:\/\/agora.xtec.cat\/ceiprocafonda\/wp-content\/uploads\/usu416\/2025\/06\/calendari-25-26.jpg 483w, https:\/\/agora.xtec.cat\/ceiprocafonda\/wp-content\/uploads\/usu416\/2025\/06\/calendari-25-26-200x300.jpg 200w\" sizes=\"auto, (max-width: 483px) 100vw, 483px\" \/><\/a><\/p>\n<h4><strong>Vacances:<\/strong><\/h4>\n<p>Del 20 de desembre de 2025 al 7 de gener de 2026\u00a0 (ambd\u00f3s inclosos)<\/p>\n<p>Del 28 de mar\u00e7 al 6 d&#8217;abril de 2026 (ambd\u00f3s inclosos)<\/p>\n<p>A partir del 20 de juny de 2026<\/p>\n<h4><\/h4>\n<h4><strong>Dies festius i de lliure disposici\u00f3:<\/strong><\/h4>\n<p>11 de setembre de 2025<\/p>\n<p>3 de novembre de 2025<\/p>\n<p>5 i 8 de desembre de 2025<\/p>\n<p>16 de febrer de 2026<\/p>\n<p>13 de mar\u00e7 de 2026<\/p>\n<p>30 d&#8217;abril de 2026<\/p>\n<p>1 de maig de 2026<\/p>\n<p>25 de maig de 2026<\/p>\n<p>&nbsp;<\/p>\n<h4><strong>Jornada intensiva:<\/strong><\/h4>\n<p>19 de desembre de 2025 i del 8 al 19 de juny de\u00a0 2026 (ambd\u00f3s inclosos)<\/p>\n<p>L\u2019<b>horari lectiu<\/b>\u00a0del centre \u00e9s de 9 a 12 h (Ed. Infantil), de 9 a 13 h (Ed. Prim\u00e0ria) i de 15,00 a 17:00 h per a tots els alumnes del centre.<\/p>\n<p>El dia 19 de desembre de 2025 i a partir del 8 de juny de 2026 es realitza horari intensiu de 9 a 13 h per a l&#8217;alumnat d&#8217;infantil i de 9 a 13:30h per a l&#8217;alumnat de prim\u00e0ria. (Els alumnes que utilitzen el servei de menjador surten a les 16:00h.)<\/p>\n<p>Per als alumnes que inicien l\u2019escolaritzaci\u00f3 a I3 s\u2019organitza un breu per\u00edode d\u2019adaptaci\u00f3 que suposa una certa modificaci\u00f3 dels horaris dels tres primers dies de classe (8, 9 i 10 de setembre), i que es fa saber a les fam\u00edlies en les reunions pr\u00e8vies corresponents.<\/p>\n","protected":false},"excerpt":{"rendered":"<p>Inici de curs: 8 de setembre de 2025 Vacances: Del 20 de desembre de 2025 al 7 de gener de 2026\u00a0 (ambd\u00f3s inclosos) Del 28 de mar\u00e7 al 6 d&#8217;abril de 2026 (ambd\u00f3s inclosos) A partir del 20 de juny de 2026 Dies festius i de lliure disposici\u00f3: 11 de setembre de 2025 3 de [&hellip;]<\/p>\n","protected":false},"author":1,"featured_media":0,"parent":22,"menu_order":8,"comment_status":"closed","ping_status":"closed","template":"page-templates\/side-menu.php","meta":{"_bbp_topic_count":0,"_bbp_reply_count":0,"_bbp_total_topic_count":0,"_bbp_total_reply_count":0,"_bbp_voice_count":0,"_bbp_anonymous_reply_count":0,"_bbp_topic_count_hidden":0,"_bbp_reply_count_hidden":0,"_bbp_forum_subforum_count":0,"site-sidebar-layout":"default","site-content-layout":"","ast-site-content-layout":"","site-content-style":"default","site-sidebar-style":"default","ast-global-header-display":"","ast-banner-title-visibility":"","ast-main-header-display":"","ast-hfb-above-header-display":"","ast-hfb-below-header-display":"","ast-hfb-mobile-header-display":"","site-post-title":"","ast-breadcrumbs-content":"","ast-featured-img":"","footer-sml-layout":"","theme-transparent-header-meta":"","adv-header-id-meta":"","stick-header-meta":"","header-above-stick-meta":"","header-main-stick-meta":"","header-below-stick-meta":"","astra-migrate-meta-layouts":"default","ast-page-background-enabled":"default","ast-page-background-meta":{"desktop":{"background-color":"var(--ast-global-color-4)","background-image":"","background-repeat":"repeat","background-position":"center center","background-size":"auto","background-attachment":"scroll","background-type":"","background-media":"","overlay-type":"","overlay-color":"","overlay-opacity":"","overlay-gradient":""},"tablet":{"background-color":"","background-image":"","background-repeat":"repeat","background-position":"center center","background-size":"auto","background-attachment":"scroll","background-type":"","background-media":"","overlay-type":"","overlay-color":"","overlay-opacity":"","overlay-gradient":""},"mobile":{"background-color":"","background-image":"","background-repeat":"repeat","background-position":"center center","background-size":"auto","background-attachment":"scroll","background-type":"","background-media":"","overlay-type":"","overlay-color":"","overlay-opacity":"","overlay-gradient":""}},"ast-content-background-meta":{"desktop":{"background-color":"var(--ast-global-color-5)","background-image":"","background-repeat":"repeat","background-position":"center center","background-size":"auto","background-attachment":"scroll","background-type":"","background-media":"","overlay-type":"","overlay-color":"","overlay-opacity":"","overlay-gradient":""},"tablet":{"background-color":"var(--ast-global-color-5)","background-image":"","background-repeat":"repeat","background-position":"center center","background-size":"auto","background-attachment":"scroll","background-type":"","background-media":"","overlay-type":"","overlay-color":"","overlay-opacity":"","overlay-gradient":""},"mobile":{"background-color":"var(--ast-global-color-5)","background-image":"","background-repeat":"repeat","background-position":"center center","background-size":"auto","background-attachment":"scroll","background-type":"","background-media":"","overlay-type":"","overlay-color":"","overlay-opacity":"","overlay-gradient":""}},"footnotes":""},"class_list":["post-32","page","type-page","status-publish","hentry"],"post_mailing_queue_ids":[],"_links":{"self":[{"href":"https:\/\/agora.xtec.cat\/ceiprocafonda\/wp-json\/wp\/v2\/pages\/32","targetHints":{"allow":["GET"]}}],"collection":[{"href":"https:\/\/agora.xtec.cat\/ceiprocafonda\/wp-json\/wp\/v2\/pages"}],"about":[{"href":"https:\/\/agora.xtec.cat\/ceiprocafonda\/wp-json\/wp\/v2\/types\/page"}],"author":[{"embeddable":true,"href":"https:\/\/agora.xtec.cat\/ceiprocafonda\/wp-json\/wp\/v2\/users\/1"}],"replies":[{"embeddable":true,"href":"https:\/\/agora.xtec.cat\/ceiprocafonda\/wp-json\/wp\/v2\/comments?post=32"}],"version-history":[{"count":6,"href":"https:\/\/agora.xtec.cat\/ceiprocafonda\/wp-json\/wp\/v2\/pages\/32\/revisions"}],"predecessor-version":[{"id":18617,"href":"https:\/\/agora.xtec.cat\/ceiprocafonda\/wp-json\/wp\/v2\/pages\/32\/revisions\/18617"}],"up":[{"embeddable":true,"href":"https:\/\/agora.xtec.cat\/ceiprocafonda\/wp-json\/wp\/v2\/pages\/22"}],"wp:attachment":[{"href":"https:\/\/agora.xtec.cat\/ceiprocafonda\/wp-json\/wp\/v2\/media?parent=32"}],"curies":[{"name":"wp","href":"https:\/\/api.w.org\/{rel}","templated":true}]}}

<h4><strong>Inici de curs: 8</strong> de setembre de 2025</h4>
<p><a href="https://agora.xtec.cat/ceiprocafonda/wp-content/uploads/usu416/2025/06/calendari-25-26.jpg"><img loading="lazy" decoding="async" class="alignnone size-full wp-image-18615" src="https://agora.xtec.cat/ceiprocafonda/wp-content/uploads/usu416/2025/06/calendari-25-26.jpg" alt="" width="483" height="723" srcset="https://agora.xtec.cat/ceiprocafonda/wp-content/uploads/usu416/2025/06/calendari-25-26.jpg 483w, https://agora.xtec.cat/ceiprocafonda/wp-content/uploads/usu416/2025/06/calendari-25-26-200x300.jpg 200w" sizes="auto, (max-width: 483px) 100vw, 483px" /></a></p>
<h4><strong>Vacances:</strong></h4>
<p>Del 20 de desembre de 2025 al 7 de gener de 2026  (ambdós inclosos)</p>
<p>Del 28 de març al 6 d&#8217;abril de 2026 (ambdós inclosos)</p>
<p>A partir del 20 de juny de 2026</p>
<h4></h4>
<h4><strong>Dies festius i de lliure disposició:</strong></h4>
<p>11 de setembre de 2025</p>
<p>3 de novembre de 2025</p>
<p>5 i 8 de desembre de 2025</p>
<p>16 de febrer de 2026</p>
<p>13 de març de 2026</p>
<p>30 d&#8217;abril de 2026</p>
<p>1 de maig de 2026</p>
<p>25 de maig de 2026</p>
<p>&nbsp;</p>
<h4><strong>Jornada intensiva:</strong></h4>
<p>19 de desembre de 2025 i del 8 al 19 de juny de  2026 (ambdós inclosos)</p>
<p>L’<b>horari lectiu</b> del centre és de 9 a 12 h (Ed. Infantil), de 9 a 13 h (Ed. Primària) i de 15,00 a 17:00 h per a tots els alumnes del centre.</p>
<p>El dia 19 de desembre de 2025 i a partir del 8 de juny de 2026 es realitza horari intensiu de 9 a 13 h per a l&#8217;alumnat d&#8217;infantil i de 9 a 13:30h per a l&#8217;alumnat de primària. (Els alumnes que utilitzen el servei de menjador surten a les 16:00h.)</p>
<p>Per als alumnes que inicien l’escolarització a I3 s’organitza un breu període d’adaptació que suposa una certa modificació dels horaris dels tres primers dies de classe (8, 9 i 10 de setembre), i que es fa saber a les famílies en les reunions prèvies corresponents.</p>

<p>Inici de curs: 8 de setembre de 2025 Vacances: Del 20 de desembre de 2025 al 7 de gener de 2026  (ambdós inclosos) Del 28 de març al 6 d&#8217;abril de 2026 (ambdós inclosos) A partir del 20 de juny de 2026 Dies festius i de lliure disposició: 11 de setembre de 2025 3 de [&hellip;]</p>
