{"id":30,"date":"2014-09-18T12:30:23","date_gmt":"2014-09-18T10:30:23","guid":{"rendered":"http:\/\/agora.xtec.cat\/ceiprocafonda\/?page_id=30"},"modified":"2022-02-13T16:16:03","modified_gmt":"2022-02-13T15:16:03","slug":"instal%c2%b7lacions","status":"publish","type":"page","link":"https:\/\/agora.xtec.cat\/ceiprocafonda\/lescola\/on-som\/instal%c2%b7lacions\/","title":{"rendered":"Els espais de l&#8217;escola"},"content":{"rendered":"<p>Per a poder con\u00e8ixer l&#8217;escola, us oferim un <a href=\"https:\/\/kuula.co\/share\/collection\/7Yvqv?fs=1&amp;vr=1&amp;sd=1&amp;initload=0&amp;thumbs=1&amp;info=0&amp;logo=0\">tour virtual interactiu<\/a> on podreu descobrir tots els nostres racons. Gaudiu de la visita!!<\/p>\n<p><a href=\"https:\/\/kuula.co\/share\/collection\/7Yvqv?fs=1&amp;vr=1&amp;sd=1&amp;initload=0&amp;thumbs=1&amp;info=0&amp;logo=0\"><img loading=\"lazy\" decoding=\"async\" class=\"size-full wp-image-3296 aligncenter\" src=\"https:\/\/agora.xtec.cat\/ceiprocafonda\/wp-content\/uploads\/usu416\/2021\/03\/tour-interactiu.png\" alt=\"\" width=\"600\" height=\"429\" srcset=\"https:\/\/agora.xtec.cat\/ceiprocafonda\/wp-content\/uploads\/usu416\/2021\/03\/tour-interactiu.png 600w, https:\/\/agora.xtec.cat\/ceiprocafonda\/wp-content\/uploads\/usu416\/2021\/03\/tour-interactiu-300x215.png 300w\" sizes=\"auto, (max-width: 600px) 100vw, 600px\" \/><\/a><\/p>\n<p><strong>Els espais de l&#8217;escola: interiors<\/strong><\/p>\n<p>Recentment, la incorporaci\u00f3 de l\u2019aprenentatge per compet\u00e8ncies en el curr\u00edculum ha aportat canvis metodol\u00f2gics i organitzatius en els centres. Les noves metodologies posen l\u2019alumnat en el centre de l\u2019aprenentatge i obliguen a repensar tant les estrat\u00e8gies d\u2019ensenyament-aprenentatge com els aspectes relacionats amb el temps i els espais.<\/p>\n<p>L\u2019espai esdev\u00e9 determinant per aconseguir els objectius educatius proposats ja que quan aquest ambient f\u00edsic genera benestar est\u00e0 facilitant que s\u2019hi produeixi aprenentatge. \u00c9s per aix\u00f2 que els referents pedag\u00f2gics coincideixen a dir que l\u2019espai d\u2019aprenentatge ha de ser polivalent, accessible, polisensorial, vivencial, saludable, comunitari i est\u00e8tic.<\/p>\n<p>Des de l\u2019escola, procurem tenir-ho molt en compte, sobretot gr\u00e0cies a que comptem amb unes instal\u00b7lacions molt grans que ens permeten desenvolupar els diferents projectes educatius que tenim. Alguns d\u2019aquests espais s\u00f3n: aules d\u2019infantil i de prim\u00e0ria molt espaioses, aules per a fer diferents especialitats com: angl\u00e8s, m\u00fasica, educaci\u00f3 especial,&#8230; tamb\u00e9 espais que ens permeten realitzar activitats concretes com s\u00f3n: tallers, inform\u00e0tica, laboratori, rob\u00f2tica, biblioteques, sala gran amb escenari per a fer teatre, etc. A m\u00e9s, a l\u2019escola tenim menjador amb cuina pr\u00f2pia per a tots aquells alumnes que s\u2019hagin de quedar a dinar.<\/p>\n<p><strong>Els espais de l&#8217;escola: exteriors<\/strong><\/p>\n<p>Els espais escolars s\u00f3n factors clau en l&#8217;aprenentatge i a l\u2019escola tenim la gran sort de comptar amb unes instal\u00b7lacions molt grans, tant a nivell exterior com interior, ja que tenim dos edificis ubicats dins d\u2019un gran recinte.<\/p>\n<p>Cal tenir present que una educaci\u00f3 integral promou la descoberta dels espais que envolten l\u2019escola m\u00e9s enll\u00e0 de l\u2019edifici. Per aix\u00f2 \u00e9s interessant tenir en compte que l\u2019entorn pot esdevenir un complement molt \u00fatil per generar aprenentatges.<\/p>\n<p>Comptem amb diferents espais exteriors per realitzar moltes de les activitats pedag\u00f2giques que formen part del nostre projecte educatiu, com la investigaci\u00f3, l\u2019observaci\u00f3 directe, les jornades esportives, les celebracions festives entre moltes altres. Alguns d\u2019aquests espais s\u00f3n el pati d\u2019infantil, el pati de prim\u00e0ria, el porxo, les pistes esportives, l\u2019ode\u00f3,\u00a0 l\u2019hort i el bosc.<\/p>\n<div class=\"ast-oembed-container \" style=\"height: 100%;\"><iframe loading=\"lazy\" title=\"ESPAIS EXTERIORS DE L&#039;ESCOLA\" width=\"500\" height=\"375\" src=\"https:\/\/www.youtube.com\/embed\/sxNRuFI39tc?feature=oembed\" frameborder=\"0\" allow=\"accelerometer; autoplay; clipboard-write; encrypted-media; gyroscope; picture-in-picture; web-share\" referrerpolicy=\"strict-origin-when-cross-origin\" allowfullscreen><\/iframe><\/div>\n<table>\n<tbody>\n<tr>\n<td>\n<div class=\"ast-oembed-container \" style=\"height: 100%;\"><iframe loading=\"lazy\" title=\"Fotos pati infantil\" width=\"500\" height=\"281\" src=\"https:\/\/www.youtube.com\/embed\/_brRJWkPqLw?feature=oembed\" frameborder=\"0\" allow=\"accelerometer; autoplay; clipboard-write; encrypted-media; gyroscope; picture-in-picture; web-share\" referrerpolicy=\"strict-origin-when-cross-origin\" allowfullscreen><\/iframe><\/div>\n<\/td>\n<td>\n<div class=\"ast-oembed-container \" style=\"height: 100%;\"><iframe loading=\"lazy\" title=\"Pati Superior&amp;mitjans\" width=\"500\" height=\"281\" src=\"https:\/\/www.youtube.com\/embed\/kdb2Y_nUZds?feature=oembed\" frameborder=\"0\" allow=\"accelerometer; autoplay; clipboard-write; encrypted-media; gyroscope; picture-in-picture; web-share\" referrerpolicy=\"strict-origin-when-cross-origin\" allowfullscreen><\/iframe><\/div>\n<\/td>\n<\/tr>\n<tr>\n<td>\n<div class=\"ast-oembed-container \" style=\"height: 100%;\"><iframe loading=\"lazy\" title=\"Hort Escola Rocafonda\" width=\"500\" height=\"281\" src=\"https:\/\/www.youtube.com\/embed\/bRS-9t0bJso?feature=oembed\" frameborder=\"0\" allow=\"accelerometer; autoplay; clipboard-write; encrypted-media; gyroscope; picture-in-picture; web-share\" referrerpolicy=\"strict-origin-when-cross-origin\" allowfullscreen><\/iframe><\/div>\n<\/td>\n<td>\n<div class=\"ast-oembed-container \" style=\"height: 100%;\"><iframe loading=\"lazy\" title=\"El Bosquet Escola Rocafonda\" width=\"500\" height=\"281\" src=\"https:\/\/www.youtube.com\/embed\/Ad2fCFB1i4c?feature=oembed\" frameborder=\"0\" allow=\"accelerometer; autoplay; clipboard-write; encrypted-media; gyroscope; picture-in-picture; web-share\" referrerpolicy=\"strict-origin-when-cross-origin\" allowfullscreen><\/iframe><\/div>\n<\/td>\n<\/tr>\n<\/tbody>\n<\/table>\n","protected":false},"excerpt":{"rendered":"<p>Per a poder con\u00e8ixer l&#8217;escola, us oferim un tour virtual interactiu on podreu descobrir tots els nostres racons. Gaudiu de la visita!! Els espais de l&#8217;escola: interiors Recentment, la incorporaci\u00f3 de l\u2019aprenentatge per compet\u00e8ncies en el curr\u00edculum ha aportat canvis metodol\u00f2gics i organitzatius en els centres. Les noves metodologies posen l\u2019alumnat en el centre de [&hellip;]<\/p>\n","protected":false},"author":1,"featured_media":0,"parent":24,"menu_order":6,"comment_status":"closed","ping_status":"closed","template":"page-templates\/side-menu.php","meta":{"_bbp_topic_count":0,"_bbp_reply_count":0,"_bbp_total_topic_count":0,"_bbp_total_reply_count":0,"_bbp_voice_count":0,"_bbp_anonymous_reply_count":0,"_bbp_topic_count_hidden":0,"_bbp_reply_count_hidden":0,"_bbp_forum_subforum_count":0,"site-sidebar-layout":"default","site-content-layout":"","ast-site-content-layout":"","site-content-style":"default","site-sidebar-style":"default","ast-global-header-display":"","ast-banner-title-visibility":"","ast-main-header-display":"","ast-hfb-above-header-display":"","ast-hfb-below-header-display":"","ast-hfb-mobile-header-display":"","site-post-title":"","ast-breadcrumbs-content":"","ast-featured-img":"","footer-sml-layout":"","theme-transparent-header-meta":"","adv-header-id-meta":"","stick-header-meta":"","header-above-stick-meta":"","header-main-stick-meta":"","header-below-stick-meta":"","astra-migrate-meta-layouts":"default","ast-page-background-enabled":"default","ast-page-background-meta":{"desktop":{"background-color":"var(--ast-global-color-4)","background-image":"","background-repeat":"repeat","background-position":"center center","background-size":"auto","background-attachment":"scroll","background-type":"","background-media":"","overlay-type":"","overlay-color":"","overlay-opacity":"","overlay-gradient":""},"tablet":{"background-color":"","background-image":"","background-repeat":"repeat","background-position":"center center","background-size":"auto","background-attachment":"scroll","background-type":"","background-media":"","overlay-type":"","overlay-color":"","overlay-opacity":"","overlay-gradient":""},"mobile":{"background-color":"","background-image":"","background-repeat":"repeat","background-position":"center center","background-size":"auto","background-attachment":"scroll","background-type":"","background-media":"","overlay-type":"","overlay-color":"","overlay-opacity":"","overlay-gradient":""}},"ast-content-background-meta":{"desktop":{"background-color":"var(--ast-global-color-5)","background-image":"","background-repeat":"repeat","background-position":"center center","background-size":"auto","background-attachment":"scroll","background-type":"","background-media":"","overlay-type":"","overlay-color":"","overlay-opacity":"","overlay-gradient":""},"tablet":{"background-color":"var(--ast-global-color-5)","background-image":"","background-repeat":"repeat","background-position":"center center","background-size":"auto","background-attachment":"scroll","background-type":"","background-media":"","overlay-type":"","overlay-color":"","overlay-opacity":"","overlay-gradient":""},"mobile":{"background-color":"var(--ast-global-color-5)","background-image":"","background-repeat":"repeat","background-position":"center center","background-size":"auto","background-attachment":"scroll","background-type":"","background-media":"","overlay-type":"","overlay-color":"","overlay-opacity":"","overlay-gradient":""}},"footnotes":""},"class_list":["post-30","page","type-page","status-publish","hentry"],"post_mailing_queue_ids":[],"_links":{"self":[{"href":"https:\/\/agora.xtec.cat\/ceiprocafonda\/wp-json\/wp\/v2\/pages\/30","targetHints":{"allow":["GET"]}}],"collection":[{"href":"https:\/\/agora.xtec.cat\/ceiprocafonda\/wp-json\/wp\/v2\/pages"}],"about":[{"href":"https:\/\/agora.xtec.cat\/ceiprocafonda\/wp-json\/wp\/v2\/types\/page"}],"author":[{"embeddable":true,"href":"https:\/\/agora.xtec.cat\/ceiprocafonda\/wp-json\/wp\/v2\/users\/1"}],"replies":[{"embeddable":true,"href":"https:\/\/agora.xtec.cat\/ceiprocafonda\/wp-json\/wp\/v2\/comments?post=30"}],"version-history":[{"count":4,"href":"https:\/\/agora.xtec.cat\/ceiprocafonda\/wp-json\/wp\/v2\/pages\/30\/revisions"}],"predecessor-version":[{"id":1287,"href":"https:\/\/agora.xtec.cat\/ceiprocafonda\/wp-json\/wp\/v2\/pages\/30\/revisions\/1287"}],"up":[{"embeddable":true,"href":"https:\/\/agora.xtec.cat\/ceiprocafonda\/wp-json\/wp\/v2\/pages\/24"}],"wp:attachment":[{"href":"https:\/\/agora.xtec.cat\/ceiprocafonda\/wp-json\/wp\/v2\/media?parent=30"}],"curies":[{"name":"wp","href":"https:\/\/api.w.org\/{rel}","templated":true}]}}

<p>Per a poder conèixer l&#8217;escola, us oferim un <a href="https://kuula.co/share/collection/7Yvqv?fs=1&amp;vr=1&amp;sd=1&amp;initload=0&amp;thumbs=1&amp;info=0&amp;logo=0">tour virtual interactiu</a> on podreu descobrir tots els nostres racons. Gaudiu de la visita!!</p>
<p><a href="https://kuula.co/share/collection/7Yvqv?fs=1&amp;vr=1&amp;sd=1&amp;initload=0&amp;thumbs=1&amp;info=0&amp;logo=0"><img loading="lazy" decoding="async" class="size-full wp-image-3296 aligncenter" src="https://agora.xtec.cat/ceiprocafonda/wp-content/uploads/usu416/2021/03/tour-interactiu.png" alt="" width="600" height="429" srcset="https://agora.xtec.cat/ceiprocafonda/wp-content/uploads/usu416/2021/03/tour-interactiu.png 600w, https://agora.xtec.cat/ceiprocafonda/wp-content/uploads/usu416/2021/03/tour-interactiu-300x215.png 300w" sizes="auto, (max-width: 600px) 100vw, 600px" /></a></p>
<p><strong>Els espais de l&#8217;escola: interiors</strong></p>
<p>Recentment, la incorporació de l’aprenentatge per competències en el currículum ha aportat canvis metodològics i organitzatius en els centres. Les noves metodologies posen l’alumnat en el centre de l’aprenentatge i obliguen a repensar tant les estratègies d’ensenyament-aprenentatge com els aspectes relacionats amb el temps i els espais.</p>
<p>L’espai esdevé determinant per aconseguir els objectius educatius proposats ja que quan aquest ambient físic genera benestar està facilitant que s’hi produeixi aprenentatge. És per això que els referents pedagògics coincideixen a dir que l’espai d’aprenentatge ha de ser polivalent, accessible, polisensorial, vivencial, saludable, comunitari i estètic.</p>
<p>Des de l’escola, procurem tenir-ho molt en compte, sobretot gràcies a que comptem amb unes instal·lacions molt grans que ens permeten desenvolupar els diferents projectes educatius que tenim. Alguns d’aquests espais són: aules d’infantil i de primària molt espaioses, aules per a fer diferents especialitats com: anglès, música, educació especial,&#8230; també espais que ens permeten realitzar activitats concretes com són: tallers, informàtica, laboratori, robòtica, biblioteques, sala gran amb escenari per a fer teatre, etc. A més, a l’escola tenim menjador amb cuina pròpia per a tots aquells alumnes que s’hagin de quedar a dinar.</p>
<p><strong>Els espais de l&#8217;escola: exteriors</strong></p>
<p>Els espais escolars són factors clau en l&#8217;aprenentatge i a l’escola tenim la gran sort de comptar amb unes instal·lacions molt grans, tant a nivell exterior com interior, ja que tenim dos edificis ubicats dins d’un gran recinte.</p>
<p>Cal tenir present que una educació integral promou la descoberta dels espais que envolten l’escola més enllà de l’edifici. Per això és interessant tenir en compte que l’entorn pot esdevenir un complement molt útil per generar aprenentatges.</p>
<p>Comptem amb diferents espais exteriors per realitzar moltes de les activitats pedagògiques que formen part del nostre projecte educatiu, com la investigació, l’observació directe, les jornades esportives, les celebracions festives entre moltes altres. Alguns d’aquests espais són el pati d’infantil, el pati de primària, el porxo, les pistes esportives, l’odeó,  l’hort i el bosc.</p>
<div class="ast-oembed-container " style="height: 100%;"><iframe loading="lazy" title="ESPAIS EXTERIORS DE L&#039;ESCOLA" width="500" height="375" src="https://www.youtube.com/embed/sxNRuFI39tc?feature=oembed" frameborder="0" allow="accelerometer; autoplay; clipboard-write; encrypted-media; gyroscope; picture-in-picture; web-share" referrerpolicy="strict-origin-when-cross-origin" allowfullscreen></iframe></div>
<table>
<tbody>
<tr>
<td>
<div class="ast-oembed-container " style="height: 100%;"><iframe loading="lazy" title="Fotos pati infantil" width="500" height="281" src="https://www.youtube.com/embed/_brRJWkPqLw?feature=oembed" frameborder="0" allow="accelerometer; autoplay; clipboard-write; encrypted-media; gyroscope; picture-in-picture; web-share" referrerpolicy="strict-origin-when-cross-origin" allowfullscreen></iframe></div>
</td>
<td>
<div class="ast-oembed-container " style="height: 100%;"><iframe loading="lazy" title="Pati Superior&amp;mitjans" width="500" height="281" src="https://www.youtube.com/embed/kdb2Y_nUZds?feature=oembed" frameborder="0" allow="accelerometer; autoplay; clipboard-write; encrypted-media; gyroscope; picture-in-picture; web-share" referrerpolicy="strict-origin-when-cross-origin" allowfullscreen></iframe></div>
</td>
</tr>
<tr>
<td>
<div class="ast-oembed-container " style="height: 100%;"><iframe loading="lazy" title="Hort Escola Rocafonda" width="500" height="281" src="https://www.youtube.com/embed/bRS-9t0bJso?feature=oembed" frameborder="0" allow="accelerometer; autoplay; clipboard-write; encrypted-media; gyroscope; picture-in-picture; web-share" referrerpolicy="strict-origin-when-cross-origin" allowfullscreen></iframe></div>
</td>
<td>
<div class="ast-oembed-container " style="height: 100%;"><iframe loading="lazy" title="El Bosquet Escola Rocafonda" width="500" height="281" src="https://www.youtube.com/embed/Ad2fCFB1i4c?feature=oembed" frameborder="0" allow="accelerometer; autoplay; clipboard-write; encrypted-media; gyroscope; picture-in-picture; web-share" referrerpolicy="strict-origin-when-cross-origin" allowfullscreen></iframe></div>
</td>
</tr>
</tbody>
</table>

<p>Per a poder conèixer l&#8217;escola, us oferim un tour virtual interactiu on podreu descobrir tots els nostres racons. Gaudiu de la visita!! Els espais de l&#8217;escola: interiors Recentment, la incorporació de l’aprenentatge per competències en el currículum ha aportat canvis metodològics i organitzatius en els centres. Les noves metodologies posen l’alumnat en el centre de [&hellip;]</p>
