{"id":1450,"date":"2020-05-07T18:15:36","date_gmt":"2020-05-07T16:15:36","guid":{"rendered":"https:\/\/agora.xtec.cat\/ceiprocafonda\/?page_id=1450"},"modified":"2025-01-23T17:18:44","modified_gmt":"2025-01-23T16:18:44","slug":"documentacio-preinscripcio","status":"publish","type":"page","link":"https:\/\/agora.xtec.cat\/ceiprocafonda\/lescola\/preinscripcio-20-21\/documentacio-preinscripcio\/","title":{"rendered":"Documentaci\u00f3 preinscripci\u00f3"},"content":{"rendered":"<p><strong>DOCUMENTACI\u00d3 PREINSCRIPCI\u00d3 CURS 2025-2026<\/strong><\/p>\n<p>Com has de fer la preinscripci\u00f3 en l\u00ednia:<\/p>\n<p><a href=\"https:\/\/youtu.be\/7Jz8gYBFCFM\">https:\/\/youtu.be\/7Jz8gYBFCFM<\/a><\/p>\n<h3><strong>\u00a0<\/strong><strong>Documentaci\u00f3 identificativa<\/strong> (a presentar en <strong>tots els casos<\/strong>):<\/h3>\n<p>El resguard de la sol\u00b7licitud de preinscripci\u00f3 s&#8217;ha d&#8217;enviar per correu electr\u00f2nic, en tots els casos, acompanyat dels <strong>documents escanejats o fotografiats ambdues cares i <\/strong>per a la preinscripci\u00f3<strong> presencial <\/strong>cal portar l&#8217;<strong>original i fotoc\u00f2pia, <\/strong>dels documents seg\u00fcents:<\/p>\n<ul>\n<li>El\u00a0<strong>llibre de fam\u00edlia<\/strong> o altres documents relatius a la filiaci\u00f3. Si l&#8217;alumne o alumna est\u00e0 en situaci\u00f3 d&#8217;acolliment, la resoluci\u00f3 d&#8217;acolliment del Departament de Treball, Afers Socials i Fam\u00edlies.<\/li>\n<li>El <strong>DNI de la persona sol\u00b7licitant<\/strong> (pare, mare, tutor\/a o guardador\/a de fet) o, si el sol\u00b7licitant \u00e9s estranger, de la targeta de resid\u00e8ncia on consta el NIE o el passaport. Si es tracta d&#8217;estrangers comunitaris, document d&#8217;identitat del pa\u00eds d&#8217;origen.<\/li>\n<li>El<strong> DNI\u00a0de l&#8217;alumne<\/strong> (si en t\u00e9).<\/li>\n<\/ul>\n<p>&nbsp;<\/p>\n<h3><strong>Documentaci\u00f3 acreditativa dels criteris GENERALS<\/strong><\/h3>\n<ul>\n<li><strong>Germans<\/strong> escolaritzats al centre. (<strong>50 punts<\/strong>)<\/li>\n<li><strong>Proximitat domicili<\/strong> habitual <strong>(30 punts)<\/strong> o al treball de pares. (<strong>20 punts<\/strong>)<\/li>\n<\/ul>\n<p>Si el domicili habitual no coincideix amb DNI, certificat municipal de conviv\u00e8ncia.<\/p>\n<p>Si es considera el lloc de treball, c\u00f2pia del contracte o certificat em\u00e8s per l\u2019empresa.<\/p>\n<ul>\n<li>Documentaci\u00f3 acreditativa de que el pare, mare o tutor \u00e9s beneficiari de <strong>l\u2019ajut de la renda garantida<\/strong> de ciutadania. (<strong>15 punts<\/strong>)<\/li>\n<li>Original i fotoc\u00f2pia del <strong>certificat de discapacitat<\/strong> igual o superior al 33 % de la persona que al\u00b7legui aquesta condici\u00f3 (alumne\/a, pare\/mare, germ\u00e0\/ana). (<strong>15 punts<\/strong>)<\/li>\n<li>Pel fet de formar part d&#8217;una fam\u00edlia nombrosa o monoparental (<strong>10 punts<\/strong>)<\/li>\n<li><strong>Ser bess\u00f3 o trigemin<\/strong>. Quan l&#8217;alumne o alumna hagi nascut en un part m\u00faltiple (<strong>10 punts)<\/strong>.<\/li>\n<\/ul>\n<h3><strong>Documentaci\u00f3 acreditativa dels criteris COMPLEMENTARIS<\/strong><\/h3>\n<ul>\n<li><span style=\"font-family: inherit; font-size: 1em;\">Original i fotoc\u00f2pia del carnet de fam\u00edlia nombrosa o monoparental.<\/span><\/li>\n<\/ul>\n<p><strong>Com pots digitalitzar documents:<\/strong><\/p>\n<p><a href=\"https:\/\/youtu.be\/0l6JyatO37E\">https:\/\/youtu.be\/0l6JyatO37E<\/a><\/p>\n","protected":false},"excerpt":{"rendered":"<p>DOCUMENTACI\u00d3 PREINSCRIPCI\u00d3 CURS 2025-2026 Com has de fer la preinscripci\u00f3 en l\u00ednia: \u00a0Documentaci\u00f3 identificativa (a presentar en tots els casos): El resguard de la sol\u00b7licitud de preinscripci\u00f3 s&#8217;ha d&#8217;enviar per correu electr\u00f2nic, en tots els casos, acompanyat dels documents escanejats o fotografiats ambdues cares i per a la preinscripci\u00f3 presencial cal portar l&#8217;original i fotoc\u00f2pia, [&hellip;]<\/p>\n","protected":false},"author":1,"featured_media":0,"parent":798,"menu_order":0,"comment_status":"closed","ping_status":"closed","template":"page-templates\/side-menu.php","meta":{"_bbp_topic_count":0,"_bbp_reply_count":0,"_bbp_total_topic_count":0,"_bbp_total_reply_count":0,"_bbp_voice_count":0,"_bbp_anonymous_reply_count":0,"_bbp_topic_count_hidden":0,"_bbp_reply_count_hidden":0,"_bbp_forum_subforum_count":0,"site-sidebar-layout":"default","site-content-layout":"","ast-site-content-layout":"","site-content-style":"default","site-sidebar-style":"default","ast-global-header-display":"","ast-banner-title-visibility":"","ast-main-header-display":"","ast-hfb-above-header-display":"","ast-hfb-below-header-display":"","ast-hfb-mobile-header-display":"","site-post-title":"","ast-breadcrumbs-content":"","ast-featured-img":"","footer-sml-layout":"","theme-transparent-header-meta":"","adv-header-id-meta":"","stick-header-meta":"","header-above-stick-meta":"","header-main-stick-meta":"","header-below-stick-meta":"","astra-migrate-meta-layouts":"default","ast-page-background-enabled":"default","ast-page-background-meta":{"desktop":{"background-color":"var(--ast-global-color-4)","background-image":"","background-repeat":"repeat","background-position":"center center","background-size":"auto","background-attachment":"scroll","background-type":"","background-media":"","overlay-type":"","overlay-color":"","overlay-opacity":"","overlay-gradient":""},"tablet":{"background-color":"","background-image":"","background-repeat":"repeat","background-position":"center center","background-size":"auto","background-attachment":"scroll","background-type":"","background-media":"","overlay-type":"","overlay-color":"","overlay-opacity":"","overlay-gradient":""},"mobile":{"background-color":"","background-image":"","background-repeat":"repeat","background-position":"center center","background-size":"auto","background-attachment":"scroll","background-type":"","background-media":"","overlay-type":"","overlay-color":"","overlay-opacity":"","overlay-gradient":""}},"ast-content-background-meta":{"desktop":{"background-color":"var(--ast-global-color-5)","background-image":"","background-repeat":"repeat","background-position":"center center","background-size":"auto","background-attachment":"scroll","background-type":"","background-media":"","overlay-type":"","overlay-color":"","overlay-opacity":"","overlay-gradient":""},"tablet":{"background-color":"var(--ast-global-color-5)","background-image":"","background-repeat":"repeat","background-position":"center center","background-size":"auto","background-attachment":"scroll","background-type":"","background-media":"","overlay-type":"","overlay-color":"","overlay-opacity":"","overlay-gradient":""},"mobile":{"background-color":"var(--ast-global-color-5)","background-image":"","background-repeat":"repeat","background-position":"center center","background-size":"auto","background-attachment":"scroll","background-type":"","background-media":"","overlay-type":"","overlay-color":"","overlay-opacity":"","overlay-gradient":""}},"footnotes":""},"class_list":["post-1450","page","type-page","status-publish","hentry"],"post_mailing_queue_ids":[],"_links":{"self":[{"href":"https:\/\/agora.xtec.cat\/ceiprocafonda\/wp-json\/wp\/v2\/pages\/1450","targetHints":{"allow":["GET"]}}],"collection":[{"href":"https:\/\/agora.xtec.cat\/ceiprocafonda\/wp-json\/wp\/v2\/pages"}],"about":[{"href":"https:\/\/agora.xtec.cat\/ceiprocafonda\/wp-json\/wp\/v2\/types\/page"}],"author":[{"embeddable":true,"href":"https:\/\/agora.xtec.cat\/ceiprocafonda\/wp-json\/wp\/v2\/users\/1"}],"replies":[{"embeddable":true,"href":"https:\/\/agora.xtec.cat\/ceiprocafonda\/wp-json\/wp\/v2\/comments?post=1450"}],"version-history":[{"count":6,"href":"https:\/\/agora.xtec.cat\/ceiprocafonda\/wp-json\/wp\/v2\/pages\/1450\/revisions"}],"predecessor-version":[{"id":16877,"href":"https:\/\/agora.xtec.cat\/ceiprocafonda\/wp-json\/wp\/v2\/pages\/1450\/revisions\/16877"}],"up":[{"embeddable":true,"href":"https:\/\/agora.xtec.cat\/ceiprocafonda\/wp-json\/wp\/v2\/pages\/798"}],"wp:attachment":[{"href":"https:\/\/agora.xtec.cat\/ceiprocafonda\/wp-json\/wp\/v2\/media?parent=1450"}],"curies":[{"name":"wp","href":"https:\/\/api.w.org\/{rel}","templated":true}]}}