{"id":851,"date":"2022-06-08T22:58:16","date_gmt":"2022-06-08T20:58:16","guid":{"rendered":"https:\/\/agora.xtec.cat\/ceiprivorubeo\/?page_id=851"},"modified":"2025-10-07T19:37:49","modified_gmt":"2025-10-07T17:37:49","slug":"extraescolars","status":"publish","type":"page","link":"https:\/\/agora.xtec.cat\/ceiprivorubeo\/afa\/extraescolars\/","title":{"rendered":"Extraescolars"},"content":{"rendered":"<p>Horari de les extraescolars que comencen l&#8217;1 d&#8217;octubre, curs 2025-2026: <a href=\"https:\/\/agora.xtec.cat\/ceiprivorubeo\/afa\/extraescolars\/attachment\/activitats-extraescolars-escola-rivo-rubeo-25-26-2\/\" rel=\"attachment wp-att-4895\">Activitats extraescolars Escola Rivo Rubeo 25-26<\/a><\/p>\n<p>Consulteu les opcions del men\u00fa de l&#8217;esquerra per a m\u00e9s informaci\u00f3!<\/p>\n<p>&nbsp;<\/p>\n<p>&nbsp;<\/p>\n","protected":false},"excerpt":{"rendered":"<p>Horari de les extraescolars que comencen l&#8217;1 d&#8217;octubre, curs 2025-2026: <a href=\"https:\/\/agora.xtec.cat\/ceiprivorubeo\/afa\/extraescolars\/attachment\/activitats-extraescolars-escola-rivo-rubeo-25-26-2\/\" rel=\"attachment wp-att-4895\">Activitats extraescolars Escola Rivo Rubeo 25-26<\/a><br \/>\nConsulteu les opcions del men\u00fa de l&#8217;esquerra per a m\u00e9s informaci\u00f3!<br \/>\n&nbsp;<br \/>\n&nbsp;<\/p>\n","protected":false},"author":4,"featured_media":0,"parent":66,"menu_order":5,"comment_status":"closed","ping_status":"closed","template":"page-templates\/side-menu.php","meta":{"_bbp_topic_count":0,"_bbp_reply_count":0,"_bbp_total_topic_count":0,"_bbp_total_reply_count":0,"_bbp_voice_count":0,"_bbp_anonymous_reply_count":0,"_bbp_topic_count_hidden":0,"_bbp_reply_count_hidden":0,"_bbp_forum_subforum_count":0,"footnotes":""},"class_list":["post-851","page","type-page","status-publish","hentry"],"post_mailing_queue_ids":[],"_links":{"self":[{"href":"https:\/\/agora.xtec.cat\/ceiprivorubeo\/wp-json\/wp\/v2\/pages\/851","targetHints":{"allow":["GET"]}}],"collection":[{"href":"https:\/\/agora.xtec.cat\/ceiprivorubeo\/wp-json\/wp\/v2\/pages"}],"about":[{"href":"https:\/\/agora.xtec.cat\/ceiprivorubeo\/wp-json\/wp\/v2\/types\/page"}],"author":[{"embeddable":true,"href":"https:\/\/agora.xtec.cat\/ceiprivorubeo\/wp-json\/wp\/v2\/users\/4"}],"replies":[{"embeddable":true,"href":"https:\/\/agora.xtec.cat\/ceiprivorubeo\/wp-json\/wp\/v2\/comments?post=851"}],"version-history":[{"count":5,"href":"https:\/\/agora.xtec.cat\/ceiprivorubeo\/wp-json\/wp\/v2\/pages\/851\/revisions"}],"predecessor-version":[{"id":4896,"href":"https:\/\/agora.xtec.cat\/ceiprivorubeo\/wp-json\/wp\/v2\/pages\/851\/revisions\/4896"}],"up":[{"embeddable":true,"href":"https:\/\/agora.xtec.cat\/ceiprivorubeo\/wp-json\/wp\/v2\/pages\/66"}],"wp:attachment":[{"href":"https:\/\/agora.xtec.cat\/ceiprivorubeo\/wp-json\/wp\/v2\/media?parent=851"}],"curies":[{"name":"wp","href":"https:\/\/api.w.org\/{rel}","templated":true}]}}

<p>Horari de les extraescolars que comencen l&#8217;1 d&#8217;octubre, curs 2025-2026: <a href="https://agora.xtec.cat/ceiprivorubeo/afa/extraescolars/attachment/activitats-extraescolars-escola-rivo-rubeo-25-26-2/" rel="attachment wp-att-4895">Activitats extraescolars Escola Rivo Rubeo 25-26</a></p>
<p>Consulteu les opcions del menú de l&#8217;esquerra per a més informació!</p>
<p>&nbsp;</p>
<p>&nbsp;</p>

<p>Horari de les extraescolars que comencen l&#8217;1 d&#8217;octubre, curs 2025-2026: <a href="https://agora.xtec.cat/ceiprivorubeo/afa/extraescolars/attachment/activitats-extraescolars-escola-rivo-rubeo-25-26-2/" rel="attachment wp-att-4895">Activitats extraescolars Escola Rivo Rubeo 25-26</a><br />
Consulteu les opcions del menú de l&#8217;esquerra per a més informació!<br />
&nbsp;<br />
&nbsp;</p>
