{"id":77,"date":"2014-09-18T14:05:08","date_gmt":"2014-09-18T13:05:08","guid":{"rendered":"http:\/\/agora.xtec.cat\/ceiprivorubeo\/?page_id=77"},"modified":"2023-09-21T11:46:53","modified_gmt":"2023-09-21T09:46:53","slug":"qui-som","status":"publish","type":"page","link":"https:\/\/agora.xtec.cat\/ceiprivorubeo\/afa\/qui-som\/","title":{"rendered":"Qui som?"},"content":{"rendered":"<h2>Qui som a l&#8217;AFA del RIVO RUBEO?<\/h2>\n<p>Us donem aquesta informaci\u00f3 perqu\u00e8 sapigueu que existim, fem feina i us esperem.<\/p>\n<p>Som part integrant de la comunitat educativa: la implicaci\u00f3 directa de les fam\u00edlies a l&#8217;escola garanteix una millora en la qualitat de l&#8217;educaci\u00f3 dels nostres fills i filles.<\/p>\n<p>L&#8217;AFA participa en l&#8217;organitzaci\u00f3 de l&#8217;escola a trav\u00e9s de la seva representaci\u00f3 al Consell Escolar i a les diferents comissions i grups de treball, a m\u00e9s de col\u00b7laborar amb l&#8217;equip de mestres en qualsevol aspecte concret.<\/p>\n<p>Demanem que us associeu, que coneixeu l&#8217;escola i l&#8217;AFA i feu el pas de posar-vos en contacte amb la Comissi\u00f3 que us sembli.<\/p>\n<p>Segur que trobareu qu\u00e8 fer i on ser \u00fatils segons la vostra disponibilitat.<\/p>\n<h2>Quan es reuneix l&#8217;AFA?<\/h2>\n<p>La reuni\u00f3 mensual de l&#8217;AFA \u00e9s oberta a tothom tots els primers dimarts de cada mes, de forma virtual, a les 19:30 hores. Us animem a que hi vingueu, coneixeu les diverses comissions que hi ha i col\u00b7laboreu on us agradi m\u00e9s!<\/p>\n<p>Us fem una crida a associar-vos i, encara m\u00e9s, a participar i fer feina plegats.<\/p>\n<h2>Per\u00f2&#8230; qu\u00e8 vol dir organitzar-se per comissions?<\/h2>\n<p>Per funcionar de manera \u00e0gil i pr\u00e0ctica, l&#8217;AFA ens organitzem a trav\u00e9s de COMISSIONS, que s\u00f3n grups de gent que treballen per un aspecte concret.<\/p>\n<ul>\n<li>Direcci\u00f3: presid\u00e8ncia, tresoreria i secretaria<\/li>\n<li>Menjador: menjador, bon dia, canguratges i subministre a festes<\/li>\n<li>Lleure: extraescolars i casals<\/li>\n<li>Festes: organitzaci\u00f3 festes de benvinguda, castanyada, nadal, sant Jordi i estiu<\/li>\n<li>Patis: accions de manteniment i millora sobre el pati infantil i de prim\u00e0ria<\/li>\n<li>Fam\u00edlies: botigueta, clakis, xerrades, consultes, etc<\/li>\n<li>Comunicaci\u00f3: xarxes socials i grups de telegram<\/li>\n<li>Verda: projectes com via verda, donacions materials, clakis, instal\u00b7lacions plaques, etc<\/li>\n<li>Lila: accions per fomentar la coeducaci\u00f3<\/li>\n<\/ul>\n<p>L&#8217;AFA est\u00e0 permanentment projectant i executant projectes i fent inversions en la nostra escola.<\/p>\n<h2>C\u00f3m puc formar-ne part?<\/h2>\n<p>Envia&#8217;ns un mail a <a href=\"mailto:afa@rivorubeo.cat\">afa@rivorubeo.cat <\/a>explicant a quina comissi\u00f3 vols participar o c\u00f3m t&#8217;agradaria ajudar i estarem encantats de que t&#8217;uneixis!.<\/p>\n<p>&nbsp;<\/p>\n<p>&nbsp;<\/p>\n","protected":false},"excerpt":{"rendered":"<p>Qui som a l&#8217;AFA del RIVO RUBEO?<br \/>\nUs donem aquesta informaci\u00f3 perqu\u00e8 sapigueu que existim, fem feina i us esperem.<br \/>\nSom part integrant de la comunitat educativa: la implicaci\u00f3 directa de les fam\u00edlies a l&#8217;escola garanteix una millora en la qualitat de l&#8217;educaci\u00f3 dels nostres fills i&hellip;  <a href=\"https:\/\/agora.xtec.cat\/ceiprivorubeo\/afa\/qui-som\/\" title=\"Read Qui som?\">Llegeix m\u00e9s\u00bb<\/a><\/p>\n","protected":false},"author":1,"featured_media":0,"parent":66,"menu_order":0,"comment_status":"closed","ping_status":"closed","template":"page-templates\/side-menu.php","meta":{"_bbp_topic_count":0,"_bbp_reply_count":0,"_bbp_total_topic_count":0,"_bbp_total_reply_count":0,"_bbp_voice_count":0,"_bbp_anonymous_reply_count":0,"_bbp_topic_count_hidden":0,"_bbp_reply_count_hidden":0,"_bbp_forum_subforum_count":0,"footnotes":""},"class_list":["post-77","page","type-page","status-publish","hentry"],"post_mailing_queue_ids":[],"_links":{"self":[{"href":"https:\/\/agora.xtec.cat\/ceiprivorubeo\/wp-json\/wp\/v2\/pages\/77","targetHints":{"allow":["GET"]}}],"collection":[{"href":"https:\/\/agora.xtec.cat\/ceiprivorubeo\/wp-json\/wp\/v2\/pages"}],"about":[{"href":"https:\/\/agora.xtec.cat\/ceiprivorubeo\/wp-json\/wp\/v2\/types\/page"}],"author":[{"embeddable":true,"href":"https:\/\/agora.xtec.cat\/ceiprivorubeo\/wp-json\/wp\/v2\/users\/1"}],"replies":[{"embeddable":true,"href":"https:\/\/agora.xtec.cat\/ceiprivorubeo\/wp-json\/wp\/v2\/comments?post=77"}],"version-history":[{"count":3,"href":"https:\/\/agora.xtec.cat\/ceiprivorubeo\/wp-json\/wp\/v2\/pages\/77\/revisions"}],"predecessor-version":[{"id":3083,"href":"https:\/\/agora.xtec.cat\/ceiprivorubeo\/wp-json\/wp\/v2\/pages\/77\/revisions\/3083"}],"up":[{"embeddable":true,"href":"https:\/\/agora.xtec.cat\/ceiprivorubeo\/wp-json\/wp\/v2\/pages\/66"}],"wp:attachment":[{"href":"https:\/\/agora.xtec.cat\/ceiprivorubeo\/wp-json\/wp\/v2\/media?parent=77"}],"curies":[{"name":"wp","href":"https:\/\/api.w.org\/{rel}","templated":true}]}}

<h2>Qui som a l&#8217;AFA del RIVO RUBEO?</h2>
<p>Us donem aquesta informació perquè sapigueu que existim, fem feina i us esperem.</p>
<p>Som part integrant de la comunitat educativa: la implicació directa de les famílies a l&#8217;escola garanteix una millora en la qualitat de l&#8217;educació dels nostres fills i filles.</p>
<p>L&#8217;AFA participa en l&#8217;organització de l&#8217;escola a través de la seva representació al Consell Escolar i a les diferents comissions i grups de treball, a més de col·laborar amb l&#8217;equip de mestres en qualsevol aspecte concret.</p>
<p>Demanem que us associeu, que coneixeu l&#8217;escola i l&#8217;AFA i feu el pas de posar-vos en contacte amb la Comissió que us sembli.</p>
<p>Segur que trobareu què fer i on ser útils segons la vostra disponibilitat.</p>
<h2>Quan es reuneix l&#8217;AFA?</h2>
<p>La reunió mensual de l&#8217;AFA és oberta a tothom tots els primers dimarts de cada mes, de forma virtual, a les 19:30 hores. Us animem a que hi vingueu, coneixeu les diverses comissions que hi ha i col·laboreu on us agradi més!</p>
<p>Us fem una crida a associar-vos i, encara més, a participar i fer feina plegats.</p>
<h2>Però&#8230; què vol dir organitzar-se per comissions?</h2>
<p>Per funcionar de manera àgil i pràctica, l&#8217;AFA ens organitzem a través de COMISSIONS, que són grups de gent que treballen per un aspecte concret.</p>
<ul>
<li>Direcció: presidència, tresoreria i secretaria</li>
<li>Menjador: menjador, bon dia, canguratges i subministre a festes</li>
<li>Lleure: extraescolars i casals</li>
<li>Festes: organització festes de benvinguda, castanyada, nadal, sant Jordi i estiu</li>
<li>Patis: accions de manteniment i millora sobre el pati infantil i de primària</li>
<li>Famílies: botigueta, clakis, xerrades, consultes, etc</li>
<li>Comunicació: xarxes socials i grups de telegram</li>
<li>Verda: projectes com via verda, donacions materials, clakis, instal·lacions plaques, etc</li>
<li>Lila: accions per fomentar la coeducació</li>
</ul>
<p>L&#8217;AFA està permanentment projectant i executant projectes i fent inversions en la nostra escola.</p>
<h2>Cóm puc formar-ne part?</h2>
<p>Envia&#8217;ns un mail a <a href="mailto:afa@rivorubeo.cat">afa@rivorubeo.cat </a>explicant a quina comissió vols participar o cóm t&#8217;agradaria ajudar i estarem encantats de que t&#8217;uneixis!.</p>
<p>&nbsp;</p>
<p>&nbsp;</p>

<p>Qui som a l&#8217;AFA del RIVO RUBEO?<br />
Us donem aquesta informació perquè sapigueu que existim, fem feina i us esperem.<br />
Som part integrant de la comunitat educativa: la implicació directa de les famílies a l&#8217;escola garanteix una millora en la qualitat de l&#8217;educació dels nostres fills i&hellip;  <a href="https://agora.xtec.cat/ceiprivorubeo/afa/qui-som/" title="Read Qui som?">Llegeix més»</a></p>
