{"id":750,"date":"2022-05-27T10:04:58","date_gmt":"2022-05-27T08:04:58","guid":{"rendered":"https:\/\/agora.xtec.cat\/ceiprivorubeo\/?page_id=750"},"modified":"2022-06-10T10:29:34","modified_gmt":"2022-06-10T08:29:34","slug":"projecte-linguistic","status":"publish","type":"page","link":"https:\/\/agora.xtec.cat\/ceiprivorubeo\/projecte-educatiu\/projecte-linguistic\/","title":{"rendered":"Projecte ling\u00fc\u00edstic"},"content":{"rendered":"<p>Aquest document parteix dels principis i estrat\u00e8gies que s\u2019enuncien al Projecte Educatiu del Centre aprovat el curs 2016-17, i pret\u00e9n concretar tot all\u00f2 referent al tractament de les<br \/>\nlleng\u00fces i el seu aprenentatge en el context del Centre. Aix\u00ed mateix, cal dir que queda emmarcat en \u201cEl model ling\u00fc\u00edstic del sistema educatiu de Catalunya; L\u2019aprenentatge i l\u2019\u00fas de les lleng\u00fces en un context educatiu multiling\u00fce i multicultural&#8221;<\/p>\n<p>El nostre Projecte Ling\u00fc\u00edstic t\u00e9 com a objectiu final que l\u2019alumnat desenvolupi les seg\u00fcents compet\u00e8ncies:<\/p>\n<ol>\n<li>Interactuar oralment d\u2019acord amb la situaci\u00f3 comunicativa utilitzant estrat\u00e8gies conversacionals verbals i no verbals.<\/li>\n<li>Aplicar estrat\u00e8gies de comprensi\u00f3 per obtenir informaci\u00f3, interpretar i valorar el contingut de textos orals i escrits.<\/li>\n<li>Aplicar estrat\u00e8gies de cerca i gesti\u00f3 de la informaci\u00f3 per adquirir coneixement propi considerant diversitat de fonts i entorns tant bibliogr\u00e0fics com digitals.<\/li>\n<li>Produir textos escrits analitzant i responent a conductes discursives diverses, i fent \u00fas de recursos narratius i literaris adequats, amb la finalitat d\u2019establir una comunicaci\u00f3 escrita efica\u00e7 tant en suports convencionals, com en entorns virtuals i publicacions digitals.<\/li>\n<li>Con\u00e8ixer i valorar la diversitat ling\u00fc\u00edstica i cultural de Catalunya, l\u2019Estat espanyol, d\u2019Europa i del M\u00f3n per desenvolupar i utilitzar estrat\u00e8gies pluriling\u00fces per a la comunicaci\u00f3.<\/li>\n<\/ol>\n<p>Podeu consultar aqu\u00ed tot el document del <a href=\"https:\/\/agora.xtec.cat\/ceiprivorubeo\/wp-content\/uploads\/usu2655\/2022\/06\/P.Linguistic.pdf\">projecte ling\u00fc\u00edstic<\/a>.<\/p>\n","protected":false},"excerpt":{"rendered":"<p>Aquest document parteix dels principis i estrat\u00e8gies que s\u2019enuncien al Projecte Educatiu del Centre aprovat el curs 2016-17, i pret\u00e9n concretar tot all\u00f2 referent al tractament de les<br \/>\nlleng\u00fces i el seu aprenentatge en el context del Centre. Aix\u00ed mateix, cal dir que queda emmarcat en&hellip;  <a href=\"https:\/\/agora.xtec.cat\/ceiprivorubeo\/projecte-educatiu\/projecte-linguistic\/\" title=\"Read Projecte ling\u00fc\u00edstic\">Llegeix m\u00e9s\u00bb<\/a><\/p>\n","protected":false},"author":1,"featured_media":0,"parent":64,"menu_order":6,"comment_status":"closed","ping_status":"closed","template":"page-templates\/side-menu.php","meta":{"_bbp_topic_count":0,"_bbp_reply_count":0,"_bbp_total_topic_count":0,"_bbp_total_reply_count":0,"_bbp_voice_count":0,"_bbp_anonymous_reply_count":0,"_bbp_topic_count_hidden":0,"_bbp_reply_count_hidden":0,"_bbp_forum_subforum_count":0,"footnotes":""},"class_list":["post-750","page","type-page","status-publish","hentry"],"post_mailing_queue_ids":[],"_links":{"self":[{"href":"https:\/\/agora.xtec.cat\/ceiprivorubeo\/wp-json\/wp\/v2\/pages\/750","targetHints":{"allow":["GET"]}}],"collection":[{"href":"https:\/\/agora.xtec.cat\/ceiprivorubeo\/wp-json\/wp\/v2\/pages"}],"about":[{"href":"https:\/\/agora.xtec.cat\/ceiprivorubeo\/wp-json\/wp\/v2\/types\/page"}],"author":[{"embeddable":true,"href":"https:\/\/agora.xtec.cat\/ceiprivorubeo\/wp-json\/wp\/v2\/users\/1"}],"replies":[{"embeddable":true,"href":"https:\/\/agora.xtec.cat\/ceiprivorubeo\/wp-json\/wp\/v2\/comments?post=750"}],"version-history":[{"count":3,"href":"https:\/\/agora.xtec.cat\/ceiprivorubeo\/wp-json\/wp\/v2\/pages\/750\/revisions"}],"predecessor-version":[{"id":910,"href":"https:\/\/agora.xtec.cat\/ceiprivorubeo\/wp-json\/wp\/v2\/pages\/750\/revisions\/910"}],"up":[{"embeddable":true,"href":"https:\/\/agora.xtec.cat\/ceiprivorubeo\/wp-json\/wp\/v2\/pages\/64"}],"wp:attachment":[{"href":"https:\/\/agora.xtec.cat\/ceiprivorubeo\/wp-json\/wp\/v2\/media?parent=750"}],"curies":[{"name":"wp","href":"https:\/\/api.w.org\/{rel}","templated":true}]}}

Projecte lingüístic

<p>Aquest document parteix dels principis i estratègies que s’enuncien al Projecte Educatiu del Centre aprovat el curs 2016-17, i pretén concretar tot allò referent al tractament de les<br />
llengües i el seu aprenentatge en el context del Centre. Així mateix, cal dir que queda emmarcat en “El model lingüístic del sistema educatiu de Catalunya; L’aprenentatge i l’ús de les llengües en un context educatiu multilingüe i multicultural&#8221;</p>
<p>El nostre Projecte Lingüístic té com a objectiu final que l’alumnat desenvolupi les següents competències:</p>
<ol>
<li>Interactuar oralment d’acord amb la situació comunicativa utilitzant estratègies conversacionals verbals i no verbals.</li>
<li>Aplicar estratègies de comprensió per obtenir informació, interpretar i valorar el contingut de textos orals i escrits.</li>
<li>Aplicar estratègies de cerca i gestió de la informació per adquirir coneixement propi considerant diversitat de fonts i entorns tant bibliogràfics com digitals.</li>
<li>Produir textos escrits analitzant i responent a conductes discursives diverses, i fent ús de recursos narratius i literaris adequats, amb la finalitat d’establir una comunicació escrita eficaç tant en suports convencionals, com en entorns virtuals i publicacions digitals.</li>
<li>Conèixer i valorar la diversitat lingüística i cultural de Catalunya, l’Estat espanyol, d’Europa i del Món per desenvolupar i utilitzar estratègies plurilingües per a la comunicació.</li>
</ol>
<p>Podeu consultar aquí tot el document del <a href="https://agora.xtec.cat/ceiprivorubeo/wp-content/uploads/usu2655/2022/06/P.Linguistic.pdf">projecte lingüístic</a>.</p>

<p>Aquest document parteix dels principis i estratègies que s’enuncien al Projecte Educatiu del Centre aprovat el curs 2016-17, i pretén concretar tot allò referent al tractament de les<br />
llengües i el seu aprenentatge en el context del Centre. Així mateix, cal dir que queda emmarcat en&hellip;  <a href="https://agora.xtec.cat/ceiprivorubeo/projecte-educatiu/projecte-linguistic/" title="Read Projecte lingüístic">Llegeix més»</a></p>
