{"id":748,"date":"2022-05-27T10:03:46","date_gmt":"2022-05-27T08:03:46","guid":{"rendered":"https:\/\/agora.xtec.cat\/ceiprivorubeo\/?page_id=748"},"modified":"2024-02-01T10:30:50","modified_gmt":"2024-02-01T09:30:50","slug":"projecte-de-direccio","status":"publish","type":"page","link":"https:\/\/agora.xtec.cat\/ceiprivorubeo\/projecte-educatiu\/projecte-de-direccio\/","title":{"rendered":"Projecte de direcci\u00f3"},"content":{"rendered":"<p><span style=\"text-decoration: underline;\"><strong>VALORS PROPIS DEL PdD<\/strong><\/span><\/p>\n<p>Aquest projecte de direcci\u00f3 comparteix tots els valors recollits en el Projecte Educatiu de Centre (PEC). En aquest punt, voldria descriure alguns dels valors propis d\u2019aquest PdD, que tenen com a prop\u00f2sit contribuir a una societat m\u00e9s justa, equitativa i igualit\u00e0ria.<\/p>\n<p><strong>\u2014 El tractament de g\u00e8nere des d\u2019una perspectiva feminista: <\/strong>Treballem la coeducaci\u00f3 concebuda com quelcom que va m\u00e9s enll\u00e0 de la simple conviv\u00e8ncia d\u2019alumnes de qualsevol g\u00e8nere afegint un component educatiu basat en la igualtat d\u2019oportunitats i en la superaci\u00f3 de rols discriminatoris per ra\u00f3 de sexe, orientaci\u00f3 sexual, identitat de g\u00e8nere o expressi\u00f3 de g\u00e8nere.<\/p>\n<p><strong>\u2014<\/strong><span style=\"font-weight: normal !msorm;\"><strong> Escola inclusiva<\/strong><\/span><strong>: <\/strong>Reconeixent la diversitat com un fet <b>universal<\/b> i el sistema inclusiu com l\u2019\u00fanica mirar possible per donar resposta a tot l\u2019alumnat. <b>\u00a0<\/b>Personalitzant l\u2019aprenentatge perqu\u00e8 l\u2019alumnat pugui desenvolupar al m\u00e0xim les seves potencialitats. Garantint l\u2019equitat i la igualtat d\u2019oportunitats com a dret de tot l\u2019alumnat a rebre una educaci\u00f3 integral i amb expectatives d\u2019\u00e8xit. Construint un projecte com\u00fa a partir de la comunicaci\u00f3, el di\u00e0leg i el respecte.<\/p>\n<p><strong>\u2014 Comprom\u00eds amb l\u2019Educaci\u00f3 Ambiental: <\/strong>Vetllant per la cura i estima de l\u2019entorn m\u00e9s proper. Duent a terme accions recollides en el nostre dia a dia, incorporant els valors de l\u2019educaci\u00f3 per a la sostenibilitat i consolidant una cultura de centre verd. Apostant per l\u2019env\u00e0s reutilitzable en el dia a dia i en les celebracions especials.<\/p>\n<p><strong>\u2014 <\/strong><span style=\"font-weight: normal !msorm;\"><strong>L\u2019alumnat en el<\/strong><\/span><span style=\"font-weight: normal !msorm;\"><strong> centre de l\u2019aprenentatge<\/strong><\/span>:\u00a0 Donant-li veu, i la possibilitat d\u2019escollir, proposar i actuar sobre el seu propi aprenentatge. Estimulant la seva implicaci\u00f3, la seva participaci\u00f3 activa i el seu comprom\u00eds actiu.<\/p>\n<p><strong>\u2014 Cohesi\u00f3 de la comunitat educativa: <\/strong>respectant la diversitat de pensaments o maneres de fer. Creant espais per donar lloc a la reflexi\u00f3 i a la presa de consci\u00e8ncia dels mateixos actes tant de l\u2019alumnat com del professorat. Acompanyant en la gesti\u00f3 de les emocions.<\/p>\n<p>Podeu accedir a tot el document en aquest enlla\u00e7: <a href=\"https:\/\/agora.xtec.cat\/ceiprivorubeo\/wp-content\/uploads\/usu2655\/2024\/02\/Projecte-de-Direccio-Escola-Rivo-Rubeo-1.pdf\">Projecte de Direcci\u00f3 Escola Rivo Rubeo<\/a><\/p>\n<p>&nbsp;<\/p>\n","protected":false},"excerpt":{"rendered":"<p>VALORS PROPIS DEL PdD<br \/>\nAquest projecte de direcci\u00f3 comparteix tots els valors recollits en el Projecte Educatiu de Centre (PEC). En aquest punt, voldria descriure alguns dels valors propis d\u2019aquest PdD, que tenen com a prop\u00f2sit contribuir a una societat m\u00e9s justa, equitativa i igualit\u00e0ria.<br \/>\n\u2014 El&hellip;  <a href=\"https:\/\/agora.xtec.cat\/ceiprivorubeo\/projecte-educatiu\/projecte-de-direccio\/\" title=\"Read Projecte de direcci\u00f3\">Llegeix m\u00e9s\u00bb<\/a><\/p>\n","protected":false},"author":1,"featured_media":0,"parent":64,"menu_order":4,"comment_status":"closed","ping_status":"closed","template":"page-templates\/side-menu.php","meta":{"_bbp_topic_count":0,"_bbp_reply_count":0,"_bbp_total_topic_count":0,"_bbp_total_reply_count":0,"_bbp_voice_count":0,"_bbp_anonymous_reply_count":0,"_bbp_topic_count_hidden":0,"_bbp_reply_count_hidden":0,"_bbp_forum_subforum_count":0,"footnotes":""},"class_list":["post-748","page","type-page","status-publish","hentry"],"post_mailing_queue_ids":[],"_links":{"self":[{"href":"https:\/\/agora.xtec.cat\/ceiprivorubeo\/wp-json\/wp\/v2\/pages\/748","targetHints":{"allow":["GET"]}}],"collection":[{"href":"https:\/\/agora.xtec.cat\/ceiprivorubeo\/wp-json\/wp\/v2\/pages"}],"about":[{"href":"https:\/\/agora.xtec.cat\/ceiprivorubeo\/wp-json\/wp\/v2\/types\/page"}],"author":[{"embeddable":true,"href":"https:\/\/agora.xtec.cat\/ceiprivorubeo\/wp-json\/wp\/v2\/users\/1"}],"replies":[{"embeddable":true,"href":"https:\/\/agora.xtec.cat\/ceiprivorubeo\/wp-json\/wp\/v2\/comments?post=748"}],"version-history":[{"count":6,"href":"https:\/\/agora.xtec.cat\/ceiprivorubeo\/wp-json\/wp\/v2\/pages\/748\/revisions"}],"predecessor-version":[{"id":3778,"href":"https:\/\/agora.xtec.cat\/ceiprivorubeo\/wp-json\/wp\/v2\/pages\/748\/revisions\/3778"}],"up":[{"embeddable":true,"href":"https:\/\/agora.xtec.cat\/ceiprivorubeo\/wp-json\/wp\/v2\/pages\/64"}],"wp:attachment":[{"href":"https:\/\/agora.xtec.cat\/ceiprivorubeo\/wp-json\/wp\/v2\/media?parent=748"}],"curies":[{"name":"wp","href":"https:\/\/api.w.org\/{rel}","templated":true}]}}

Projecte de direcció

<p><span style="text-decoration: underline;"><strong>VALORS PROPIS DEL PdD</strong></span></p>
<p>Aquest projecte de direcció comparteix tots els valors recollits en el Projecte Educatiu de Centre (PEC). En aquest punt, voldria descriure alguns dels valors propis d’aquest PdD, que tenen com a propòsit contribuir a una societat més justa, equitativa i igualitària.</p>
<p><strong>— El tractament de gènere des d’una perspectiva feminista: </strong>Treballem la coeducació concebuda com quelcom que va més enllà de la simple convivència d’alumnes de qualsevol gènere afegint un component educatiu basat en la igualtat d’oportunitats i en la superació de rols discriminatoris per raó de sexe, orientació sexual, identitat de gènere o expressió de gènere.</p>
<p><strong>—</strong><span style="font-weight: normal !msorm;"><strong> Escola inclusiva</strong></span><strong>: </strong>Reconeixent la diversitat com un fet <b>universal</b> i el sistema inclusiu com l’única mirar possible per donar resposta a tot l’alumnat. <b> </b>Personalitzant l’aprenentatge perquè l’alumnat pugui desenvolupar al màxim les seves potencialitats. Garantint l’equitat i la igualtat d’oportunitats com a dret de tot l’alumnat a rebre una educació integral i amb expectatives d’èxit. Construint un projecte comú a partir de la comunicació, el diàleg i el respecte.</p>
<p><strong>— Compromís amb l’Educació Ambiental: </strong>Vetllant per la cura i estima de l’entorn més proper. Duent a terme accions recollides en el nostre dia a dia, incorporant els valors de l’educació per a la sostenibilitat i consolidant una cultura de centre verd. Apostant per l’envàs reutilitzable en el dia a dia i en les celebracions especials.</p>
<p><strong>— </strong><span style="font-weight: normal !msorm;"><strong>L’alumnat en el</strong></span><span style="font-weight: normal !msorm;"><strong> centre de l’aprenentatge</strong></span>:  Donant-li veu, i la possibilitat d’escollir, proposar i actuar sobre el seu propi aprenentatge. Estimulant la seva implicació, la seva participació activa i el seu compromís actiu.</p>
<p><strong>— Cohesió de la comunitat educativa: </strong>respectant la diversitat de pensaments o maneres de fer. Creant espais per donar lloc a la reflexió i a la presa de consciència dels mateixos actes tant de l’alumnat com del professorat. Acompanyant en la gestió de les emocions.</p>
<p>Podeu accedir a tot el document en aquest enllaç: <a href="https://agora.xtec.cat/ceiprivorubeo/wp-content/uploads/usu2655/2024/02/Projecte-de-Direccio-Escola-Rivo-Rubeo-1.pdf">Projecte de Direcció Escola Rivo Rubeo</a></p>
<p>&nbsp;</p>

<p>VALORS PROPIS DEL PdD<br />
Aquest projecte de direcció comparteix tots els valors recollits en el Projecte Educatiu de Centre (PEC). En aquest punt, voldria descriure alguns dels valors propis d’aquest PdD, que tenen com a propòsit contribuir a una societat més justa, equitativa i igualitària.<br />
— El&hellip;  <a href="https://agora.xtec.cat/ceiprivorubeo/projecte-educatiu/projecte-de-direccio/" title="Read Projecte de direcció">Llegeix més»</a></p>
