{"id":73,"date":"2014-09-18T14:01:51","date_gmt":"2014-09-18T13:01:51","guid":{"rendered":"http:\/\/agora.xtec.cat\/ceiprivorubeo\/?page_id=73"},"modified":"2025-09-07T09:59:12","modified_gmt":"2025-09-07T07:59:12","slug":"qui-som","status":"publish","type":"page","link":"https:\/\/agora.xtec.cat\/ceiprivorubeo\/afa\/menjador-escolar\/qui-som\/","title":{"rendered":"Qui som?"},"content":{"rendered":"<p>&nbsp;<\/p>\n<p style=\"text-align: center;\"><a href=\"https:\/\/agora.xtec.cat\/ceiprivorubeo\/wp-content\/uploads\/usu2655\/2023\/06\/WhatsApp-Image-2023-06-14-at-11.27.33.jpeg\"><img loading=\"lazy\" decoding=\"async\" class=\"alignnone wp-image-2902\" src=\"https:\/\/agora.xtec.cat\/ceiprivorubeo\/wp-content\/uploads\/usu2655\/2023\/06\/WhatsApp-Image-2023-06-14-at-11.27.33-1024x223.jpeg\" alt=\"\" width=\"505\" height=\"110\" srcset=\"https:\/\/agora.xtec.cat\/ceiprivorubeo\/wp-content\/uploads\/usu2655\/2023\/06\/WhatsApp-Image-2023-06-14-at-11.27.33-1024x223.jpeg 1024w, https:\/\/agora.xtec.cat\/ceiprivorubeo\/wp-content\/uploads\/usu2655\/2023\/06\/WhatsApp-Image-2023-06-14-at-11.27.33-300x65.jpeg 300w, https:\/\/agora.xtec.cat\/ceiprivorubeo\/wp-content\/uploads\/usu2655\/2023\/06\/WhatsApp-Image-2023-06-14-at-11.27.33-768x168.jpeg 768w, https:\/\/agora.xtec.cat\/ceiprivorubeo\/wp-content\/uploads\/usu2655\/2023\/06\/WhatsApp-Image-2023-06-14-at-11.27.33-1536x335.jpeg 1536w, https:\/\/agora.xtec.cat\/ceiprivorubeo\/wp-content\/uploads\/usu2655\/2023\/06\/WhatsApp-Image-2023-06-14-at-11.27.33.jpeg 1600w\" sizes=\"auto, (max-width: 505px) 100vw, 505px\" \/><\/a><\/p>\n<p>&nbsp;<\/p>\n<p>La vida a l\u2019escola facilita un desenvolupament integral i globalitzat dels infants. Un pilar b\u00e0sic per assolir aquest objectiu \u00e9s l\u2019alimentaci\u00f3 dels infants, i l\u2019alimentaci\u00f3 va m\u00e9s enll\u00e0 de l\u2019acte d\u2019ingerir aliments. L\u2019hora de dinar \u00e9s un moment on interactuen aspectes socials i culturals que es conjuguen amb el coneixement d\u2019un mateix i el propi plaer.<\/p>\n<p>La missi\u00f3 principal de\u00a0<strong>VaDeLleure<\/strong> \u00e9s que els infants gaudeixin de l\u2019estona del menjdador i del temps de lleure.<\/p>\n<p>Entenem el temps de migdia com a espai idoni per treballar tot un seguit d\u2019actituds i h\u00e0bits relacionats amb la higiene, l\u2019alimentaci\u00f3, la sostenibilitat, el consum responsable, l\u2019ordre i la conviv\u00e8ncia. A m\u00e9s durant tota aquesta estona hi trobem una part de temps de lleure que afavoreix la interrelaci\u00f3 entre els nens\/es. \u00c9s per aix\u00f2 que el nostre projecte de menjador inclou uns objectius relacionats tant amb l\u2019educaci\u00f3 dels h\u00e0bits com amb l\u2019educaci\u00f3 del temps de lleure.<\/p>\n<p>En el temps de lleure de l\u2019espai de migdia realitzem un munt d\u2019activitats. Durant la setmana tenim dos dies de joc lliure, un dia de taller, un dia de joc dirigit i un dia de joc amb pilota.\u00a0 Tamb\u00e9 realitzem esdeveniments especials en dates puntuals com pot ser: El dinar de nadal, Carnestoltes, la festa de l\u2019estiu i molts m\u00e9s.<\/p>\n<p><strong>VaDeLleure<\/strong>\u00a0aposta per una alimentaci\u00f3 de temporada, ecol\u00f2gica i de proximitat. Treballem per que els nens i nenes coneguin nous aliments que els afavoreixen a tenir una alimentaci\u00f3 equilibrada. Tamb\u00e9, seguint amb la normativa de la Generalitat estem introduint la prote\u00efna vegetal i disminuint el sucre en els l\u00e0ctics.<\/p>\n<p>Un cop al mes servim peix fresc de proximitat que ens serveixen directament de la llotja.<\/p>\n<p>Troba tots els men\u00fas <a href=\"https:\/\/drive.google.com\/drive\/folders\/16qha11wGEUJZV0UgZMAHfNLTJvtF5jfn?usp=drive_link\">aqui<\/a><\/p>\n<h2>Preu del menjador i condicions:<\/h2>\n<p>La inscripci\u00f3 al servei del menjador es fa de manera telem\u00e0tica. Podeu accedir a l\u2019inscripci\u00f3 fent clic aqu\u00ed (<strong><a href=\"http:\/\/www.vadelleure.cat\/inscripcions\" target=\"_blank\" rel=\"noopener\">www.vadelleure.cat\/inscripcions<\/a><\/strong>) i seguiu les instruccions.<\/p>\n<h3>Alumnes fixes.<\/h3>\n<p>Considerem alumne fix a tot aquell que fa \u00fas del menjador 1, 2, 3, 4 o 5 dies a la setmana durant un per\u00edode d\u2019un mes de forma fixe. Ex: s\u00f3c fix dels dilluns.<\/p>\n<p>El preu del men\u00fa pels alumnes <strong>fixos \u00e9s de 7,54\u20ac.<\/strong><\/p>\n<p>Descompte del 5% pel segon germ\u00e0 d&#8217;un 10% a partir del tercer.<\/p>\n<p><strong>Retorn de 3,02\u20ac<\/strong> en cas d&#8217;abs\u00e8ncia avisant abans de les 9:30h del mat\u00ed mitjan\u00e7ant algun dels procediments disponibles: .<\/p>\n<p>Presencialment de 9:00h a 9:30h a la coordinadora de l&#8217;escola o per correu electr\u00f2nic:\u00a0<span id=\"cloakd4afb774a57c0b98f94ce8823110c719\"><a href=\"mailto:menjadorrivorubeo@gmail.com\">menjadorrivorubeo@gmail.com<\/a><\/span><\/p>\n<p>En el cas de les excursions i col\u00f2nies es descomptar\u00e0\u00a0 el preu del men\u00fa total.<\/p>\n<h3>Alumnes espor\u00e0dics.<\/h3>\n<p>El preu dels tiquets pels alumnes<strong> espor\u00e0dics \u00e9s de 8,29\u20ac<\/strong><\/p>\n<p>Els usuaris espor\u00e0dics podr\u00e1n comprar i validar els tiquets de menjador a trav\u00e9s de l&#8217;APP TPV Escola.<\/p>\n<p>&nbsp;<\/p>\n<h3>Equip d&#8217;educadors\/es.<\/h3>\n<p>Aqu\u00ed\u00a0podeu trobar l&#8217;equip d&#8217;educadors\/es que acompanyen als vostres fills\/es durant el temps de migdia. <a href=\"https:\/\/www.canva.com\/design\/DAGQop_8D-E\/q79sggcPsjBeAl4NDXqGcw\/view?utm_content=DAGQop_8D-E&amp;utm_campaign=designshare&amp;utm_medium=link2&amp;utm_source=uniquelinks&amp;utlId=hfe7010b7f4\">Clica\u00a0aqu\u00ed!<\/a><\/p>\n<h3>Normativa<\/h3>\n<p>Podeu consultar la normativa del servei al seg\u00fcent <a href=\"https:\/\/www.canva.com\/design\/DAGpekmg_U4\/0ByO-LebA98yIbX7r-rnGA\/view?utm_content=DAGpekmg_U4&amp;utm_campaign=designshare&amp;utm_medium=link2&amp;utm_source=uniquelinks&amp;utlId=he1ab8f2b52\">enlla\u00e7<\/a>.<\/p>\n","protected":false},"excerpt":{"rendered":"<p>&nbsp;<br \/>\n<a href=\"https:\/\/agora.xtec.cat\/ceiprivorubeo\/wp-content\/uploads\/usu2655\/2023\/06\/WhatsApp-Image-2023-06-14-at-11.27.33.jpeg\"><\/a><br \/>\n&nbsp;<br \/>\nLa vida a l\u2019escola facilita un desenvolupament integral i globalitzat dels infants. Un pilar b\u00e0sic per assolir aquest objectiu \u00e9s l\u2019alimentaci\u00f3 dels infants, i l\u2019alimentaci\u00f3 va m\u00e9s enll\u00e0 de l\u2019acte d\u2019ingerir aliments. L\u2019hora de dinar \u00e9s un moment on interactuen aspectes socials i culturals&hellip;  <a href=\"https:\/\/agora.xtec.cat\/ceiprivorubeo\/afa\/menjador-escolar\/qui-som\/\" title=\"Read Qui som?\">Llegeix m\u00e9s\u00bb<\/a><\/p>\n","protected":false},"author":1,"featured_media":0,"parent":841,"menu_order":0,"comment_status":"closed","ping_status":"closed","template":"page-templates\/side-menu.php","meta":{"_bbp_topic_count":0,"_bbp_reply_count":0,"_bbp_total_topic_count":0,"_bbp_total_reply_count":0,"_bbp_voice_count":0,"_bbp_anonymous_reply_count":0,"_bbp_topic_count_hidden":0,"_bbp_reply_count_hidden":0,"_bbp_forum_subforum_count":0,"footnotes":""},"class_list":["post-73","page","type-page","status-publish","hentry"],"post_mailing_queue_ids":[],"_links":{"self":[{"href":"https:\/\/agora.xtec.cat\/ceiprivorubeo\/wp-json\/wp\/v2\/pages\/73","targetHints":{"allow":["GET"]}}],"collection":[{"href":"https:\/\/agora.xtec.cat\/ceiprivorubeo\/wp-json\/wp\/v2\/pages"}],"about":[{"href":"https:\/\/agora.xtec.cat\/ceiprivorubeo\/wp-json\/wp\/v2\/types\/page"}],"author":[{"embeddable":true,"href":"https:\/\/agora.xtec.cat\/ceiprivorubeo\/wp-json\/wp\/v2\/users\/1"}],"replies":[{"embeddable":true,"href":"https:\/\/agora.xtec.cat\/ceiprivorubeo\/wp-json\/wp\/v2\/comments?post=73"}],"version-history":[{"count":7,"href":"https:\/\/agora.xtec.cat\/ceiprivorubeo\/wp-json\/wp\/v2\/pages\/73\/revisions"}],"predecessor-version":[{"id":4868,"href":"https:\/\/agora.xtec.cat\/ceiprivorubeo\/wp-json\/wp\/v2\/pages\/73\/revisions\/4868"}],"up":[{"embeddable":true,"href":"https:\/\/agora.xtec.cat\/ceiprivorubeo\/wp-json\/wp\/v2\/pages\/841"}],"wp:attachment":[{"href":"https:\/\/agora.xtec.cat\/ceiprivorubeo\/wp-json\/wp\/v2\/media?parent=73"}],"curies":[{"name":"wp","href":"https:\/\/api.w.org\/{rel}","templated":true}]}}

<p>&nbsp;</p>
<p style="text-align: center;"><a href="https://agora.xtec.cat/ceiprivorubeo/wp-content/uploads/usu2655/2023/06/WhatsApp-Image-2023-06-14-at-11.27.33.jpeg"><img loading="lazy" decoding="async" class="alignnone wp-image-2902" src="https://agora.xtec.cat/ceiprivorubeo/wp-content/uploads/usu2655/2023/06/WhatsApp-Image-2023-06-14-at-11.27.33-1024x223.jpeg" alt="" width="505" height="110" srcset="https://agora.xtec.cat/ceiprivorubeo/wp-content/uploads/usu2655/2023/06/WhatsApp-Image-2023-06-14-at-11.27.33-1024x223.jpeg 1024w, https://agora.xtec.cat/ceiprivorubeo/wp-content/uploads/usu2655/2023/06/WhatsApp-Image-2023-06-14-at-11.27.33-300x65.jpeg 300w, https://agora.xtec.cat/ceiprivorubeo/wp-content/uploads/usu2655/2023/06/WhatsApp-Image-2023-06-14-at-11.27.33-768x168.jpeg 768w, https://agora.xtec.cat/ceiprivorubeo/wp-content/uploads/usu2655/2023/06/WhatsApp-Image-2023-06-14-at-11.27.33-1536x335.jpeg 1536w, https://agora.xtec.cat/ceiprivorubeo/wp-content/uploads/usu2655/2023/06/WhatsApp-Image-2023-06-14-at-11.27.33.jpeg 1600w" sizes="auto, (max-width: 505px) 100vw, 505px" /></a></p>
<p>&nbsp;</p>
<p>La vida a l’escola facilita un desenvolupament integral i globalitzat dels infants. Un pilar bàsic per assolir aquest objectiu és l’alimentació dels infants, i l’alimentació va més enllà de l’acte d’ingerir aliments. L’hora de dinar és un moment on interactuen aspectes socials i culturals que es conjuguen amb el coneixement d’un mateix i el propi plaer.</p>
<p>La missió principal de <strong>VaDeLleure</strong> és que els infants gaudeixin de l’estona del menjdador i del temps de lleure.</p>
<p>Entenem el temps de migdia com a espai idoni per treballar tot un seguit d’actituds i hàbits relacionats amb la higiene, l’alimentació, la sostenibilitat, el consum responsable, l’ordre i la convivència. A més durant tota aquesta estona hi trobem una part de temps de lleure que afavoreix la interrelació entre els nens/es. És per això que el nostre projecte de menjador inclou uns objectius relacionats tant amb l’educació dels hàbits com amb l’educació del temps de lleure.</p>
<p>En el temps de lleure de l’espai de migdia realitzem un munt d’activitats. Durant la setmana tenim dos dies de joc lliure, un dia de taller, un dia de joc dirigit i un dia de joc amb pilota.  També realitzem esdeveniments especials en dates puntuals com pot ser: El dinar de nadal, Carnestoltes, la festa de l’estiu i molts més.</p>
<p><strong>VaDeLleure</strong> aposta per una alimentació de temporada, ecològica i de proximitat. Treballem per que els nens i nenes coneguin nous aliments que els afavoreixen a tenir una alimentació equilibrada. També, seguint amb la normativa de la Generalitat estem introduint la proteïna vegetal i disminuint el sucre en els làctics.</p>
<p>Un cop al mes servim peix fresc de proximitat que ens serveixen directament de la llotja.</p>
<p>Troba tots els menús <a href="https://drive.google.com/drive/folders/16qha11wGEUJZV0UgZMAHfNLTJvtF5jfn?usp=drive_link">aqui</a></p>
<h2>Preu del menjador i condicions:</h2>
<p>La inscripció al servei del menjador es fa de manera telemàtica. Podeu accedir a l’inscripció fent clic aquí (<strong><a href="http://www.vadelleure.cat/inscripcions" target="_blank" rel="noopener">www.vadelleure.cat/inscripcions</a></strong>) i seguiu les instruccions.</p>
<h3>Alumnes fixes.</h3>
<p>Considerem alumne fix a tot aquell que fa ús del menjador 1, 2, 3, 4 o 5 dies a la setmana durant un període d’un mes de forma fixe. Ex: sóc fix dels dilluns.</p>
<p>El preu del menú pels alumnes <strong>fixos és de 7,54€.</strong></p>
<p>Descompte del 5% pel segon germà d&#8217;un 10% a partir del tercer.</p>
<p><strong>Retorn de 3,02€</strong> en cas d&#8217;absència avisant abans de les 9:30h del matí mitjançant algun dels procediments disponibles: .</p>
<p>Presencialment de 9:00h a 9:30h a la coordinadora de l&#8217;escola o per correu electrònic: <span id="cloakd4afb774a57c0b98f94ce8823110c719"><a href="mailto:menjadorrivorubeo@gmail.com">menjadorrivorubeo@gmail.com</a></span></p>
<p>En el cas de les excursions i colònies es descomptarà  el preu del menú total.</p>
<h3>Alumnes esporàdics.</h3>
<p>El preu dels tiquets pels alumnes<strong> esporàdics és de 8,29€</strong></p>
<p>Els usuaris esporàdics podrán comprar i validar els tiquets de menjador a través de l&#8217;APP TPV Escola.</p>
<p>&nbsp;</p>
<h3>Equip d&#8217;educadors/es.</h3>
<p>Aquí podeu trobar l&#8217;equip d&#8217;educadors/es que acompanyen als vostres fills/es durant el temps de migdia. <a href="https://www.canva.com/design/DAGQop_8D-E/q79sggcPsjBeAl4NDXqGcw/view?utm_content=DAGQop_8D-E&amp;utm_campaign=designshare&amp;utm_medium=link2&amp;utm_source=uniquelinks&amp;utlId=hfe7010b7f4">Clica aquí!</a></p>
<h3>Normativa</h3>
<p>Podeu consultar la normativa del servei al següent <a href="https://www.canva.com/design/DAGpekmg_U4/0ByO-LebA98yIbX7r-rnGA/view?utm_content=DAGpekmg_U4&amp;utm_campaign=designshare&amp;utm_medium=link2&amp;utm_source=uniquelinks&amp;utlId=he1ab8f2b52">enllaç</a>.</p>

<p>&nbsp;<br />
<a href="https://agora.xtec.cat/ceiprivorubeo/wp-content/uploads/usu2655/2023/06/WhatsApp-Image-2023-06-14-at-11.27.33.jpeg"></a><br />
&nbsp;<br />
La vida a l’escola facilita un desenvolupament integral i globalitzat dels infants. Un pilar bàsic per assolir aquest objectiu és l’alimentació dels infants, i l’alimentació va més enllà de l’acte d’ingerir aliments. L’hora de dinar és un moment on interactuen aspectes socials i culturals&hellip;  <a href="https://agora.xtec.cat/ceiprivorubeo/afa/menjador-escolar/qui-som/" title="Read Qui som?">Llegeix més»</a></p>
