{"id":64,"date":"2014-09-18T12:39:08","date_gmt":"2014-09-18T11:39:08","guid":{"rendered":"http:\/\/agora.xtec.cat\/ceiprivorubeo\/?page_id=64"},"modified":"2025-07-08T10:37:24","modified_gmt":"2025-07-08T08:37:24","slug":"projecte-educatiu","status":"publish","type":"page","link":"https:\/\/agora.xtec.cat\/ceiprivorubeo\/projecte-educatiu\/","title":{"rendered":"Aprendre a l&#8217;escola Rivo Rubeo"},"content":{"rendered":"<p style=\"text-align: center;\">\n<p>L&#8217;<strong>Escola Rivo Rubeo<\/strong> es caracteritza pels trets d&#8217;identitat que va definir la mateixa comunitat en l&#8217;elaboraci\u00f3 del seu projecte.<\/p>\n<ul>\n<li>Vetllem pel desenvolupament integral de l&#8217;alumnat i cerquem l&#8217;aprenentatge significatiu, sempre enfocant l&#8217;educaci\u00f3 des d&#8217;una perspectiva inclusiva.<\/li>\n<li>Ens sentim arrelats al nostre poble i creixem amb identitat pr\u00f2pia sempre tenint cura dels processos d&#8217;acollida.<\/li>\n<li>Tenim una forta consci\u00e8ncia d&#8217;escola verda.<\/li>\n<li>Vetllem per una comunicaci\u00f3 flu\u00efda que promogui la participaci\u00f3 de les fam\u00edlies en la cogesti\u00f3 educativa.<\/li>\n<li>Som un equip motivat i implicat i ens sentim compromesos amb la innovaci\u00f3 educativa i la creativitat.<\/li>\n<\/ul>\n<p><span style=\"text-decoration: underline;\"><strong>Aprenentatge vivencial.<\/strong><\/span> L&#8217;experimentaci\u00f3 activa els sentits i despertar la curiositat a nivell cognitiu. Es posen en xarxes els coneixements previs les hip\u00f2tesis i les noves conclusions que alimenten l&#8217;aprenentatge.<\/p>\n<p><span style=\"text-decoration: underline;\"><strong>Diversitat de metodologies i material did\u00e0ctic.<\/strong><\/span> Cada l&#8217;infant apr\u00e8n d&#8217;una manera diferent. La diversitat dels materials did\u00e0ctics i metodologies ens ajuden a personalitzar i atendre respectant les intel\u00b7lig\u00e8ncies m\u00faltiples.<\/p>\n<p><span style=\"text-decoration: underline;\"><strong>Tecnologia per a l&#8217;aprenentatge i el coneixement.<\/strong><\/span> Aprenem amb la tecnologia i tamb\u00e9 aprenem de tecnologia programaci\u00f3 rob\u00f2tica PDI, chromebooks, tauletes, port\u00e0tils&#8230;. Reflexionem en tot moment sobre les oportunitats i riscos de les eines i entorns virtuals.<\/p>\n<p><span style=\"text-decoration: underline;\"><strong>L&#8217;Hort.<\/strong><\/span> Tocar la terra veure cr\u00e9ixer les plantes, analitzar el petit ecosistema de l&#8217;hort, ser conscients del pas del temps, bullir, cuinar, menjar&#8230; l&#8217;Hort ens ofereix un entorn molt significatiu i motivador per con\u00e8ixer el medi natural.<\/p>\n<p><span style=\"text-decoration: underline;\"><strong>Biblioteca.<\/strong><\/span> El nostre fons bibliogr\u00e0fic compta amb milers de t\u00edtols, \u00e0lbums il\u00b7lustrats, literatura juvenil, subscripcions a revistes per a totes les edats i interessos, llibres i m\u00e9s llibres que ens fan gaudir de la lectura i ens permeten fer recerca per als nostres projectes.<\/p>\n<p><span style=\"text-decoration: underline;\"><strong>Educaci\u00f3 f\u00edsica al medi natural.<\/strong><\/span> Som padrins del bosc de Sant Gen\u00eds i en tenim cura tot gaudint de l&#8217;entorn natural. L&#8217;activitat f\u00edsica i la salut s\u00f3n valors fonamentals del nostre projecte.<\/p>\n<p><span style=\"text-decoration: underline;\"><strong>Autonomia.<\/strong><\/span> Els espais i les rutines que afavoreixen l&#8217;autonomia personal des dels 3 anys s\u00f3n els primers passos per anar creixent i assolint les compet\u00e8ncies d&#8217;autonomia i iniciativa personals i d&#8217;aprendre a aprendre.<\/p>\n<p><span style=\"text-decoration: underline;\"><strong>l&#8217;AFA de l&#8217;escola.<\/strong><\/span> Les fam\u00edlies de l&#8217;escola participem activament de la comunitat educativa. El bon dia, un menjador ecol\u00f2gic de gran qualitat, les extraescolars i els casals d&#8217;estiu s\u00f3n activitats que s&#8217;organitzen des de les fam\u00edlies. Treballem temes ambientals de g\u00e8nere, d&#8217;inf\u00e0ncia i solidaritat i tamb\u00e9 millorem espais escolars perqu\u00e8 siguin m\u00e9s educatius i acollidors. Donem especial import\u00e0ncia a la cohesi\u00f3 i a la comunicaci\u00f3 entre les fam\u00edlies creant, quan es pot, activitats d&#8217;oci familiars i celebracions. Per\u00f2 tamb\u00e9 dinamitzar la xarxa de delegades d&#8217;aula a casa que ens permet estar connectats d&#8217;una manera r\u00e0pida i eficient. Ens agradar\u00e0 que formeu part de la comunitat Rivo.<\/p>\n<p>&nbsp;<\/p>\n","protected":false},"excerpt":{"rendered":"<p>L&#8217;Escola Rivo Rubeo es caracteritza pels trets d&#8217;identitat que va definir la mateixa comunitat en l&#8217;elaboraci\u00f3 del seu projecte.<\/p>\n<ul>\n<li>Vetllem pel desenvolupament integral de l&#8217;alumnat i cerquem l&#8217;aprenentatge significatiu, sempre enfocant l&#8217;educaci\u00f3 des d&#8217;una perspectiva inclusiva.<\/li>\n<li>Ens sentim arrelats al nostre poble i creixem amb identitat pr\u00f2pia&hellip;  <a href=\"https:\/\/agora.xtec.cat\/ceiprivorubeo\/projecte-educatiu\/\" title=\"Read Aprendre a l&#8217;escola Rivo Rubeo\">Llegeix m\u00e9s\u00bb<\/a><br \/>\n","protected":false},"author":1,"featured_media":0,"parent":0,"menu_order":0,"comment_status":"closed","ping_status":"closed","template":"page-templates\/side-menu.php","meta":{"_bbp_topic_count":0,"_bbp_reply_count":0,"_bbp_total_topic_count":0,"_bbp_total_reply_count":0,"_bbp_voice_count":0,"_bbp_anonymous_reply_count":0,"_bbp_topic_count_hidden":0,"_bbp_reply_count_hidden":0,"_bbp_forum_subforum_count":0,"footnotes":""},"class_list":["post-64","page","type-page","status-publish","hentry"],"post_mailing_queue_ids":[],"_links":{"self":[{"href":"https:\/\/agora.xtec.cat\/ceiprivorubeo\/wp-json\/wp\/v2\/pages\/64","targetHints":{"allow":["GET"]}}],"collection":[{"href":"https:\/\/agora.xtec.cat\/ceiprivorubeo\/wp-json\/wp\/v2\/pages"}],"about":[{"href":"https:\/\/agora.xtec.cat\/ceiprivorubeo\/wp-json\/wp\/v2\/types\/page"}],"author":[{"embeddable":true,"href":"https:\/\/agora.xtec.cat\/ceiprivorubeo\/wp-json\/wp\/v2\/users\/1"}],"replies":[{"embeddable":true,"href":"https:\/\/agora.xtec.cat\/ceiprivorubeo\/wp-json\/wp\/v2\/comments?post=64"}],"version-history":[{"count":4,"href":"https:\/\/agora.xtec.cat\/ceiprivorubeo\/wp-json\/wp\/v2\/pages\/64\/revisions"}],"predecessor-version":[{"id":4845,"href":"https:\/\/agora.xtec.cat\/ceiprivorubeo\/wp-json\/wp\/v2\/pages\/64\/revisions\/4845"}],"wp:attachment":[{"href":"https:\/\/agora.xtec.cat\/ceiprivorubeo\/wp-json\/wp\/v2\/media?parent=64"}],"curies":[{"name":"wp","href":"https:\/\/api.w.org\/{rel}","templated":true}]}}

<p style="text-align: center;">
<p>L&#8217;<strong>Escola Rivo Rubeo</strong> es caracteritza pels trets d&#8217;identitat que va definir la mateixa comunitat en l&#8217;elaboració del seu projecte.</p>
<ul>
<li>Vetllem pel desenvolupament integral de l&#8217;alumnat i cerquem l&#8217;aprenentatge significatiu, sempre enfocant l&#8217;educació des d&#8217;una perspectiva inclusiva.</li>
<li>Ens sentim arrelats al nostre poble i creixem amb identitat pròpia sempre tenint cura dels processos d&#8217;acollida.</li>
<li>Tenim una forta consciència d&#8217;escola verda.</li>
<li>Vetllem per una comunicació fluïda que promogui la participació de les famílies en la cogestió educativa.</li>
<li>Som un equip motivat i implicat i ens sentim compromesos amb la innovació educativa i la creativitat.</li>
</ul>
<p><span style="text-decoration: underline;"><strong>Aprenentatge vivencial.</strong></span> L&#8217;experimentació activa els sentits i despertar la curiositat a nivell cognitiu. Es posen en xarxes els coneixements previs les hipòtesis i les noves conclusions que alimenten l&#8217;aprenentatge.</p>
<p><span style="text-decoration: underline;"><strong>Diversitat de metodologies i material didàctic.</strong></span> Cada l&#8217;infant aprèn d&#8217;una manera diferent. La diversitat dels materials didàctics i metodologies ens ajuden a personalitzar i atendre respectant les intel·ligències múltiples.</p>
<p><span style="text-decoration: underline;"><strong>Tecnologia per a l&#8217;aprenentatge i el coneixement.</strong></span> Aprenem amb la tecnologia i també aprenem de tecnologia programació robòtica PDI, chromebooks, tauletes, portàtils&#8230;. Reflexionem en tot moment sobre les oportunitats i riscos de les eines i entorns virtuals.</p>
<p><span style="text-decoration: underline;"><strong>L&#8217;Hort.</strong></span> Tocar la terra veure créixer les plantes, analitzar el petit ecosistema de l&#8217;hort, ser conscients del pas del temps, bullir, cuinar, menjar&#8230; l&#8217;Hort ens ofereix un entorn molt significatiu i motivador per conèixer el medi natural.</p>
<p><span style="text-decoration: underline;"><strong>Biblioteca.</strong></span> El nostre fons bibliogràfic compta amb milers de títols, àlbums il·lustrats, literatura juvenil, subscripcions a revistes per a totes les edats i interessos, llibres i més llibres que ens fan gaudir de la lectura i ens permeten fer recerca per als nostres projectes.</p>
<p><span style="text-decoration: underline;"><strong>Educació física al medi natural.</strong></span> Som padrins del bosc de Sant Genís i en tenim cura tot gaudint de l&#8217;entorn natural. L&#8217;activitat física i la salut són valors fonamentals del nostre projecte.</p>
<p><span style="text-decoration: underline;"><strong>Autonomia.</strong></span> Els espais i les rutines que afavoreixen l&#8217;autonomia personal des dels 3 anys són els primers passos per anar creixent i assolint les competències d&#8217;autonomia i iniciativa personals i d&#8217;aprendre a aprendre.</p>
<p><span style="text-decoration: underline;"><strong>l&#8217;AFA de l&#8217;escola.</strong></span> Les famílies de l&#8217;escola participem activament de la comunitat educativa. El bon dia, un menjador ecològic de gran qualitat, les extraescolars i els casals d&#8217;estiu són activitats que s&#8217;organitzen des de les famílies. Treballem temes ambientals de gènere, d&#8217;infància i solidaritat i també millorem espais escolars perquè siguin més educatius i acollidors. Donem especial importància a la cohesió i a la comunicació entre les famílies creant, quan es pot, activitats d&#8217;oci familiars i celebracions. Però també dinamitzar la xarxa de delegades d&#8217;aula a casa que ens permet estar connectats d&#8217;una manera ràpida i eficient. Ens agradarà que formeu part de la comunitat Rivo.</p>
<p>&nbsp;</p>

<p>L&#8217;Escola Rivo Rubeo es caracteritza pels trets d&#8217;identitat que va definir la mateixa comunitat en l&#8217;elaboració del seu projecte.</p>
<ul>
<li>Vetllem pel desenvolupament integral de l&#8217;alumnat i cerquem l&#8217;aprenentatge significatiu, sempre enfocant l&#8217;educació des d&#8217;una perspectiva inclusiva.</li>
<li>Ens sentim arrelats al nostre poble i creixem amb identitat pròpia&hellip;  <a href="https://agora.xtec.cat/ceiprivorubeo/projecte-educatiu/" title="Read Aprendre a l&#8217;escola Rivo Rubeo">Llegeix més»</a><br />
